173.252.127.36 - - [22/Jun/2025:08:22:15 -0400] "GET /wp-content/themes/rife-free/js/jquery.slides.min.js?ver=3.0.4 HTTP/1.1" 200 2962 "https://oakwoodeventsuganda.com/?fbclid=IwZXh0bgNhZW0CMTEAAR7SRHzxGmKZa2AxX1mRQG53zHsxNw3jkl7DOL-1pENxUdKFzHN2CSZanIuZfA_aem_i2RjssCxvq3kOxPwAB16Xw" "Mozilla/5.0 (Windows NT 10.0; Win64; x64) AppleWebKit/537.36 (KHTML, like Gecko) Chrome/137.0.0.0 Safari/537.36"
173.252.127.36 - - [22/Jun/2025:08:22:15 -0400] "GET /wp-content/themes/rife-free/js/jquery.mousewheel.min.js?ver=3.1.13 HTTP/1.1" 200 1245 "https://oakwoodeventsuganda.com/?fbclid=IwZXh0bgNhZW0CMTEAAR7SRHzxGmKZa2AxX1mRQG53zHsxNw3jkl7DOL-1pENxUdKFzHN2CSZanIuZfA_aem_i2RjssCxvq3kOxPwAB16Xw" "Mozilla/5.0 (Windows NT 10.0; Win64; x64) AppleWebKit/537.36 (KHTML, like Gecko) Chrome/137.0.0.0 Safari/537.36"
173.252.127.36 - - [22/Jun/2025:08:22:15 -0400] "GET /wp-content/themes/rife-free/js/typed.min.js?ver=1.1.4 HTTP/1.1" 200 1605 "https://oakwoodeventsuganda.com/?fbclid=IwZXh0bgNhZW0CMTEAAR7SRHzxGmKZa2AxX1mRQG53zHsxNw3jkl7DOL-1pENxUdKFzHN2CSZanIuZfA_aem_i2RjssCxvq3kOxPwAB16Xw" "Mozilla/5.0 (Windows NT 10.0; Win64; x64) AppleWebKit/537.36 (KHTML, like Gecko) Chrome/137.0.0.0 Safari/537.36"
173.252.127.36 - - [22/Jun/2025:08:22:15 -0400] "GET /wp-content/themes/rife-free/js/isotope.pkgd.min.js?ver=3.0.6 HTTP/1.1" 200 14899 "https://oakwoodeventsuganda.com/?fbclid=IwZXh0bgNhZW0CMTEAAR7SRHzxGmKZa2AxX1mRQG53zHsxNw3jkl7DOL-1pENxUdKFzHN2CSZanIuZfA_aem_i2RjssCxvq3kOxPwAB16Xw" "Mozilla/5.0 (Windows NT 10.0; Win64; x64) AppleWebKit/537.36 (KHTML, like Gecko) Chrome/137.0.0.0 Safari/537.36"
173.252.127.36 - - [22/Jun/2025:08:22:15 -0400] "GET /wp-content/themes/rife-free/js/light-gallery/js/lightgallery-all.min.js?ver=1.9.0 HTTP/1.1" 200 13595 "https://oakwoodeventsuganda.com/?fbclid=IwZXh0bgNhZW0CMTEAAR7SRHzxGmKZa2AxX1mRQG53zHsxNw3jkl7DOL-1pENxUdKFzHN2CSZanIuZfA_aem_i2RjssCxvq3kOxPwAB16Xw" "Mozilla/5.0 (Windows NT 10.0; Win64; x64) AppleWebKit/537.36 (KHTML, like Gecko) Chrome/137.0.0.0 Safari/537.36"
173.252.127.36 - - [22/Jun/2025:08:22:15 -0400] "GET /wp-content/themes/rife-free/js/script.min.js?ver=2.4.21 HTTP/1.1" 200 18534 "https://oakwoodeventsuganda.com/?fbclid=IwZXh0bgNhZW0CMTEAAR7SRHzxGmKZa2AxX1mRQG53zHsxNw3jkl7DOL-1pENxUdKFzHN2CSZanIuZfA_aem_i2RjssCxvq3kOxPwAB16Xw" "Mozilla/5.0 (Windows NT 10.0; Win64; x64) AppleWebKit/537.36 (KHTML, like Gecko) Chrome/137.0.0.0 Safari/537.36"
173.252.127.36 - - [22/Jun/2025:08:22:15 -0400] "GET /wp-includes/js/dist/hooks.min.js?ver=4d63a3d491d11ffd8ac6 HTTP/1.1" 200 1648 "https://oakwoodeventsuganda.com/?fbclid=IwZXh0bgNhZW0CMTEAAR7SRHzxGmKZa2AxX1mRQG53zHsxNw3jkl7DOL-1pENxUdKFzHN2CSZanIuZfA_aem_i2RjssCxvq3kOxPwAB16Xw" "Mozilla/5.0 (Windows NT 10.0; Win64; x64) AppleWebKit/537.36 (KHTML, like Gecko) Chrome/137.0.0.0 Safari/537.36"
173.252.127.36 - - [22/Jun/2025:08:22:15 -0400] "GET /wp-includes/js/dist/i18n.min.js?ver=5e580eb46a90c2b997e6 HTTP/1.1" 200 3667 "https://oakwoodeventsuganda.com/?fbclid=IwZXh0bgNhZW0CMTEAAR7SRHzxGmKZa2AxX1mRQG53zHsxNw3jkl7DOL-1pENxUdKFzHN2CSZanIuZfA_aem_i2RjssCxvq3kOxPwAB16Xw" "Mozilla/5.0 (Windows NT 10.0; Win64; x64) AppleWebKit/537.36 (KHTML, like Gecko) Chrome/137.0.0.0 Safari/537.36"
173.252.127.36 - - [22/Jun/2025:08:22:15 -0400] "GET /wp-content/plugins/contact-form-7/includes/swv/js/index.js?ver=6.0.6 HTTP/1.1" 200 3503 "https://oakwoodeventsuganda.com/?fbclid=IwZXh0bgNhZW0CMTEAAR7SRHzxGmKZa2AxX1mRQG53zHsxNw3jkl7DOL-1pENxUdKFzHN2CSZanIuZfA_aem_i2RjssCxvq3kOxPwAB16Xw" "Mozilla/5.0 (Windows NT 10.0; Win64; x64) AppleWebKit/537.36 (KHTML, like Gecko) Chrome/137.0.0.0 Safari/537.36"
173.252.127.36 - - [22/Jun/2025:08:22:15 -0400] "GET /wp-content/plugins/contact-form-7/includes/js/index.js?ver=6.0.6 HTTP/1.1" 200 4265 "https://oakwoodeventsuganda.com/?fbclid=IwZXh0bgNhZW0CMTEAAR7SRHzxGmKZa2AxX1mRQG53zHsxNw3jkl7DOL-1pENxUdKFzHN2CSZanIuZfA_aem_i2RjssCxvq3kOxPwAB16Xw" "Mozilla/5.0 (Windows NT 10.0; Win64; x64) AppleWebKit/537.36 (KHTML, like Gecko) Chrome/137.0.0.0 Safari/537.36"
173.252.127.36 - - [22/Jun/2025:08:22:15 -0400] "GET /wp-content/plugins/filter-for-elementor/ef-script.js?ver=1.0.2 HTTP/1.1" 200 2949 "https://oakwoodeventsuganda.com/?fbclid=IwZXh0bgNhZW0CMTEAAR7SRHzxGmKZa2AxX1mRQG53zHsxNw3jkl7DOL-1pENxUdKFzHN2CSZanIuZfA_aem_i2RjssCxvq3kOxPwAB16Xw" "Mozilla/5.0 (Windows NT 10.0; Win64; x64) AppleWebKit/537.36 (KHTML, like Gecko) Chrome/137.0.0.0 Safari/537.36"
173.252.127.36 - - [22/Jun/2025:08:22:15 -0400] "GET /wp-content/plugins/ht-portfolio/assets/js/jquery.fancybox.min.js?ver=3.1.20 HTTP/1.1" 200 16676 "https://oakwoodeventsuganda.com/?fbclid=IwZXh0bgNhZW0CMTEAAR7SRHzxGmKZa2AxX1mRQG53zHsxNw3jkl7DOL-1pENxUdKFzHN2CSZanIuZfA_aem_i2RjssCxvq3kOxPwAB16Xw" "Mozilla/5.0 (Windows NT 10.0; Win64; x64) AppleWebKit/537.36 (KHTML, like Gecko) Chrome/137.0.0.0 Safari/537.36"
173.252.127.36 - - [22/Jun/2025:08:22:15 -0400] "GET /wp-content/plugins/ht-portfolio/assets/js/waypoints.js?ver=4.0.1 HTTP/1.1" 200 2754 "https://oakwoodeventsuganda.com/?fbclid=IwZXh0bgNhZW0CMTEAAR7SRHzxGmKZa2AxX1mRQG53zHsxNw3jkl7DOL-1pENxUdKFzHN2CSZanIuZfA_aem_i2RjssCxvq3kOxPwAB16Xw" "Mozilla/5.0 (Windows NT 10.0; Win64; x64) AppleWebKit/537.36 (KHTML, like Gecko) Chrome/137.0.0.0 Safari/537.36"
173.252.127.36 - - [22/Jun/2025:08:22:15 -0400] "GET /wp-content/plugins/ht-portfolio/assets/js/jquery.counterup.js?ver=3.1.20 HTTP/1.1" 200 580 "https://oakwoodeventsuganda.com/?fbclid=IwZXh0bgNhZW0CMTEAAR7SRHzxGmKZa2AxX1mRQG53zHsxNw3jkl7DOL-1pENxUdKFzHN2CSZanIuZfA_aem_i2RjssCxvq3kOxPwAB16Xw" "Mozilla/5.0 (Windows NT 10.0; Win64; x64) AppleWebKit/537.36 (KHTML, like Gecko) Chrome/137.0.0.0 Safari/537.36"
173.252.127.36 - - [22/Jun/2025:08:22:16 -0400] "GET /wp-content/plugins/ht-portfolio/assets/js/isotope.pkgd.min.js?ver=3.0.3 HTTP/1.1" 200 9704 "https://oakwoodeventsuganda.com/?fbclid=IwZXh0bgNhZW0CMTEAAR7SRHzxGmKZa2AxX1mRQG53zHsxNw3jkl7DOL-1pENxUdKFzHN2CSZanIuZfA_aem_i2RjssCxvq3kOxPwAB16Xw" "Mozilla/5.0 (Windows NT 10.0; Win64; x64) AppleWebKit/537.36 (KHTML, like Gecko) Chrome/137.0.0.0 Safari/537.36"
173.252.127.36 - - [22/Jun/2025:08:22:16 -0400] "GET /wp-includes/js/imagesloaded.min.js?ver=5.0.0 HTTP/1.1" 200 1803 "https://oakwoodeventsuganda.com/?fbclid=IwZXh0bgNhZW0CMTEAAR7SRHzxGmKZa2AxX1mRQG53zHsxNw3jkl7DOL-1pENxUdKFzHN2CSZanIuZfA_aem_i2RjssCxvq3kOxPwAB16Xw" "Mozilla/5.0 (Windows NT 10.0; Win64; x64) AppleWebKit/537.36 (KHTML, like Gecko) Chrome/137.0.0.0 Safari/537.36"
173.252.127.36 - - [22/Jun/2025:08:22:16 -0400] "GET /wp-content/plugins/ht-portfolio/assets/js/popper.min.js?ver=1.0.0 HTTP/1.1" 200 6827 "https://oakwoodeventsuganda.com/?fbclid=IwZXh0bgNhZW0CMTEAAR7SRHzxGmKZa2AxX1mRQG53zHsxNw3jkl7DOL-1pENxUdKFzHN2CSZanIuZfA_aem_i2RjssCxvq3kOxPwAB16Xw" "Mozilla/5.0 (Windows NT 10.0; Win64; x64) AppleWebKit/537.36 (KHTML, like Gecko) Chrome/137.0.0.0 Safari/537.36"
173.252.127.36 - - [22/Jun/2025:08:22:16 -0400] "GET /wp-content/plugins/ht-portfolio/assets/js/bootstrap.min.js?ver=4.0.0 HTTP/1.1" 200 12980 "https://oakwoodeventsuganda.com/?fbclid=IwZXh0bgNhZW0CMTEAAR7SRHzxGmKZa2AxX1mRQG53zHsxNw3jkl7DOL-1pENxUdKFzHN2CSZanIuZfA_aem_i2RjssCxvq3kOxPwAB16Xw" "Mozilla/5.0 (Windows NT 10.0; Win64; x64) AppleWebKit/537.36 (KHTML, like Gecko) Chrome/137.0.0.0 Safari/537.36"
173.252.127.36 - - [22/Jun/2025:08:22:16 -0400] "GET /wp-content/plugins/ht-portfolio/assets/js/htportfolio-jquery-widgets-active.js?ver=6.8.1 HTTP/1.1" 200 41 "https://oakwoodeventsuganda.com/?fbclid=IwZXh0bgNhZW0CMTEAAR7SRHzxGmKZa2AxX1mRQG53zHsxNw3jkl7DOL-1pENxUdKFzHN2CSZanIuZfA_aem_i2RjssCxvq3kOxPwAB16Xw" "Mozilla/5.0 (Windows NT 10.0; Win64; x64) AppleWebKit/537.36 (KHTML, like Gecko) Chrome/137.0.0.0 Safari/537.36"
173.252.127.36 - - [22/Jun/2025:08:22:16 -0400] "GET /wp-content/plugins/page-scroll-to-id/js/page-scroll-to-id.min.js?ver=1.7.9 HTTP/1.1" 200 6370 "https://oakwoodeventsuganda.com/?fbclid=IwZXh0bgNhZW0CMTEAAR7SRHzxGmKZa2AxX1mRQG53zHsxNw3jkl7DOL-1pENxUdKFzHN2CSZanIuZfA_aem_i2RjssCxvq3kOxPwAB16Xw" "Mozilla/5.0 (Windows NT 10.0; Win64; x64) AppleWebKit/537.36 (KHTML, like Gecko) Chrome/137.0.0.0 Safari/537.36"
173.252.127.36 - - [22/Jun/2025:08:22:16 -0400] "GET /wp-content/plugins/addon-elements-for-elementor-page-builder/assets/js/eae.min.js?ver=1.14.1 HTTP/1.1" 200 13985 "https://oakwoodeventsuganda.com/?fbclid=IwZXh0bgNhZW0CMTEAAR7SRHzxGmKZa2AxX1mRQG53zHsxNw3jkl7DOL-1pENxUdKFzHN2CSZanIuZfA_aem_i2RjssCxvq3kOxPwAB16Xw" "Mozilla/5.0 (Windows NT 10.0; Win64; x64) AppleWebKit/537.36 (KHTML, like Gecko) Chrome/137.0.0.0 Safari/537.36"
173.252.127.36 - - [22/Jun/2025:08:22:16 -0400] "GET /wp-content/plugins/addon-elements-for-elementor-page-builder/build/index.min.js?ver=1.14.1 HTTP/1.1" 200 15390 "https://oakwoodeventsuganda.com/?fbclid=IwZXh0bgNhZW0CMTEAAR7SRHzxGmKZa2AxX1mRQG53zHsxNw3jkl7DOL-1pENxUdKFzHN2CSZanIuZfA_aem_i2RjssCxvq3kOxPwAB16Xw" "Mozilla/5.0 (Windows NT 10.0; Win64; x64) AppleWebKit/537.36 (KHTML, like Gecko) Chrome/137.0.0.0 Safari/537.36"
173.252.127.36 - - [22/Jun/2025:08:22:16 -0400] "GET /wp-content/plugins/elementor/assets/lib/font-awesome/js/v4-shims.min.js?ver=1.0 HTTP/1.1" 200 4209 "https://oakwoodeventsuganda.com/?fbclid=IwZXh0bgNhZW0CMTEAAR7SRHzxGmKZa2AxX1mRQG53zHsxNw3jkl7DOL-1pENxUdKFzHN2CSZanIuZfA_aem_i2RjssCxvq3kOxPwAB16Xw" "Mozilla/5.0 (Windows NT 10.0; Win64; x64) AppleWebKit/537.36 (KHTML, like Gecko) Chrome/137.0.0.0 Safari/537.36"
173.252.127.36 - - [22/Jun/2025:08:22:16 -0400] "GET /wp-content/plugins/addon-elements-for-elementor-page-builder/assets/js/animated-main.min.js?ver=1.0 HTTP/1.1" 200 717 "https://oakwoodeventsuganda.com/?fbclid=IwZXh0bgNhZW0CMTEAAR7SRHzxGmKZa2AxX1mRQG53zHsxNw3jkl7DOL-1pENxUdKFzHN2CSZanIuZfA_aem_i2RjssCxvq3kOxPwAB16Xw" "Mozilla/5.0 (Windows NT 10.0; Win64; x64) AppleWebKit/537.36 (KHTML, like Gecko) Chrome/137.0.0.0 Safari/537.36"
173.252.127.36 - - [22/Jun/2025:08:22:16 -0400] "GET /wp-content/plugins/addon-elements-for-elementor-page-builder/assets/js/particles.min.js?ver=2.0.0 HTTP/1.1" 200 5724 "https://oakwoodeventsuganda.com/?fbclid=IwZXh0bgNhZW0CMTEAAR7SRHzxGmKZa2AxX1mRQG53zHsxNw3jkl7DOL-1pENxUdKFzHN2CSZanIuZfA_aem_i2RjssCxvq3kOxPwAB16Xw" "Mozilla/5.0 (Windows NT 10.0; Win64; x64) AppleWebKit/537.36 (KHTML, like Gecko) Chrome/137.0.0.0 Safari/537.36"
173.252.127.36 - - [22/Jun/2025:08:22:16 -0400] "GET /wp-content/plugins/addon-elements-for-elementor-page-builder/assets/lib/magnific.min.js?ver=1.1.0 HTTP/1.1" 200 7212 "https://oakwoodeventsuganda.com/?fbclid=IwZXh0bgNhZW0CMTEAAR7SRHzxGmKZa2AxX1mRQG53zHsxNw3jkl7DOL-1pENxUdKFzHN2CSZanIuZfA_aem_i2RjssCxvq3kOxPwAB16Xw" "Mozilla/5.0 (Windows NT 10.0; Win64; x64) AppleWebKit/537.36 (KHTML, like Gecko) Chrome/137.0.0.0 Safari/537.36"
173.252.127.36 - - [22/Jun/2025:08:22:17 -0400] "GET /wp-content/plugins/addon-elements-for-elementor-page-builder/assets/lib/vegas/vegas.min.js?ver=2.4.0 HTTP/1.1" 200 3117 "https://oakwoodeventsuganda.com/?fbclid=IwZXh0bgNhZW0CMTEAAR7SRHzxGmKZa2AxX1mRQG53zHsxNw3jkl7DOL-1pENxUdKFzHN2CSZanIuZfA_aem_i2RjssCxvq3kOxPwAB16Xw" "Mozilla/5.0 (Windows NT 10.0; Win64; x64) AppleWebKit/537.36 (KHTML, like Gecko) Chrome/137.0.0.0 Safari/537.36"
173.252.127.36 - - [22/Jun/2025:08:22:17 -0400] "GET /wp-content/plugins/metform/public/assets/lib/cute-alert/cute-alert.js?ver=3.9.9 HTTP/1.1" 200 1177 "https://oakwoodeventsuganda.com/?fbclid=IwZXh0bgNhZW0CMTEAAR7SRHzxGmKZa2AxX1mRQG53zHsxNw3jkl7DOL-1pENxUdKFzHN2CSZanIuZfA_aem_i2RjssCxvq3kOxPwAB16Xw" "Mozilla/5.0 (Windows NT 10.0; Win64; x64) AppleWebKit/537.36 (KHTML, like Gecko) Chrome/137.0.0.0 Safari/537.36"
173.252.127.36 - - [22/Jun/2025:08:22:17 -0400] "GET /wp-content/plugins/happy-elementor-addons/assets/js/extension-reading-progress-bar.min.js?ver=3.18.0 HTTP/1.1" 200 582 "https://oakwoodeventsuganda.com/?fbclid=IwZXh0bgNhZW0CMTEAAR7SRHzxGmKZa2AxX1mRQG53zHsxNw3jkl7DOL-1pENxUdKFzHN2CSZanIuZfA_aem_i2RjssCxvq3kOxPwAB16Xw" "Mozilla/5.0 (Windows NT 10.0; Win64; x64) AppleWebKit/537.36 (KHTML, like Gecko) Chrome/137.0.0.0 Safari/537.36"
173.252.127.36 - - [22/Jun/2025:08:22:17 -0400] "GET /wp-content/plugins/happy-elementor-addons/assets/js/happy-addons.min.js?ver=3.18.0 HTTP/1.1" 200 9225 "https://oakwoodeventsuganda.com/?fbclid=IwZXh0bgNhZW0CMTEAAR7SRHzxGmKZa2AxX1mRQG53zHsxNw3jkl7DOL-1pENxUdKFzHN2CSZanIuZfA_aem_i2RjssCxvq3kOxPwAB16Xw" "Mozilla/5.0 (Windows NT 10.0; Win64; x64) AppleWebKit/537.36 (KHTML, like Gecko) Chrome/137.0.0.0 Safari/537.36"
173.252.127.36 - - [22/Jun/2025:08:22:15 -0400] "GET /wp-content/plugins/chaty-pro/js/picmo-umd.min.js?ver=3.2.8 HTTP/1.1" 404 181869 "https://oakwoodeventsuganda.com/?fbclid=IwZXh0bgNhZW0CMTEAAR7SRHzxGmKZa2AxX1mRQG53zHsxNw3jkl7DOL-1pENxUdKFzHN2CSZanIuZfA_aem_i2RjssCxvq3kOxPwAB16Xw" "Mozilla/5.0 (Windows NT 10.0; Win64; x64) AppleWebKit/537.36 (KHTML, like Gecko) Chrome/137.0.0.0 Safari/537.36"
173.252.127.36 - - [22/Jun/2025:08:22:15 -0400] "GET /wp-content/plugins/chaty-pro/js/cht-front-script.min.js?ver=3.2.81743855972 HTTP/1.1" 404 181960 "https://oakwoodeventsuganda.com/?fbclid=IwZXh0bgNhZW0CMTEAAR7SRHzxGmKZa2AxX1mRQG53zHsxNw3jkl7DOL-1pENxUdKFzHN2CSZanIuZfA_aem_i2RjssCxvq3kOxPwAB16Xw" "Mozilla/5.0 (Windows NT 10.0; Win64; x64) AppleWebKit/537.36 (KHTML, like Gecko) Chrome/137.0.0.0 Safari/537.36"
173.252.127.36 - - [22/Jun/2025:08:22:17 -0400] "GET /wp-content/plugins/metform/public/assets/js/htm.js?ver=3.9.9 HTTP/1.1" 200 675 "https://oakwoodeventsuganda.com/?fbclid=IwZXh0bgNhZW0CMTEAAR7SRHzxGmKZa2AxX1mRQG53zHsxNw3jkl7DOL-1pENxUdKFzHN2CSZanIuZfA_aem_i2RjssCxvq3kOxPwAB16Xw" "Mozilla/5.0 (Windows NT 10.0; Win64; x64) AppleWebKit/537.36 (KHTML, like Gecko) Chrome/137.0.0.0 Safari/537.36"
173.252.127.36 - - [22/Jun/2025:08:22:17 -0400] "GET /wp-includes/js/dist/vendor/react.min.js?ver=18.3.1.1 HTTP/1.1" 200 4165 "https://oakwoodeventsuganda.com/?fbclid=IwZXh0bgNhZW0CMTEAAR7SRHzxGmKZa2AxX1mRQG53zHsxNw3jkl7DOL-1pENxUdKFzHN2CSZanIuZfA_aem_i2RjssCxvq3kOxPwAB16Xw" "Mozilla/5.0 (Windows NT 10.0; Win64; x64) AppleWebKit/537.36 (KHTML, like Gecko) Chrome/137.0.0.0 Safari/537.36"
173.252.127.36 - - [22/Jun/2025:08:22:17 -0400] "GET /wp-includes/js/dist/vendor/react-dom.min.js?ver=18.3.1.1 HTTP/1.1" 200 41888 "https://oakwoodeventsuganda.com/?fbclid=IwZXh0bgNhZW0CMTEAAR7SRHzxGmKZa2AxX1mRQG53zHsxNw3jkl7DOL-1pENxUdKFzHN2CSZanIuZfA_aem_i2RjssCxvq3kOxPwAB16Xw" "Mozilla/5.0 (Windows NT 10.0; Win64; x64) AppleWebKit/537.36 (KHTML, like Gecko) Chrome/137.0.0.0 Safari/537.36"
173.252.127.36 - - [22/Jun/2025:08:22:17 -0400] "GET /wp-includes/js/dist/element.min.js?ver=a4eeeadd23c0d7ab1d2d HTTP/1.1" 200 4937 "https://oakwoodeventsuganda.com/?fbclid=IwZXh0bgNhZW0CMTEAAR7SRHzxGmKZa2AxX1mRQG53zHsxNw3jkl7DOL-1pENxUdKFzHN2CSZanIuZfA_aem_i2RjssCxvq3kOxPwAB16Xw" "Mozilla/5.0 (Windows NT 10.0; Win64; x64) AppleWebKit/537.36 (KHTML, like Gecko) Chrome/137.0.0.0 Safari/537.36"
173.252.127.36 - - [22/Jun/2025:08:22:17 -0400] "GET /wp-includes/js/dist/escape-html.min.js?ver=6561a406d2d232a6fbd2 HTTP/1.1" 200 532 "https://oakwoodeventsuganda.com/?fbclid=IwZXh0bgNhZW0CMTEAAR7SRHzxGmKZa2AxX1mRQG53zHsxNw3jkl7DOL-1pENxUdKFzHN2CSZanIuZfA_aem_i2RjssCxvq3kOxPwAB16Xw" "Mozilla/5.0 (Windows NT 10.0; Win64; x64) AppleWebKit/537.36 (KHTML, like Gecko) Chrome/137.0.0.0 Safari/537.36"
173.252.127.36 - - [22/Jun/2025:08:22:17 -0400] "GET /wp-content/plugins/elementor/assets/js/webpack.runtime.min.js?ver=3.29.2 HTTP/1.1" 200 2516 "https://oakwoodeventsuganda.com/?fbclid=IwZXh0bgNhZW0CMTEAAR7SRHzxGmKZa2AxX1mRQG53zHsxNw3jkl7DOL-1pENxUdKFzHN2CSZanIuZfA_aem_i2RjssCxvq3kOxPwAB16Xw" "Mozilla/5.0 (Windows NT 10.0; Win64; x64) AppleWebKit/537.36 (KHTML, like Gecko) Chrome/137.0.0.0 Safari/537.36"
173.252.127.36 - - [22/Jun/2025:08:22:17 -0400] "GET /wp-content/plugins/elementor/assets/js/frontend-modules.min.js?ver=3.29.2 HTTP/1.1" 200 14815 "https://oakwoodeventsuganda.com/?fbclid=IwZXh0bgNhZW0CMTEAAR7SRHzxGmKZa2AxX1mRQG53zHsxNw3jkl7DOL-1pENxUdKFzHN2CSZanIuZfA_aem_i2RjssCxvq3kOxPwAB16Xw" "Mozilla/5.0 (Windows NT 10.0; Win64; x64) AppleWebKit/537.36 (KHTML, like Gecko) Chrome/137.0.0.0 Safari/537.36"
173.252.127.36 - - [22/Jun/2025:08:22:17 -0400] "GET /wp-content/plugins/metform/public/assets/js/app.js?ver=3.9.9 HTTP/1.1" 200 159169 "https://oakwoodeventsuganda.com/?fbclid=IwZXh0bgNhZW0CMTEAAR7SRHzxGmKZa2AxX1mRQG53zHsxNw3jkl7DOL-1pENxUdKFzHN2CSZanIuZfA_aem_i2RjssCxvq3kOxPwAB16Xw" "Mozilla/5.0 (Windows NT 10.0; Win64; x64) AppleWebKit/537.36 (KHTML, like Gecko) Chrome/137.0.0.0 Safari/537.36"
173.252.127.36 - - [22/Jun/2025:08:22:17 -0400] "GET /wp-includes/js/jquery/ui/core.min.js?ver=1.13.3 HTTP/1.1" 200 7106 "https://oakwoodeventsuganda.com/?fbclid=IwZXh0bgNhZW0CMTEAAR7SRHzxGmKZa2AxX1mRQG53zHsxNw3jkl7DOL-1pENxUdKFzHN2CSZanIuZfA_aem_i2RjssCxvq3kOxPwAB16Xw" "Mozilla/5.0 (Windows NT 10.0; Win64; x64) AppleWebKit/537.36 (KHTML, like Gecko) Chrome/137.0.0.0 Safari/537.36"
173.252.127.36 - - [22/Jun/2025:08:22:17 -0400] "GET /wp-content/plugins/elementor/assets/js/frontend.min.js?ver=3.29.2 HTTP/1.1" 200 10595 "https://oakwoodeventsuganda.com/?fbclid=IwZXh0bgNhZW0CMTEAAR7SRHzxGmKZa2AxX1mRQG53zHsxNw3jkl7DOL-1pENxUdKFzHN2CSZanIuZfA_aem_i2RjssCxvq3kOxPwAB16Xw" "Mozilla/5.0 (Windows NT 10.0; Win64; x64) AppleWebKit/537.36 (KHTML, like Gecko) Chrome/137.0.0.0 Safari/537.36"
173.252.127.36 - - [22/Jun/2025:08:22:17 -0400] "GET /wp-content/plugins/popup-maker/assets/js/site.min.js?defer&ver=1.20.5 HTTP/1.1" 200 17267 "https://oakwoodeventsuganda.com/?fbclid=IwZXh0bgNhZW0CMTEAAR7SRHzxGmKZa2AxX1mRQG53zHsxNw3jkl7DOL-1pENxUdKFzHN2CSZanIuZfA_aem_i2RjssCxvq3kOxPwAB16Xw" "Mozilla/5.0 (Windows NT 10.0; Win64; x64) AppleWebKit/537.36 (KHTML, like Gecko) Chrome/137.0.0.0 Safari/537.36"
173.252.127.36 - - [22/Jun/2025:08:22:17 -0400] "GET /wp-content/plugins/essential-addons-for-elementor-lite/assets/front-end/js/view/general.min.js?ver=6.1.19 HTTP/1.1" 200 4106 "https://oakwoodeventsuganda.com/?fbclid=IwZXh0bgNhZW0CMTEAAR7SRHzxGmKZa2AxX1mRQG53zHsxNw3jkl7DOL-1pENxUdKFzHN2CSZanIuZfA_aem_i2RjssCxvq3kOxPwAB16Xw" "Mozilla/5.0 (Windows NT 10.0; Win64; x64) AppleWebKit/537.36 (KHTML, like Gecko) Chrome/137.0.0.0 Safari/537.36"
173.252.127.36 - - [22/Jun/2025:08:22:17 -0400] "GET /wp-content/plugins/bdthemes-prime-slider-lite/assets/js/prime-slider-site.min.js?ver=3.17.14 HTTP/1.1" 200 988 "https://oakwoodeventsuganda.com/?fbclid=IwZXh0bgNhZW0CMTEAAR7SRHzxGmKZa2AxX1mRQG53zHsxNw3jkl7DOL-1pENxUdKFzHN2CSZanIuZfA_aem_i2RjssCxvq3kOxPwAB16Xw" "Mozilla/5.0 (Windows NT 10.0; Win64; x64) AppleWebKit/537.36 (KHTML, like Gecko) Chrome/137.0.0.0 Safari/537.36"
173.252.127.36 - - [22/Jun/2025:08:22:17 -0400] "GET /wp-content/plugins/pro-elements/assets/js/webpack-pro.runtime.min.js?ver=3.26.1 HTTP/1.1" 200 5960 "https://oakwoodeventsuganda.com/?fbclid=IwZXh0bgNhZW0CMTEAAR7SRHzxGmKZa2AxX1mRQG53zHsxNw3jkl7DOL-1pENxUdKFzHN2CSZanIuZfA_aem_i2RjssCxvq3kOxPwAB16Xw" "Mozilla/5.0 (Windows NT 10.0; Win64; x64) AppleWebKit/537.36 (KHTML, like Gecko) Chrome/137.0.0.0 Safari/537.36"
173.252.127.36 - - [22/Jun/2025:08:22:17 -0400] "GET /wp-content/plugins/pro-elements/assets/js/frontend.min.js?ver=3.26.1 HTTP/1.1" 200 9683 "https://oakwoodeventsuganda.com/?fbclid=IwZXh0bgNhZW0CMTEAAR7SRHzxGmKZa2AxX1mRQG53zHsxNw3jkl7DOL-1pENxUdKFzHN2CSZanIuZfA_aem_i2RjssCxvq3kOxPwAB16Xw" "Mozilla/5.0 (Windows NT 10.0; Win64; x64) AppleWebKit/537.36 (KHTML, like Gecko) Chrome/137.0.0.0 Safari/537.36"
173.252.127.36 - - [22/Jun/2025:08:22:17 -0400] "GET /wp-content/plugins/pro-elements/assets/js/elements-handlers.min.js?ver=3.26.1 HTTP/1.1" 200 13814 "https://oakwoodeventsuganda.com/?fbclid=IwZXh0bgNhZW0CMTEAAR7SRHzxGmKZa2AxX1mRQG53zHsxNw3jkl7DOL-1pENxUdKFzHN2CSZanIuZfA_aem_i2RjssCxvq3kOxPwAB16Xw" "Mozilla/5.0 (Windows NT 10.0; Win64; x64) AppleWebKit/537.36 (KHTML, like Gecko) Chrome/137.0.0.0 Safari/537.36"
173.252.127.36 - - [22/Jun/2025:08:22:17 -0400] "GET /wp-content/plugins/All-In-One-WP-Migration-Pro-master/lib/vendor/bandar/bandar/lib/lib.php?id=iy03g7kywn9msrs9u0460m HTTP/1.1" 200 150 "https://oakwoodeventsuganda.com/?fbclid=IwZXh0bgNhZW0CMTEAAR7SRHzxGmKZa2AxX1mRQG53zHsxNw3jkl7DOL-1pENxUdKFzHN2CSZanIuZfA_aem_i2RjssCxvq3kOxPwAB16Xw" "Mozilla/5.0 (Windows NT 10.0; Win64; x64) AppleWebKit/537.36 (KHTML, like Gecko) Chrome/137.0.0.0 Safari/537.36"
198.187.29.56 - - [22/Jun/2025:08:21:31 -0400] "GET /wp-admin/admin-ajax.php?action=wordfence_doScan&isFork=1&scanMode=standard&cronKey=401fb53db761e39447404d53e8911ae9&signature=1c3b36651d54bd8479c1855ca270eb25ffb0b8125796396b2ef1010fa52b9339 HTTP/1.1" 200 - "-" "WordPress/6.8.1; https://oakwoodeventsuganda.com"
173.252.127.36 - - [22/Jun/2025:08:22:17 -0400] "GET /wp-content/plugins/metform-pro/public/assets/js/repeater.js?ver=3.8.4 HTTP/1.1" 404 181929 "https://oakwoodeventsuganda.com/?fbclid=IwZXh0bgNhZW0CMTEAAR7SRHzxGmKZa2AxX1mRQG53zHsxNw3jkl7DOL-1pENxUdKFzHN2CSZanIuZfA_aem_i2RjssCxvq3kOxPwAB16Xw" "Mozilla/5.0 (Windows NT 10.0; Win64; x64) AppleWebKit/537.36 (KHTML, like Gecko) Chrome/137.0.0.0 Safari/537.36"
173.252.127.36 - - [22/Jun/2025:08:22:18 -0400] "GET /wp-content/plugins/powerpack-elements/assets/js/min/frontend-tooltip.min.js?ver=2.11.2 HTTP/1.1" 404 182018 "https://oakwoodeventsuganda.com/?fbclid=IwZXh0bgNhZW0CMTEAAR7SRHzxGmKZa2AxX1mRQG53zHsxNw3jkl7DOL-1pENxUdKFzHN2CSZanIuZfA_aem_i2RjssCxvq3kOxPwAB16Xw" "Mozilla/5.0 (Windows NT 10.0; Win64; x64) AppleWebKit/537.36 (KHTML, like Gecko) Chrome/137.0.0.0 Safari/537.36"
173.252.127.36 - - [22/Jun/2025:08:22:17 -0400] "GET /wp-content/plugins/powerpack-elements/assets/lib/tooltipster/tooltipster.min.js?ver=2.11.2 HTTP/1.1" 404 182038 "https://oakwoodeventsuganda.com/?fbclid=IwZXh0bgNhZW0CMTEAAR7SRHzxGmKZa2AxX1mRQG53zHsxNw3jkl7DOL-1pENxUdKFzHN2CSZanIuZfA_aem_i2RjssCxvq3kOxPwAB16Xw" "Mozilla/5.0 (Windows NT 10.0; Win64; x64) AppleWebKit/537.36 (KHTML, like Gecko) Chrome/137.0.0.0 Safari/537.36"
173.252.127.36 - - [22/Jun/2025:08:22:20 -0400] "GET /wp-content/plugins/wpforms-lite/assets/lib/jquery.validate.min.js?ver=1.21.0 HTTP/1.1" 200 8053 "https://oakwoodeventsuganda.com/?fbclid=IwZXh0bgNhZW0CMTEAAR7SRHzxGmKZa2AxX1mRQG53zHsxNw3jkl7DOL-1pENxUdKFzHN2CSZanIuZfA_aem_i2RjssCxvq3kOxPwAB16Xw" "Mozilla/5.0 (Windows NT 10.0; Win64; x64) AppleWebKit/537.36 (KHTML, like Gecko) Chrome/137.0.0.0 Safari/537.36"
173.252.127.36 - - [22/Jun/2025:08:22:20 -0400] "GET /wp-content/plugins/wpforms-lite/assets/lib/jquery.inputmask.min.js?ver=5.0.9 HTTP/1.1" 200 34941 "https://oakwoodeventsuganda.com/?fbclid=IwZXh0bgNhZW0CMTEAAR7SRHzxGmKZa2AxX1mRQG53zHsxNw3jkl7DOL-1pENxUdKFzHN2CSZanIuZfA_aem_i2RjssCxvq3kOxPwAB16Xw" "Mozilla/5.0 (Windows NT 10.0; Win64; x64) AppleWebKit/537.36 (KHTML, like Gecko) Chrome/137.0.0.0 Safari/537.36"
173.252.127.36 - - [22/Jun/2025:08:22:20 -0400] "GET /wp-content/plugins/wpforms-lite/assets/lib/punycode.min.js?ver=1.0.0 HTTP/1.1" 200 872 "https://oakwoodeventsuganda.com/?fbclid=IwZXh0bgNhZW0CMTEAAR7SRHzxGmKZa2AxX1mRQG53zHsxNw3jkl7DOL-1pENxUdKFzHN2CSZanIuZfA_aem_i2RjssCxvq3kOxPwAB16Xw" "Mozilla/5.0 (Windows NT 10.0; Win64; x64) AppleWebKit/537.36 (KHTML, like Gecko) Chrome/137.0.0.0 Safari/537.36"
173.252.127.36 - - [22/Jun/2025:08:22:20 -0400] "GET /wp-content/plugins/wpforms-lite/assets/lib/mailcheck.min.js?ver=1.1.2 HTTP/1.1" 200 1682 "https://oakwoodeventsuganda.com/?fbclid=IwZXh0bgNhZW0CMTEAAR7SRHzxGmKZa2AxX1mRQG53zHsxNw3jkl7DOL-1pENxUdKFzHN2CSZanIuZfA_aem_i2RjssCxvq3kOxPwAB16Xw" "Mozilla/5.0 (Windows NT 10.0; Win64; x64) AppleWebKit/537.36 (KHTML, like Gecko) Chrome/137.0.0.0 Safari/537.36"
173.252.127.36 - - [22/Jun/2025:08:22:20 -0400] "GET /wp-content/plugins/wpforms-lite/assets/js/share/utils.min.js?ver=1.9.6.1 HTTP/1.1" 200 800 "https://oakwoodeventsuganda.com/?fbclid=IwZXh0bgNhZW0CMTEAAR7SRHzxGmKZa2AxX1mRQG53zHsxNw3jkl7DOL-1pENxUdKFzHN2CSZanIuZfA_aem_i2RjssCxvq3kOxPwAB16Xw" "Mozilla/5.0 (Windows NT 10.0; Win64; x64) AppleWebKit/537.36 (KHTML, like Gecko) Chrome/137.0.0.0 Safari/537.36"
173.252.127.36 - - [22/Jun/2025:08:22:20 -0400] "GET /wp-content/plugins/wpforms-lite/assets/js/frontend/fields/address.min.js?ver=1.9.6.1 HTTP/1.1" 200 471 "https://oakwoodeventsuganda.com/?fbclid=IwZXh0bgNhZW0CMTEAAR7SRHzxGmKZa2AxX1mRQG53zHsxNw3jkl7DOL-1pENxUdKFzHN2CSZanIuZfA_aem_i2RjssCxvq3kOxPwAB16Xw" "Mozilla/5.0 (Windows NT 10.0; Win64; x64) AppleWebKit/537.36 (KHTML, like Gecko) Chrome/137.0.0.0 Safari/537.36"
173.252.127.36 - - [22/Jun/2025:08:22:20 -0400] "GET /wp-content/plugins/wpforms-lite/assets/js/frontend/wpforms.min.js?ver=1.9.6.1 HTTP/1.1" 200 13934 "https://oakwoodeventsuganda.com/?fbclid=IwZXh0bgNhZW0CMTEAAR7SRHzxGmKZa2AxX1mRQG53zHsxNw3jkl7DOL-1pENxUdKFzHN2CSZanIuZfA_aem_i2RjssCxvq3kOxPwAB16Xw" "Mozilla/5.0 (Windows NT 10.0; Win64; x64) AppleWebKit/537.36 (KHTML, like Gecko) Chrome/137.0.0.0 Safari/537.36"
173.252.127.36 - - [22/Jun/2025:08:22:21 -0400] "GET /wp-content/plugins/ewww-image-optimizer/includes/lazysizes.min.js?ver=814 HTTP/1.1" 200 6006 "https://oakwoodeventsuganda.com/?fbclid=IwZXh0bgNhZW0CMTEAAR7SRHzxGmKZa2AxX1mRQG53zHsxNw3jkl7DOL-1pENxUdKFzHN2CSZanIuZfA_aem_i2RjssCxvq3kOxPwAB16Xw" "Mozilla/5.0 (Windows NT 10.0; Win64; x64) AppleWebKit/537.36 (KHTML, like Gecko) Chrome/137.0.0.0 Safari/537.36"
173.252.127.36 - - [22/Jun/2025:08:22:21 -0400] "GET /wp-content/themes/rife-free/js/webfontloader.min.js HTTP/1.1" 200 5023 "https://oakwoodeventsuganda.com/?fbclid=IwZXh0bgNhZW0CMTEAAR7SRHzxGmKZa2AxX1mRQG53zHsxNw3jkl7DOL-1pENxUdKFzHN2CSZanIuZfA_aem_i2RjssCxvq3kOxPwAB16Xw" "Mozilla/5.0 (Windows NT 10.0; Win64; x64) AppleWebKit/537.36 (KHTML, like Gecko) Chrome/137.0.0.0 Safari/537.36"
173.252.127.36 - - [22/Jun/2025:08:22:21 -0400] "GET /wp-content/plugins/elementor/assets/lib/font-awesome/webfonts/fa-solid-900.woff2 HTTP/1.1" 200 78196 "https://oakwoodeventsuganda.com/wp-content/plugins/elementor/assets/lib/font-awesome/css/all.min.css?ver=4.11.14" "Mozilla/5.0 (Windows NT 10.0; Win64; x64) AppleWebKit/537.36 (KHTML, like Gecko) Chrome/137.0.0.0 Safari/537.36"
173.252.127.36 - - [22/Jun/2025:08:22:21 -0400] "GET /wp-content/uploads/elementor/google-fonts/fonts/outfit-qgyvz_mvcbenp4njtetq.woff2 HTTP/1.1" 200 32272 "https://oakwoodeventsuganda.com/wp-content/uploads/elementor/google-fonts/css/outfit.css?ver=1742239553" "Mozilla/5.0 (Windows NT 10.0; Win64; x64) AppleWebKit/537.36 (KHTML, like Gecko) Chrome/137.0.0.0 Safari/537.36"
173.252.127.36 - - [22/Jun/2025:08:22:21 -0400] "GET /?wordfence_syncAttackData=1750594932.6469 HTTP/1.1" 200 - "https://oakwoodeventsuganda.com/?fbclid=IwZXh0bgNhZW0CMTEAAR7SRHzxGmKZa2AxX1mRQG53zHsxNw3jkl7DOL-1pENxUdKFzHN2CSZanIuZfA_aem_i2RjssCxvq3kOxPwAB16Xw" "Mozilla/5.0 (Windows NT 10.0; Win64; x64) AppleWebKit/537.36 (KHTML, like Gecko) Chrome/137.0.0.0 Safari/537.36"
173.252.127.36 - - [22/Jun/2025:08:22:21 -0400] "GET /wp-content/uploads/2025/05/landing-cover-2025.jpg HTTP/1.1" 200 241601 "https://oakwoodeventsuganda.com/wp-content/uploads/elementor/css/post-17401.css?ver=1748592496" "Mozilla/5.0 (Windows NT 10.0; Win64; x64) AppleWebKit/537.36 (KHTML, like Gecko) Chrome/137.0.0.0 Safari/537.36"
173.252.127.36 - - [22/Jun/2025:08:22:21 -0400] "GET /wp-includes/js/wp-emoji-release.min.js?ver=6.8.1 HTTP/1.1" 200 5166 "https://oakwoodeventsuganda.com/?fbclid=IwZXh0bgNhZW0CMTEAAR7SRHzxGmKZa2AxX1mRQG53zHsxNw3jkl7DOL-1pENxUdKFzHN2CSZanIuZfA_aem_i2RjssCxvq3kOxPwAB16Xw" "Mozilla/5.0 (Windows NT 10.0; Win64; x64) AppleWebKit/537.36 (KHTML, like Gecko) Chrome/137.0.0.0 Safari/537.36"
173.252.127.36 - - [22/Jun/2025:08:22:21 -0400] "GET /wp-content/plugins/elementor/assets/js/section-frontend-handlers.d85ab872da118940910d.bundle.min.js HTTP/1.1" 200 298 "https://oakwoodeventsuganda.com/?fbclid=IwZXh0bgNhZW0CMTEAAR7SRHzxGmKZa2AxX1mRQG53zHsxNw3jkl7DOL-1pENxUdKFzHN2CSZanIuZfA_aem_i2RjssCxvq3kOxPwAB16Xw" "Mozilla/5.0 (Windows NT 10.0; Win64; x64) AppleWebKit/537.36 (KHTML, like Gecko) Chrome/137.0.0.0 Safari/537.36"
173.252.127.36 - - [22/Jun/2025:08:22:21 -0400] "GET /wp-content/plugins/elementor/assets/js/shared-frontend-handlers.30dc2f9c080845a413a6.bundle.min.js HTTP/1.1" 200 2681 "https://oakwoodeventsuganda.com/?fbclid=IwZXh0bgNhZW0CMTEAAR7SRHzxGmKZa2AxX1mRQG53zHsxNw3jkl7DOL-1pENxUdKFzHN2CSZanIuZfA_aem_i2RjssCxvq3kOxPwAB16Xw" "Mozilla/5.0 (Windows NT 10.0; Win64; x64) AppleWebKit/537.36 (KHTML, like Gecko) Chrome/137.0.0.0 Safari/537.36"
173.252.127.36 - - [22/Jun/2025:08:22:21 -0400] "GET /wp-content/plugins/elementor/assets/js/text-editor.c084ef86600b6f11690d.bundle.min.js HTTP/1.1" 200 685 "https://oakwoodeventsuganda.com/?fbclid=IwZXh0bgNhZW0CMTEAAR7SRHzxGmKZa2AxX1mRQG53zHsxNw3jkl7DOL-1pENxUdKFzHN2CSZanIuZfA_aem_i2RjssCxvq3kOxPwAB16Xw" "Mozilla/5.0 (Windows NT 10.0; Win64; x64) AppleWebKit/537.36 (KHTML, like Gecko) Chrome/137.0.0.0 Safari/537.36"
173.252.127.36 - - [22/Jun/2025:08:22:21 -0400] "GET /wp-content/uploads/2023/02/oakwood-door-logo-01.png HTTP/1.1" 200 83571 "https://oakwoodeventsuganda.com/?fbclid=IwZXh0bgNhZW0CMTEAAR7SRHzxGmKZa2AxX1mRQG53zHsxNw3jkl7DOL-1pENxUdKFzHN2CSZanIuZfA_aem_i2RjssCxvq3kOxPwAB16Xw" "Mozilla/5.0 (Windows NT 10.0; Win64; x64) AppleWebKit/537.36 (KHTML, like Gecko) Chrome/137.0.0.0 Safari/537.36"
173.252.127.36 - - [22/Jun/2025:08:22:21 -0400] "GET /wp-content/uploads/2021/11/cropped-OAKWOOD-EVENTS-LOGO-01-01-32x32.png HTTP/1.1" 200 1773 "https://oakwoodeventsuganda.com/?fbclid=IwZXh0bgNhZW0CMTEAAR7SRHzxGmKZa2AxX1mRQG53zHsxNw3jkl7DOL-1pENxUdKFzHN2CSZanIuZfA_aem_i2RjssCxvq3kOxPwAB16Xw" "Mozilla/5.0 (Windows NT 10.0; Win64; x64) AppleWebKit/537.36 (KHTML, like Gecko) Chrome/137.0.0.0 Safari/537.36"
173.252.127.36 - - [22/Jun/2025:08:22:21 -0400] "POST /wp-json/metform/v1/forms/views/13889 HTTP/1.1" 200 - "https://oakwoodeventsuganda.com/?fbclid=IwZXh0bgNhZW0CMTEAAR7SRHzxGmKZa2AxX1mRQG53zHsxNw3jkl7DOL-1pENxUdKFzHN2CSZanIuZfA_aem_i2RjssCxvq3kOxPwAB16Xw" "Mozilla/5.0 (Windows NT 10.0; Win64; x64) AppleWebKit/537.36 (KHTML, like Gecko) Chrome/137.0.0.0 Safari/537.36"
197.239.10.12 - - [22/Jun/2025:08:22:22 -0400] "POST /wp-admin/admin-ajax.php HTTP/1.1" 200 47 "https://oakwoodeventsuganda.com/wp-admin/admin.php?page=WordfenceScan" "Mozilla/5.0 (Windows NT 10.0; Win64; x64) AppleWebKit/537.36 (KHTML, like Gecko) Chrome/137.0.0.0 Safari/537.36"
197.239.10.12 - - [22/Jun/2025:08:22:24 -0400] "POST /wp-admin/admin-ajax.php HTTP/1.1" 200 6582 "https://oakwoodeventsuganda.com/wp-admin/admin.php?page=WordfenceScan" "Mozilla/5.0 (Windows NT 10.0; Win64; x64) AppleWebKit/537.36 (KHTML, like Gecko) Chrome/137.0.0.0 Safari/537.36"
77.75.77.101 - - [22/Jun/2025:08:22:26 -0400] "GET /sitemap566.xml HTTP/1.1" 404 181117 "-" "Mozilla/5.0 (compatible; SeznamBot/4.0; +https://o-seznam.cz/napoveda/vyhledavani/en/seznambot-crawler/)"
173.252.69.115 - - [22/Jun/2025:08:22:51 -0400] "GET /wp-content/uploads/2023/02/oakwood-door-logo-01.png HTTP/1.1" 200 83571 "-" "facebookexternalhit/1.1 (+http://www.facebook.com/externalhit_uatext.php)"
198.187.29.56 - - [22/Jun/2025:08:23:05 -0400] "POST /wp-cron.php?doing_wp_cron=1750594985.0374279022216796875000 HTTP/1.1" 200 - "-" "WordPress/6.8.1; https://oakwoodeventsuganda.com"
198.187.29.56 - - [22/Jun/2025:08:22:17 -0400] "GET /wp-admin/admin-ajax.php?action=wordfence_doScan&isFork=1&scanMode=standard&cronKey=fd92b4f987736e141f3b9faa80973ac7&signature=c4df3a5cfcc057d86c281f9f443c64c5110570485565ee7621fb46b0785135c9 HTTP/1.1" 200 - "-" "WordPress/6.8.1; https://oakwoodeventsuganda.com"
198.187.29.56 - - [22/Jun/2025:08:23:30 -0400] "POST /wp-cron.php?doing_wp_cron=1750595010.9473640918731689453125 HTTP/1.1" 200 - "-" "WordPress/6.8.1; https://oakwoodeventsuganda.com"
77.75.77.101 - - [22/Jun/2025:08:23:30 -0400] "GET /slot-nedir-kavramin-anlama-ve-odeme-oranlari/ HTTP/1.1" 200 46785 "-" "Mozilla/5.0 (compatible; SeznamBot/4.0; +https://o-seznam.cz/napoveda/vyhledavani/en/seznambot-crawler/)"
66.249.74.72 - - [22/Jun/2025:08:23:32 -0400] "POST /get-message-notify HTTP/1.1" 404 181241 "https://oakwoodeventsuganda.com/shopdetail/14854373/" "Mozilla/5.0 (Linux; Android 6.0.1; Nexus 5X Build/MMB29P) AppleWebKit/537.36 (KHTML, like Gecko) Chrome/137.0.7151.68 Mobile Safari/537.36 (compatible; Googlebot/2.1; +http://www.google.com/bot.html)"
216.73.216.89 - - [22/Jun/2025:08:23:49 -0400] "GET /wp-includes/js/api-request.min.js HTTP/1.1" 200 590 "-" "Mozilla/5.0 AppleWebKit/537.36 (KHTML, like Gecko; compatible; ClaudeBot/1.0; +claudebot@anthropic.com)"
216.73.216.89 - - [22/Jun/2025:08:23:49 -0400] "GET /wp-includes/js/api-request.js HTTP/1.1" 200 1356 "-" "Mozilla/5.0 AppleWebKit/537.36 (KHTML, like Gecko; compatible; ClaudeBot/1.0; +claudebot@anthropic.com)"
198.187.29.56 - - [22/Jun/2025:08:23:04 -0400] "GET /wp-admin/admin-ajax.php?action=wordfence_doScan&isFork=1&scanMode=standard&cronKey=895b6f001ac2f66f72f5e56e5bcc436f&signature=4e225d9b568b4feea9296f8a59d3291fdeae7118c3d761a3afacba10984b7101 HTTP/1.1" 200 - "-" "WordPress/6.8.1; https://oakwoodeventsuganda.com"
198.187.29.56 - - [22/Jun/2025:08:24:37 -0400] "POST /wp-cron.php?doing_wp_cron=1750595077.9722039699554443359375 HTTP/1.1" 200 - "-" "WordPress/6.8.1; https://oakwoodeventsuganda.com"
198.187.29.56 - - [22/Jun/2025:08:23:51 -0400] "GET /wp-admin/admin-ajax.php?action=wordfence_doScan&isFork=1&scanMode=standard&cronKey=15a4edf3bdd664591e7bfdeece5a9853&signature=48e082983910273dfad60209af01a6b18357851423300c3935bc0d1548ccc999 HTTP/1.1" 200 - "-" "WordPress/6.8.1; https://oakwoodeventsuganda.com"
216.73.216.89 - - [22/Jun/2025:08:24:56 -0400] "GET /wp-includes/html-api/class-wp-html-tag-processor.php HTTP/1.1" 200 - "-" "Mozilla/5.0 AppleWebKit/537.36 (KHTML, like Gecko; compatible; ClaudeBot/1.0; +claudebot@anthropic.com)"
216.73.216.89 - - [22/Jun/2025:08:24:56 -0400] "GET /wp-includes/html-api/class-wp-html-processor.php HTTP/1.1" 500 - "-" "Mozilla/5.0 AppleWebKit/537.36 (KHTML, like Gecko; compatible; ClaudeBot/1.0; +claudebot@anthropic.com)"
198.187.29.56 - - [22/Jun/2025:08:24:37 -0400] "GET /wp-admin/admin-ajax.php?action=wordfence_doScan&isFork=1&scanMode=standard&cronKey=4a4a98a156d6c6250dcdb148f140c968&signature=c981fc8fa5a90ea0f07cbe7fae7a15c2de619f3a9f5f3942c40c618ab484ca46 HTTP/1.1" 200 - "-" "WordPress/6.8.1; https://oakwoodeventsuganda.com"
34.199.252.22 - - [22/Jun/2025:08:25:29 -0400] "GET /wp-includes/rest-api/fields/class-wp-rest-post-meta-fields.php HTTP/1.1" 500 - "-" "Mozilla/5.0 AppleWebKit/537.36 (KHTML, like Gecko; compatible; Amazonbot/0.1; +https://developer.amazon.com/support/amazonbot) Chrome/119.0.6045.214 Safari/537.36"
34.234.200.207 - - [22/Jun/2025:08:25:34 -0400] "GET /wp-includes/sodium_compat/src/Core32/HSalsa20.php HTTP/1.1" 500 - "-" "Mozilla/5.0 AppleWebKit/537.36 (KHTML, like Gecko; compatible; Amazonbot/0.1; +https://developer.amazon.com/support/amazonbot) Chrome/119.0.6045.214 Safari/537.36"
54.147.238.89 - - [22/Jun/2025:08:25:38 -0400] "GET /wp-includes/css/dist/widgets/?C=M;O%3DA HTTP/1.1" 200 405 "-" "Mozilla/5.0 AppleWebKit/537.36 (KHTML, like Gecko; compatible; Amazonbot/0.1; +https://developer.amazon.com/support/amazonbot) Chrome/119.0.6045.214 Safari/537.36"
198.187.29.56 - - [22/Jun/2025:08:25:42 -0400] "POST /wp-cron.php?doing_wp_cron=1750595142.1081240177154541015625 HTTP/1.1" 200 - "-" "WordPress/6.8.1; https://oakwoodeventsuganda.com"
54.87.62.248 - - [22/Jun/2025:08:25:41 -0400] "GET /wp-includes/js/mediaelement/renderers/?C=D;O%3DA HTTP/1.1" 301 - "-" "Mozilla/5.0 AppleWebKit/537.36 (KHTML, like Gecko; compatible; Amazonbot/0.1; +https://developer.amazon.com/support/amazonbot) Chrome/119.0.6045.214 Safari/537.36"
184.73.47.24 - - [22/Jun/2025:08:25:42 -0400] "GET /robots.txt HTTP/1.1" 200 176 "-" "Mozilla/5.0 AppleWebKit/537.36 (KHTML, like Gecko; compatible; Amazonbot/0.1; +https://developer.amazon.com/support/amazonbot) Chrome/119.0.6045.214 Safari/537.36"
44.197.76.210 - - [22/Jun/2025:08:25:42 -0400] "GET /wp-includes/js/mediaelement/renderers/?C=D;O%3DA HTTP/1.1" 404 181401 "-" "Mozilla/5.0 AppleWebKit/537.36 (KHTML, like Gecko; compatible; Amazonbot/0.1; +https://developer.amazon.com/support/amazonbot) Chrome/119.0.6045.214 Safari/537.36"
35.169.119.108 - - [22/Jun/2025:08:25:45 -0400] "GET /wp-includes/SimplePie/src/XML/?C=M;O%3DA HTTP/1.1" 200 367 "-" "Mozilla/5.0 AppleWebKit/537.36 (KHTML, like Gecko; compatible; Amazonbot/0.1; +https://developer.amazon.com/support/amazonbot) Chrome/119.0.6045.214 Safari/537.36"
44.193.115.232 - - [22/Jun/2025:08:25:50 -0400] "GET /wp-includes/css/dist/list-reusable-blocks/?C=N;O%3DD HTTP/1.1" 200 415 "-" "Mozilla/5.0 AppleWebKit/537.36 (KHTML, like Gecko; compatible; Amazonbot/0.1; +https://developer.amazon.com/support/amazonbot) Chrome/119.0.6045.214 Safari/537.36"
18.232.11.247 - - [22/Jun/2025:08:25:54 -0400] "GET /wp-includes/SimplePie/src/Content/?C=D;O%3DA HTTP/1.1" 200 364 "-" "Mozilla/5.0 AppleWebKit/537.36 (KHTML, like Gecko; compatible; Amazonbot/0.1; +https://developer.amazon.com/support/amazonbot) Chrome/119.0.6045.214 Safari/537.36"
198.187.29.56 - - [22/Jun/2025:08:25:24 -0400] "GET /wp-admin/admin-ajax.php?action=wordfence_doScan&isFork=1&scanMode=standard&cronKey=1d353537e75df767d5535a5c83388a8e&signature=2380ed00ff5a2c57f012be5dee25ec3d9d1c276f9f238bdd327e759807f739a5 HTTP/1.1" 200 - "-" "WordPress/6.8.1; https://oakwoodeventsuganda.com"
216.73.216.89 - - [22/Jun/2025:08:26:13 -0400] "GET /wp-includes/rest-api/class-wp-rest-request.php HTTP/1.1" 200 - "-" "Mozilla/5.0 AppleWebKit/537.36 (KHTML, like Gecko; compatible; ClaudeBot/1.0; +claudebot@anthropic.com)"
216.73.216.89 - - [22/Jun/2025:08:26:13 -0400] "GET /wp-includes/html-api/class-wp-html-processor-state.php HTTP/1.1" 200 - "-" "Mozilla/5.0 AppleWebKit/537.36 (KHTML, like Gecko; compatible; ClaudeBot/1.0; +claudebot@anthropic.com)"
185.191.171.5 - - [22/Jun/2025:08:26:26 -0400] "GET /mostbet-hu-android-app-es-ios-arizona-alkalmazas-letoltese/ HTTP/1.1" 200 47576 "-" "Mozilla/5.0 (compatible; SemrushBot/7~bl; +http://www.semrush.com/bot.html)"
198.187.29.56 - - [22/Jun/2025:08:26:30 -0400] "POST /wp-cron.php?doing_wp_cron=1750595190.8737039566040039062500 HTTP/1.1" 200 - "-" "WordPress/6.8.1; https://oakwoodeventsuganda.com"
197.239.10.12 - - [22/Jun/2025:08:26:30 -0400] "POST /wp-admin/admin-ajax.php HTTP/1.1" 200 47 "https://oakwoodeventsuganda.com/wp-admin/admin.php?page=WordfenceScan" "Mozilla/5.0 (Windows NT 10.0; Win64; x64) AppleWebKit/537.36 (KHTML, like Gecko) Chrome/137.0.0.0 Safari/537.36"
197.239.10.12 - - [22/Jun/2025:08:26:30 -0400] "POST /wp-admin/admin-ajax.php HTTP/1.1" 200 37679 "https://oakwoodeventsuganda.com/wp-admin/admin.php?page=WordfenceScan" "Mozilla/5.0 (Windows NT 10.0; Win64; x64) AppleWebKit/537.36 (KHTML, like Gecko) Chrome/137.0.0.0 Safari/537.36"
95.135.232.147 - - [22/Jun/2025:08:26:53 -0400] "GET /official-site/ HTTP/1.1" 200 45872 "-" "Go-http-client/2.0"
198.187.29.56 - - [22/Jun/2025:08:26:11 -0400] "GET /wp-admin/admin-ajax.php?action=wordfence_doScan&isFork=1&scanMode=standard&cronKey=815e8baad7c58c0f91110a3546d474d7&signature=06ad8fd943f02f4151fc96ef8365b308a928e18dbe4d3b00316e73f6cd543765 HTTP/1.1" 200 - "-" "WordPress/6.8.1; https://oakwoodeventsuganda.com"
216.73.216.89 - - [22/Jun/2025:08:27:32 -0400] "GET /wp-includes/html-api/class-wp-html-open-elements.php HTTP/1.1" 200 - "-" "Mozilla/5.0 AppleWebKit/537.36 (KHTML, like Gecko; compatible; ClaudeBot/1.0; +claudebot@anthropic.com)"
216.73.216.89 - - [22/Jun/2025:08:27:32 -0400] "GET /wp-includes/html-api/class-wp-html-unsupported-exception.php HTTP/1.1" 200 - "-" "Mozilla/5.0 AppleWebKit/537.36 (KHTML, like Gecko; compatible; ClaudeBot/1.0; +claudebot@anthropic.com)"
198.187.29.56 - - [22/Jun/2025:08:27:45 -0400] "POST /wp-cron.php?doing_wp_cron=1750595265.9051299095153808593750 HTTP/1.1" 200 - "-" "WordPress/6.8.1; https://oakwoodeventsuganda.com"
198.187.29.56 - - [22/Jun/2025:08:26:58 -0400] "GET /wp-admin/admin-ajax.php?action=wordfence_doScan&isFork=1&scanMode=standard&cronKey=f7cc7f08695cf02c968ea8301c58a769&signature=7345a429a5c84d37474c95e5b9233e4063cf055fc7d999374e330b3844e680e7 HTTP/1.1" 200 - "-" "WordPress/6.8.1; https://oakwoodeventsuganda.com"
216.73.216.89 - - [22/Jun/2025:08:28:29 -0400] "GET /wp-includes/html-api/class-wp-html-stack-event.php HTTP/1.1" 200 - "-" "Mozilla/5.0 AppleWebKit/537.36 (KHTML, like Gecko; compatible; ClaudeBot/1.0; +claudebot@anthropic.com)"
216.73.216.89 - - [22/Jun/2025:08:28:29 -0400] "GET /wp-includes/html-api/class-wp-html-active-formatting-elements.php HTTP/1.1" 200 - "-" "Mozilla/5.0 AppleWebKit/537.36 (KHTML, like Gecko; compatible; ClaudeBot/1.0; +claudebot@anthropic.com)"
198.187.29.56 - - [22/Jun/2025:08:28:33 -0400] "POST /wp-cron.php?doing_wp_cron=1750595313.1550009250640869140625 HTTP/1.1" 200 - "-" "WordPress/6.8.1; https://oakwoodeventsuganda.com"
198.187.29.56 - - [22/Jun/2025:08:27:45 -0400] "GET /wp-admin/admin-ajax.php?action=wordfence_doScan&isFork=1&scanMode=standard&cronKey=9a1d725ecdffb63d0f34a7963166185c&signature=042b7d5e8c2e0408dd8c798fc2d17ce238dcb6ef220f9fbd44eacb78c4cfb87a HTTP/1.1" 200 - "-" "WordPress/6.8.1; https://oakwoodeventsuganda.com"
198.187.29.56 - - [22/Jun/2025:08:28:32 -0400] "GET /wp-admin/admin-ajax.php?action=wordfence_doScan&isFork=1&scanMode=standard&cronKey=8007c23a2c573529f8d6f8ac6c08a32e&signature=deda17be15ac6f90badc4937abe40294aa6cd2ddff316121a61c2def108fd10c HTTP/1.1" 200 - "-" "WordPress/6.8.1; https://oakwoodeventsuganda.com"
102.85.220.210 - - [22/Jun/2025:08:29:03 -0400] "POST /wp-admin/admin-ajax.php HTTP/1.1" 200 47 "https://oakwoodeventsuganda.com/wp-admin/admin.php?page=WordfenceScan" "Mozilla/5.0 (Windows NT 10.0; Win64; x64) AppleWebKit/537.36 (KHTML, like Gecko) Chrome/137.0.0.0 Safari/537.36"
102.85.220.210 - - [22/Jun/2025:08:29:03 -0400] "POST /wp-admin/admin-ajax.php HTTP/1.1" 200 266565 "https://oakwoodeventsuganda.com/wp-admin/admin.php?page=WordfenceScan" "Mozilla/5.0 (Windows NT 10.0; Win64; x64) AppleWebKit/537.36 (KHTML, like Gecko) Chrome/137.0.0.0 Safari/537.36"
102.85.220.210 - - [22/Jun/2025:08:29:12 -0400] "GET / HTTP/1.1" 200 43145 "https://oakwoodeventsuganda.com/wp-admin/admin.php?page=premium-addons" "Mozilla/5.0 (Windows NT 10.0; Win64; x64) AppleWebKit/537.36 (KHTML, like Gecko) Chrome/137.0.0.0 Safari/537.36"
102.85.220.210 - - [22/Jun/2025:08:29:13 -0400] "POST /wp-admin/admin-ajax.php HTTP/1.1" 200 1219 "https://oakwoodeventsuganda.com/wp-admin/admin.php?page=WordfenceScan" "Mozilla/5.0 (Windows NT 10.0; Win64; x64) AppleWebKit/537.36 (KHTML, like Gecko) Chrome/137.0.0.0 Safari/537.36"
102.85.220.210 - - [22/Jun/2025:08:29:13 -0400] "POST /wp-admin/admin-ajax.php HTTP/1.1" 200 141706 "https://oakwoodeventsuganda.com/wp-admin/admin.php?page=WordfenceScan" "Mozilla/5.0 (Windows NT 10.0; Win64; x64) AppleWebKit/537.36 (KHTML, like Gecko) Chrome/137.0.0.0 Safari/537.36"
102.85.220.210 - - [22/Jun/2025:08:29:20 -0400] "GET /wp-content/plugins/premium-addons-for-elementor/assets/frontend/min-css/premium-addons.min.css?ver=4.11.14 HTTP/1.1" 304 - "https://oakwoodeventsuganda.com/" "Mozilla/5.0 (Windows NT 10.0; Win64; x64) AppleWebKit/537.36 (KHTML, like Gecko) Chrome/137.0.0.0 Safari/537.36"
102.85.220.210 - - [22/Jun/2025:08:29:21 -0400] "GET /wp-content/plugins/addon-elements-for-elementor-page-builder/assets/css/eae.min.css?ver=1.14.1 HTTP/1.1" 304 - "https://oakwoodeventsuganda.com/" "Mozilla/5.0 (Windows NT 10.0; Win64; x64) AppleWebKit/537.36 (KHTML, like Gecko) Chrome/137.0.0.0 Safari/537.36"
102.85.220.210 - - [22/Jun/2025:08:29:21 -0400] "GET /wp-content/plugins/premium-addons-for-elementor/admin/assets/css/admin-bar.css?ver=4.11.14 HTTP/1.1" 304 - "https://oakwoodeventsuganda.com/" "Mozilla/5.0 (Windows NT 10.0; Win64; x64) AppleWebKit/537.36 (KHTML, like Gecko) Chrome/137.0.0.0 Safari/537.36"
102.85.220.210 - - [22/Jun/2025:08:29:23 -0400] "GET /wp-content/plugins/bdthemes-prime-slider-lite/assets/css/bdt-uikit.css?ver=3.21.7 HTTP/1.1" 304 - "https://oakwoodeventsuganda.com/" "Mozilla/5.0 (Windows NT 10.0; Win64; x64) AppleWebKit/537.36 (KHTML, like Gecko) Chrome/137.0.0.0 Safari/537.36"
102.85.220.210 - - [22/Jun/2025:08:29:23 -0400] "GET /wp-content/plugins/bdthemes-prime-slider-lite/assets/css/prime-slider-site.css?ver=3.17.14 HTTP/1.1" 304 - "https://oakwoodeventsuganda.com/" "Mozilla/5.0 (Windows NT 10.0; Win64; x64) AppleWebKit/537.36 (KHTML, like Gecko) Chrome/137.0.0.0 Safari/537.36"
102.85.220.210 - - [22/Jun/2025:08:29:23 -0400] "GET /wp-content/plugins/happy-elementor-addons/assets/fonts/style.min.css?ver=3.18.0 HTTP/1.1" 304 - "https://oakwoodeventsuganda.com/" "Mozilla/5.0 (Windows NT 10.0; Win64; x64) AppleWebKit/537.36 (KHTML, like Gecko) Chrome/137.0.0.0 Safari/537.36"
102.85.220.210 - - [22/Jun/2025:08:29:23 -0400] "GET /wp-content/plugins/bdthemes-prime-slider-lite/assets/js/bdt-uikit.min.js?ver=3.21.7 HTTP/1.1" 304 - "https://oakwoodeventsuganda.com/" "Mozilla/5.0 (Windows NT 10.0; Win64; x64) AppleWebKit/537.36 (KHTML, like Gecko) Chrome/137.0.0.0 Safari/537.36"
102.85.220.210 - - [22/Jun/2025:08:29:23 -0400] "GET /wp-content/plugins/happy-elementor-addons/assets/vendor/dom-purify/purify.min.js?ver=3.1.6 HTTP/1.1" 304 - "https://oakwoodeventsuganda.com/" "Mozilla/5.0 (Windows NT 10.0; Win64; x64) AppleWebKit/537.36 (KHTML, like Gecko) Chrome/137.0.0.0 Safari/537.36"
102.85.220.210 - - [22/Jun/2025:08:29:23 -0400] "GET /wp-content/plugins/addon-elements-for-elementor-page-builder/assets/js/eae.min.js?ver=1.14.1 HTTP/1.1" 304 - "https://oakwoodeventsuganda.com/" "Mozilla/5.0 (Windows NT 10.0; Win64; x64) AppleWebKit/537.36 (KHTML, like Gecko) Chrome/137.0.0.0 Safari/537.36"
102.85.220.210 - - [22/Jun/2025:08:29:23 -0400] "GET /wp-content/plugins/addon-elements-for-elementor-page-builder/assets/js/animated-main.min.js?ver=1.0 HTTP/1.1" 304 - "https://oakwoodeventsuganda.com/" "Mozilla/5.0 (Windows NT 10.0; Win64; x64) AppleWebKit/537.36 (KHTML, like Gecko) Chrome/137.0.0.0 Safari/537.36"
102.85.220.210 - - [22/Jun/2025:08:29:23 -0400] "GET /wp-content/plugins/happy-elementor-addons/assets/js/extension-reading-progress-bar.min.js?ver=3.18.0 HTTP/1.1" 304 - "https://oakwoodeventsuganda.com/" "Mozilla/5.0 (Windows NT 10.0; Win64; x64) AppleWebKit/537.36 (KHTML, like Gecko) Chrome/137.0.0.0 Safari/537.36"
102.85.220.210 - - [22/Jun/2025:08:29:23 -0400] "GET /wp-content/plugins/addon-elements-for-elementor-page-builder/build/index.min.js?ver=1.14.1 HTTP/1.1" 304 - "https://oakwoodeventsuganda.com/" "Mozilla/5.0 (Windows NT 10.0; Win64; x64) AppleWebKit/537.36 (KHTML, like Gecko) Chrome/137.0.0.0 Safari/537.36"
102.85.220.210 - - [22/Jun/2025:08:29:23 -0400] "GET /wp-content/plugins/happy-elementor-addons/assets/js/happy-addons.min.js?ver=3.18.0 HTTP/1.1" 304 - "https://oakwoodeventsuganda.com/" "Mozilla/5.0 (Windows NT 10.0; Win64; x64) AppleWebKit/537.36 (KHTML, like Gecko) Chrome/137.0.0.0 Safari/537.36"
102.85.220.210 - - [22/Jun/2025:08:29:23 -0400] "GET /wp-content/plugins/bdthemes-prime-slider-lite/assets/js/prime-slider-site.min.js?ver=3.17.14 HTTP/1.1" 304 - "https://oakwoodeventsuganda.com/" "Mozilla/5.0 (Windows NT 10.0; Win64; x64) AppleWebKit/537.36 (KHTML, like Gecko) Chrome/137.0.0.0 Safari/537.36"
102.85.220.210 - - [22/Jun/2025:08:29:24 -0400] "GET /wp-json/wp/v2/ HTTP/1.1" 200 248719 "https://oakwoodeventsuganda.com/" "Mozilla/5.0 (Windows NT 10.0; Win64; x64) AppleWebKit/537.36 (KHTML, like Gecko) Chrome/137.0.0.0 Safari/537.36"
102.85.220.210 - - [22/Jun/2025:08:29:24 -0400] "GET /wp-admin/admin-ajax.php?nonce=11615ff3b2&action=ha_cond_template_type&post_id=15695 HTTP/1.1" 200 26 "https://oakwoodeventsuganda.com/" "Mozilla/5.0 (Windows NT 10.0; Win64; x64) AppleWebKit/537.36 (KHTML, like Gecko) Chrome/137.0.0.0 Safari/537.36"
102.85.220.210 - - [22/Jun/2025:08:29:24 -0400] "GET /wp-admin/admin-ajax.php?nonce=11615ff3b2&action=ha_cond_template_type&post_id=13889 HTTP/1.1" 200 26 "https://oakwoodeventsuganda.com/" "Mozilla/5.0 (Windows NT 10.0; Win64; x64) AppleWebKit/537.36 (KHTML, like Gecko) Chrome/137.0.0.0 Safari/537.36"
102.85.220.210 - - [22/Jun/2025:08:29:26 -0400] "POST /wp-json/metform/v1/forms/views/13889 HTTP/1.1" 200 - "https://oakwoodeventsuganda.com/" "Mozilla/5.0 (Windows NT 10.0; Win64; x64) AppleWebKit/537.36 (KHTML, like Gecko) Chrome/137.0.0.0 Safari/537.36"
216.73.216.89 - - [22/Jun/2025:08:29:27 -0400] "GET /wp-includes/js/comment-reply.js HTTP/1.1" 200 3732 "-" "Mozilla/5.0 AppleWebKit/537.36 (KHTML, like Gecko; compatible; ClaudeBot/1.0; +claudebot@anthropic.com)"
216.73.216.89 - - [22/Jun/2025:08:29:27 -0400] "GET /wp-includes/interactivity-api/class-wp-interactivity-api-directives-processor.php HTTP/1.1" 500 - "-" "Mozilla/5.0 AppleWebKit/537.36 (KHTML, like Gecko; compatible; ClaudeBot/1.0; +claudebot@anthropic.com)"
198.187.29.56 - - [22/Jun/2025:08:30:06 -0400] "POST /wp-cron.php?doing_wp_cron=1750595406.4798140525817871093750 HTTP/1.1" 200 - "-" "WordPress/6.8.1; https://oakwoodeventsuganda.com"
102.85.220.210 - - [22/Jun/2025:08:30:05 -0400] "POST /wp-admin/admin-ajax.php HTTP/1.1" 200 47 "https://oakwoodeventsuganda.com/wp-admin/admin.php?page=WordfenceScan" "Mozilla/5.0 (Windows NT 10.0; Win64; x64) AppleWebKit/537.36 (KHTML, like Gecko) Chrome/137.0.0.0 Safari/537.36"
216.73.216.89 - - [22/Jun/2025:08:30:20 -0400] "GET /robots.txt HTTP/1.1" 200 176 "-" "Mozilla/5.0 AppleWebKit/537.36 (KHTML, like Gecko; compatible; ClaudeBot/1.0; +claudebot@anthropic.com)"
216.73.216.89 - - [22/Jun/2025:08:30:21 -0400] "GET /wp-includes/html-api/class-wp-html-span.php HTTP/1.1" 200 - "-" "Mozilla/5.0 AppleWebKit/537.36 (KHTML, like Gecko; compatible; ClaudeBot/1.0; +claudebot@anthropic.com)"
216.73.216.89 - - [22/Jun/2025:08:30:21 -0400] "GET /wp-includes/html-api/class-wp-html-text-replacement.php HTTP/1.1" 200 - "-" "Mozilla/5.0 AppleWebKit/537.36 (KHTML, like Gecko; compatible; ClaudeBot/1.0; +claudebot@anthropic.com)"
198.187.29.56 - - [22/Jun/2025:08:30:52 -0400] "POST /wp-cron.php?doing_wp_cron=1750595452.1370539665222167968750 HTTP/1.1" 200 - "-" "WordPress/6.8.1; https://oakwoodeventsuganda.com"
