102.85.220.210 - - [22/Jun/2025:08:30:51 -0400] "POST /wp-admin/admin-ajax.php HTTP/1.1" 200 1219 "https://oakwoodeventsuganda.com/wp-admin/admin.php?page=WordfenceScan" "Mozilla/5.0 (Windows NT 10.0; Win64; x64) AppleWebKit/537.36 (KHTML, like Gecko) Chrome/137.0.0.0 Safari/537.36"
102.85.220.210 - - [22/Jun/2025:08:30:53 -0400] "POST /wp-admin/admin-ajax.php HTTP/1.1" 200 1219 "https://oakwoodeventsuganda.com/wp-admin/admin.php?page=WordfenceScan" "Mozilla/5.0 (Windows NT 10.0; Win64; x64) AppleWebKit/537.36 (KHTML, like Gecko) Chrome/137.0.0.0 Safari/537.36"
102.85.220.210 - - [22/Jun/2025:08:30:55 -0400] "POST /wp-admin/admin-ajax.php HTTP/1.1" 200 1219 "https://oakwoodeventsuganda.com/wp-admin/admin.php?page=WordfenceScan" "Mozilla/5.0 (Windows NT 10.0; Win64; x64) AppleWebKit/537.36 (KHTML, like Gecko) Chrome/137.0.0.0 Safari/537.36"
102.85.220.210 - - [22/Jun/2025:08:30:57 -0400] "POST /wp-admin/admin-ajax.php HTTP/1.1" 200 1219 "https://oakwoodeventsuganda.com/wp-admin/admin.php?page=WordfenceScan" "Mozilla/5.0 (Windows NT 10.0; Win64; x64) AppleWebKit/537.36 (KHTML, like Gecko) Chrome/137.0.0.0 Safari/537.36"
102.85.220.210 - - [22/Jun/2025:08:31:00 -0400] "POST /wp-admin/admin-ajax.php HTTP/1.1" 200 1219 "https://oakwoodeventsuganda.com/wp-admin/admin.php?page=WordfenceScan" "Mozilla/5.0 (Windows NT 10.0; Win64; x64) AppleWebKit/537.36 (KHTML, like Gecko) Chrome/137.0.0.0 Safari/537.36"
102.85.220.210 - - [22/Jun/2025:08:31:02 -0400] "POST /wp-admin/admin-ajax.php HTTP/1.1" 200 47 "https://oakwoodeventsuganda.com/wp-admin/admin.php?page=WordfenceScan" "Mozilla/5.0 (Windows NT 10.0; Win64; x64) AppleWebKit/537.36 (KHTML, like Gecko) Chrome/137.0.0.0 Safari/537.36"
102.85.220.210 - - [22/Jun/2025:08:31:05 -0400] "POST /wp-admin/admin-ajax.php?action=ai1wm_backups HTTP/1.1" 200 33 "https://oakwoodeventsuganda.com/wp-admin/admin.php?page=ai1wm_backups" "Mozilla/5.0 (Windows NT 10.0; Win64; x64) AppleWebKit/537.36 (KHTML, like Gecko) Chrome/137.0.0.0 Safari/537.36"
102.85.220.210 - - [22/Jun/2025:08:31:09 -0400] "GET /home HTTP/1.1" 301 - "https://oakwoodeventsuganda.com/" "Mozilla/5.0 (Windows NT 10.0; Win64; x64) AppleWebKit/537.36 (KHTML, like Gecko) Chrome/137.0.0.0 Safari/537.36"
102.85.220.210 - - [22/Jun/2025:08:31:10 -0400] "GET /home/ HTTP/1.1" 200 54401 "https://oakwoodeventsuganda.com/" "Mozilla/5.0 (Windows NT 10.0; Win64; x64) AppleWebKit/537.36 (KHTML, like Gecko) Chrome/137.0.0.0 Safari/537.36"
216.73.216.89 - - [22/Jun/2025:08:31:12 -0400] "GET /wp-includes/js/swfobject.js HTTP/1.1" 200 3949 "-" "Mozilla/5.0 AppleWebKit/537.36 (KHTML, like Gecko; compatible; ClaudeBot/1.0; +claudebot@anthropic.com)"
216.73.216.89 - - [22/Jun/2025:08:31:12 -0400] "GET /wp-includes/html-api/html5-named-character-references.php HTTP/1.1" 500 - "-" "Mozilla/5.0 AppleWebKit/537.36 (KHTML, like Gecko; compatible; ClaudeBot/1.0; +claudebot@anthropic.com)"
102.85.220.210 - - [22/Jun/2025:08:31:14 -0400] "GET /wp-content/uploads/elementor/css/post-2.css?ver=1750495929 HTTP/1.1" 304 - "https://oakwoodeventsuganda.com/home/" "Mozilla/5.0 (Windows NT 10.0; Win64; x64) AppleWebKit/537.36 (KHTML, like Gecko) Chrome/137.0.0.0 Safari/537.36"
102.85.220.210 - - [22/Jun/2025:08:31:14 -0400] "GET /wp-content/uploads/2025/06/bouquet-slide-4.jpg HTTP/1.1" 304 - "https://oakwoodeventsuganda.com/wp-content/uploads/elementor/css/post-2.css?ver=1750495929" "Mozilla/5.0 (Windows NT 10.0; Win64; x64) AppleWebKit/537.36 (KHTML, like Gecko) Chrome/137.0.0.0 Safari/537.36"
102.85.220.210 - - [22/Jun/2025:08:31:14 -0400] "GET /wp-content/uploads/2025/06/bouquet-slide-1op.jpg HTTP/1.1" 304 - "https://oakwoodeventsuganda.com/wp-content/uploads/elementor/css/post-2.css?ver=1750495929" "Mozilla/5.0 (Windows NT 10.0; Win64; x64) AppleWebKit/537.36 (KHTML, like Gecko) Chrome/137.0.0.0 Safari/537.36"
102.85.220.210 - - [22/Jun/2025:08:31:14 -0400] "GET /wp-content/uploads/2025/06/bouquet-slide-2opp.jpg HTTP/1.1" 304 - "https://oakwoodeventsuganda.com/wp-content/uploads/elementor/css/post-2.css?ver=1750495929" "Mozilla/5.0 (Windows NT 10.0; Win64; x64) AppleWebKit/537.36 (KHTML, like Gecko) Chrome/137.0.0.0 Safari/537.36"
102.85.220.210 - - [22/Jun/2025:08:31:15 -0400] "GET /wp-admin/admin-ajax.php?nonce=11615ff3b2&action=ha_cond_template_type&post_id=15695 HTTP/1.1" 200 26 "https://oakwoodeventsuganda.com/home/" "Mozilla/5.0 (Windows NT 10.0; Win64; x64) AppleWebKit/537.36 (KHTML, like Gecko) Chrome/137.0.0.0 Safari/537.36"
102.85.220.210 - - [22/Jun/2025:08:31:15 -0400] "GET /wp-admin/admin-ajax.php?nonce=11615ff3b2&action=ha_cond_template_type&post_id=13889 HTTP/1.1" 200 26 "https://oakwoodeventsuganda.com/home/" "Mozilla/5.0 (Windows NT 10.0; Win64; x64) AppleWebKit/537.36 (KHTML, like Gecko) Chrome/137.0.0.0 Safari/537.36"
102.85.220.210 - - [22/Jun/2025:08:31:15 -0400] "GET /wp-admin/admin-ajax.php?nonce=11615ff3b2&action=ha_cond_template_type&post_id=16755 HTTP/1.1" 200 26 "https://oakwoodeventsuganda.com/home/" "Mozilla/5.0 (Windows NT 10.0; Win64; x64) AppleWebKit/537.36 (KHTML, like Gecko) Chrome/137.0.0.0 Safari/537.36"
102.85.220.210 - - [22/Jun/2025:08:31:15 -0400] "GET /wp-admin/admin-ajax.php?nonce=11615ff3b2&action=ha_cond_template_type&post_id=16667 HTTP/1.1" 200 26 "https://oakwoodeventsuganda.com/home/" "Mozilla/5.0 (Windows NT 10.0; Win64; x64) AppleWebKit/537.36 (KHTML, like Gecko) Chrome/137.0.0.0 Safari/537.36"
102.85.220.210 - - [22/Jun/2025:08:31:15 -0400] "POST /wp-json/metform/v1/forms/views/13889 HTTP/1.1" 200 - "https://oakwoodeventsuganda.com/home/" "Mozilla/5.0 (Windows NT 10.0; Win64; x64) AppleWebKit/537.36 (KHTML, like Gecko) Chrome/137.0.0.0 Safari/537.36"
102.85.220.210 - - [22/Jun/2025:08:31:23 -0400] "GET /wp-admin/admin.php?page=ai1wm_export HTTP/1.1" 200 89429 "https://oakwoodeventsuganda.com/wp-admin/admin.php?page=ai1wm_backups" "Mozilla/5.0 (Windows NT 10.0; Win64; x64) AppleWebKit/537.36 (KHTML, like Gecko) Chrome/137.0.0.0 Safari/537.36"
102.85.220.210 - - [22/Jun/2025:08:31:25 -0400] "GET /wp-json/wp/v2/ HTTP/1.1" 200 248719 "https://oakwoodeventsuganda.com/wp-admin/admin.php?page=ai1wm_export" "Mozilla/5.0 (Windows NT 10.0; Win64; x64) AppleWebKit/537.36 (KHTML, like Gecko) Chrome/137.0.0.0 Safari/537.36"
198.187.29.56 - - [22/Jun/2025:08:31:34 -0400] "POST /wp-cron.php?doing_wp_cron=1750595494.9101989269256591796875 HTTP/1.1" 200 - "-" "WordPress/6.8.1; https://oakwoodeventsuganda.com"
102.85.220.210 - - [22/Jun/2025:08:31:34 -0400] "POST /wp-admin/admin-ajax.php?action=ai1wm_export HTTP/1.1" 200 199 "https://oakwoodeventsuganda.com/wp-admin/admin.php?page=ai1wm_export" "Mozilla/5.0 (Windows NT 10.0; Win64; x64) AppleWebKit/537.36 (KHTML, like Gecko) Chrome/137.0.0.0 Safari/537.36"
102.85.220.210 - - [22/Jun/2025:08:31:35 -0400] "POST /wp-admin/admin-ajax.php?action=ai1wm_export HTTP/1.1" 200 199 "https://oakwoodeventsuganda.com/wp-admin/admin.php?page=ai1wm_export" "Mozilla/5.0 (Windows NT 10.0; Win64; x64) AppleWebKit/537.36 (KHTML, like Gecko) Chrome/137.0.0.0 Safari/537.36"
102.85.220.210 - - [22/Jun/2025:08:31:35 -0400] "GET /wp-admin/admin-ajax.php?action=ai1wm_status&secret_key=NLSEvRTOplJ2&_=1750595485104 HTTP/1.1" 200 82 "https://oakwoodeventsuganda.com/wp-admin/admin.php?page=ai1wm_export" "Mozilla/5.0 (Windows NT 10.0; Win64; x64) AppleWebKit/537.36 (KHTML, like Gecko) Chrome/137.0.0.0 Safari/537.36"
102.85.220.210 - - [22/Jun/2025:08:31:36 -0400] "POST /wp-admin/admin-ajax.php?action=ai1wm_export HTTP/1.1" 200 200 "https://oakwoodeventsuganda.com/wp-admin/admin.php?page=ai1wm_export" "Mozilla/5.0 (Windows NT 10.0; Win64; x64) AppleWebKit/537.36 (KHTML, like Gecko) Chrome/137.0.0.0 Safari/537.36"
102.85.220.210 - - [22/Jun/2025:08:31:38 -0400] "POST /wp-admin/admin-ajax.php?action=ai1wm_export HTTP/1.1" 200 202 "https://oakwoodeventsuganda.com/wp-admin/admin.php?page=ai1wm_export" "Mozilla/5.0 (Windows NT 10.0; Win64; x64) AppleWebKit/537.36 (KHTML, like Gecko) Chrome/137.0.0.0 Safari/537.36"
102.85.220.210 - - [22/Jun/2025:08:31:39 -0400] "GET /wp-admin/admin-ajax.php?action=ai1wm_status&secret_key=NLSEvRTOplJ2&_=1750595485105 HTTP/1.1" 200 80 "https://oakwoodeventsuganda.com/wp-admin/admin.php?page=ai1wm_export" "Mozilla/5.0 (Windows NT 10.0; Win64; x64) AppleWebKit/537.36 (KHTML, like Gecko) Chrome/137.0.0.0 Safari/537.36"
102.85.220.210 - - [22/Jun/2025:08:31:39 -0400] "POST /wp-admin/admin-ajax.php?action=ai1wm_export HTTP/1.1" 200 235 "https://oakwoodeventsuganda.com/wp-admin/admin.php?page=ai1wm_export" "Mozilla/5.0 (Windows NT 10.0; Win64; x64) AppleWebKit/537.36 (KHTML, like Gecko) Chrome/137.0.0.0 Safari/537.36"
102.85.220.210 - - [22/Jun/2025:08:31:44 -0400] "GET /wp-admin/admin-ajax.php?action=ai1wm_status&secret_key=NLSEvRTOplJ2&_=1750595485106 HTTP/1.1" 200 88 "https://oakwoodeventsuganda.com/wp-admin/admin.php?page=ai1wm_export" "Mozilla/5.0 (Windows NT 10.0; Win64; x64) AppleWebKit/537.36 (KHTML, like Gecko) Chrome/137.0.0.0 Safari/537.36"
102.85.220.210 - - [22/Jun/2025:08:31:48 -0400] "GET /wp-admin/admin-ajax.php?action=ai1wm_status&secret_key=NLSEvRTOplJ2&_=1750595485107 HTTP/1.1" 200 88 "https://oakwoodeventsuganda.com/wp-admin/admin.php?page=ai1wm_export" "Mozilla/5.0 (Windows NT 10.0; Win64; x64) AppleWebKit/537.36 (KHTML, like Gecko) Chrome/137.0.0.0 Safari/537.36"
102.85.220.210 - - [22/Jun/2025:08:31:42 -0400] "POST /wp-admin/admin-ajax.php?action=ai1wm_export HTTP/1.1" 200 294 "https://oakwoodeventsuganda.com/wp-admin/admin.php?page=ai1wm_export" "Mozilla/5.0 (Windows NT 10.0; Win64; x64) AppleWebKit/537.36 (KHTML, like Gecko) Chrome/137.0.0.0 Safari/537.36"
102.85.220.210 - - [22/Jun/2025:08:31:52 -0400] "GET /wp-admin/admin-ajax.php?action=ai1wm_status&secret_key=NLSEvRTOplJ2&_=1750595485108 HTTP/1.1" 200 89 "https://oakwoodeventsuganda.com/wp-admin/admin.php?page=ai1wm_export" "Mozilla/5.0 (Windows NT 10.0; Win64; x64) AppleWebKit/537.36 (KHTML, like Gecko) Chrome/137.0.0.0 Safari/537.36"
102.85.220.210 - - [22/Jun/2025:08:31:56 -0400] "GET /wp-admin/admin-ajax.php?action=ai1wm_status&secret_key=NLSEvRTOplJ2&_=1750595485109 HTTP/1.1" 200 89 "https://oakwoodeventsuganda.com/wp-admin/admin.php?page=ai1wm_export" "Mozilla/5.0 (Windows NT 10.0; Win64; x64) AppleWebKit/537.36 (KHTML, like Gecko) Chrome/137.0.0.0 Safari/537.36"
185.191.171.17 - - [22/Jun/2025:08:32:00 -0400] "GET /robots.txt HTTP/1.1" 200 176 "-" "Mozilla/5.0 (compatible; SemrushBot/7~bl; +http://www.semrush.com/bot.html)"
102.85.220.210 - - [22/Jun/2025:08:32:01 -0400] "GET /wp-admin/admin-ajax.php?action=ai1wm_status&secret_key=NLSEvRTOplJ2&_=1750595485110 HTTP/1.1" 200 89 "https://oakwoodeventsuganda.com/wp-admin/admin.php?page=ai1wm_export" "Mozilla/5.0 (Windows NT 10.0; Win64; x64) AppleWebKit/537.36 (KHTML, like Gecko) Chrome/137.0.0.0 Safari/537.36"
185.191.171.11 - - [22/Jun/2025:08:32:02 -0400] "GET /casino-utan-svensk-licens-2025-spela-utan-spelpaus/ HTTP/1.1" 200 46364 "-" "Mozilla/5.0 (compatible; SemrushBot/7~bl; +http://www.semrush.com/bot.html)"
102.85.220.210 - - [22/Jun/2025:08:31:53 -0400] "POST /wp-admin/admin-ajax.php?action=ai1wm_export HTTP/1.1" 200 295 "https://oakwoodeventsuganda.com/wp-admin/admin.php?page=ai1wm_export" "Mozilla/5.0 (Windows NT 10.0; Win64; x64) AppleWebKit/537.36 (KHTML, like Gecko) Chrome/137.0.0.0 Safari/537.36"
216.73.216.89 - - [22/Jun/2025:08:32:05 -0400] "GET /wp-includes/html-api/class-wp-html-token.php HTTP/1.1" 200 - "-" "Mozilla/5.0 AppleWebKit/537.36 (KHTML, like Gecko; compatible; ClaudeBot/1.0; +claudebot@anthropic.com)"
216.73.216.89 - - [22/Jun/2025:08:32:05 -0400] "GET /wp-includes/interactivity-api/class-wp-interactivity-api.php HTTP/1.1" 200 - "-" "Mozilla/5.0 AppleWebKit/537.36 (KHTML, like Gecko; compatible; ClaudeBot/1.0; +claudebot@anthropic.com)"
102.85.220.210 - - [22/Jun/2025:08:32:05 -0400] "GET /wp-admin/admin-ajax.php?action=ai1wm_status&secret_key=NLSEvRTOplJ2&_=1750595485111 HTTP/1.1" 200 89 "https://oakwoodeventsuganda.com/wp-admin/admin.php?page=ai1wm_export" "Mozilla/5.0 (Windows NT 10.0; Win64; x64) AppleWebKit/537.36 (KHTML, like Gecko) Chrome/137.0.0.0 Safari/537.36"
102.85.220.210 - - [22/Jun/2025:08:32:09 -0400] "GET /wp-admin/admin-ajax.php?action=ai1wm_status&secret_key=NLSEvRTOplJ2&_=1750595485112 HTTP/1.1" 200 89 "https://oakwoodeventsuganda.com/wp-admin/admin.php?page=ai1wm_export" "Mozilla/5.0 (Windows NT 10.0; Win64; x64) AppleWebKit/537.36 (KHTML, like Gecko) Chrome/137.0.0.0 Safari/537.36"
102.85.220.210 - - [22/Jun/2025:08:32:13 -0400] "GET /wp-admin/admin-ajax.php?action=ai1wm_status&secret_key=NLSEvRTOplJ2&_=1750595485113 HTTP/1.1" 200 89 "https://oakwoodeventsuganda.com/wp-admin/admin.php?page=ai1wm_export" "Mozilla/5.0 (Windows NT 10.0; Win64; x64) AppleWebKit/537.36 (KHTML, like Gecko) Chrome/137.0.0.0 Safari/537.36"
102.85.220.210 - - [22/Jun/2025:08:32:04 -0400] "POST /wp-admin/admin-ajax.php?action=ai1wm_export HTTP/1.1" 200 296 "https://oakwoodeventsuganda.com/wp-admin/admin.php?page=ai1wm_export" "Mozilla/5.0 (Windows NT 10.0; Win64; x64) AppleWebKit/537.36 (KHTML, like Gecko) Chrome/137.0.0.0 Safari/537.36"
102.85.220.210 - - [22/Jun/2025:08:32:17 -0400] "GET /wp-admin/admin-ajax.php?action=ai1wm_status&secret_key=NLSEvRTOplJ2&_=1750595485114 HTTP/1.1" 200 89 "https://oakwoodeventsuganda.com/wp-admin/admin.php?page=ai1wm_export" "Mozilla/5.0 (Windows NT 10.0; Win64; x64) AppleWebKit/537.36 (KHTML, like Gecko) Chrome/137.0.0.0 Safari/537.36"
102.85.220.210 - - [22/Jun/2025:08:32:21 -0400] "GET /wp-admin/admin-ajax.php?action=ai1wm_status&secret_key=NLSEvRTOplJ2&_=1750595485115 HTTP/1.1" 200 89 "https://oakwoodeventsuganda.com/wp-admin/admin.php?page=ai1wm_export" "Mozilla/5.0 (Windows NT 10.0; Win64; x64) AppleWebKit/537.36 (KHTML, like Gecko) Chrome/137.0.0.0 Safari/537.36"
102.85.220.210 - - [22/Jun/2025:08:32:26 -0400] "GET /wp-admin/admin-ajax.php?action=ai1wm_status&secret_key=NLSEvRTOplJ2&_=1750595485116 HTTP/1.1" 200 89 "https://oakwoodeventsuganda.com/wp-admin/admin.php?page=ai1wm_export" "Mozilla/5.0 (Windows NT 10.0; Win64; x64) AppleWebKit/537.36 (KHTML, like Gecko) Chrome/137.0.0.0 Safari/537.36"
102.85.220.210 - - [22/Jun/2025:08:32:17 -0400] "POST /wp-admin/admin-ajax.php?action=ai1wm_export HTTP/1.1" 200 295 "https://oakwoodeventsuganda.com/wp-admin/admin.php?page=ai1wm_export" "Mozilla/5.0 (Windows NT 10.0; Win64; x64) AppleWebKit/537.36 (KHTML, like Gecko) Chrome/137.0.0.0 Safari/537.36"
198.187.29.56 - - [22/Jun/2025:08:32:30 -0400] "POST /wp-cron.php?doing_wp_cron=1750595550.5161659717559814453125 HTTP/1.1" 200 - "-" "WordPress/6.8.1; https://oakwoodeventsuganda.com"
102.85.220.210 - - [22/Jun/2025:08:32:30 -0400] "GET /wp-admin/admin-ajax.php?action=ai1wm_status&secret_key=NLSEvRTOplJ2&_=1750595485117 HTTP/1.1" 200 89 "https://oakwoodeventsuganda.com/wp-admin/admin.php?page=ai1wm_export" "Mozilla/5.0 (Windows NT 10.0; Win64; x64) AppleWebKit/537.36 (KHTML, like Gecko) Chrome/137.0.0.0 Safari/537.36"
102.85.220.210 - - [22/Jun/2025:08:32:35 -0400] "GET /wp-admin/admin-ajax.php?action=ai1wm_status&secret_key=NLSEvRTOplJ2&_=1750595485118 HTTP/1.1" 200 89 "https://oakwoodeventsuganda.com/wp-admin/admin.php?page=ai1wm_export" "Mozilla/5.0 (Windows NT 10.0; Win64; x64) AppleWebKit/537.36 (KHTML, like Gecko) Chrome/137.0.0.0 Safari/537.36"
102.85.220.210 - - [22/Jun/2025:08:32:39 -0400] "GET /wp-admin/admin-ajax.php?action=ai1wm_status&secret_key=NLSEvRTOplJ2&_=1750595485119 HTTP/1.1" 200 89 "https://oakwoodeventsuganda.com/wp-admin/admin.php?page=ai1wm_export" "Mozilla/5.0 (Windows NT 10.0; Win64; x64) AppleWebKit/537.36 (KHTML, like Gecko) Chrome/137.0.0.0 Safari/537.36"
102.85.220.210 - - [22/Jun/2025:08:32:29 -0400] "POST /wp-admin/admin-ajax.php?action=ai1wm_export HTTP/1.1" 200 296 "https://oakwoodeventsuganda.com/wp-admin/admin.php?page=ai1wm_export" "Mozilla/5.0 (Windows NT 10.0; Win64; x64) AppleWebKit/537.36 (KHTML, like Gecko) Chrome/137.0.0.0 Safari/537.36"
102.85.220.210 - - [22/Jun/2025:08:32:43 -0400] "GET /wp-admin/admin-ajax.php?action=ai1wm_status&secret_key=NLSEvRTOplJ2&_=1750595485120 HTTP/1.1" 200 89 "https://oakwoodeventsuganda.com/wp-admin/admin.php?page=ai1wm_export" "Mozilla/5.0 (Windows NT 10.0; Win64; x64) AppleWebKit/537.36 (KHTML, like Gecko) Chrome/137.0.0.0 Safari/537.36"
102.85.220.210 - - [22/Jun/2025:08:32:48 -0400] "GET /wp-admin/admin-ajax.php?action=ai1wm_status&secret_key=NLSEvRTOplJ2&_=1750595485121 HTTP/1.1" 200 89 "https://oakwoodeventsuganda.com/wp-admin/admin.php?page=ai1wm_export" "Mozilla/5.0 (Windows NT 10.0; Win64; x64) AppleWebKit/537.36 (KHTML, like Gecko) Chrome/137.0.0.0 Safari/537.36"
102.85.220.210 - - [22/Jun/2025:08:32:41 -0400] "POST /wp-admin/admin-ajax.php?action=ai1wm_export HTTP/1.1" 200 298 "https://oakwoodeventsuganda.com/wp-admin/admin.php?page=ai1wm_export" "Mozilla/5.0 (Windows NT 10.0; Win64; x64) AppleWebKit/537.36 (KHTML, like Gecko) Chrome/137.0.0.0 Safari/537.36"
102.85.220.210 - - [22/Jun/2025:08:32:52 -0400] "GET /wp-admin/admin-ajax.php?action=ai1wm_status&secret_key=NLSEvRTOplJ2&_=1750595485122 HTTP/1.1" 200 89 "https://oakwoodeventsuganda.com/wp-admin/admin.php?page=ai1wm_export" "Mozilla/5.0 (Windows NT 10.0; Win64; x64) AppleWebKit/537.36 (KHTML, like Gecko) Chrome/137.0.0.0 Safari/537.36"
102.85.220.210 - - [22/Jun/2025:08:32:57 -0400] "GET /wp-admin/admin-ajax.php?action=ai1wm_status&secret_key=NLSEvRTOplJ2&_=1750595485123 HTTP/1.1" 200 89 "https://oakwoodeventsuganda.com/wp-admin/admin.php?page=ai1wm_export" "Mozilla/5.0 (Windows NT 10.0; Win64; x64) AppleWebKit/537.36 (KHTML, like Gecko) Chrome/137.0.0.0 Safari/537.36"
216.73.216.89 - - [22/Jun/2025:08:32:58 -0400] "GET /wp-includes/js/wp-custom-header.js HTTP/1.1" 200 2947 "-" "Mozilla/5.0 AppleWebKit/537.36 (KHTML, like Gecko; compatible; ClaudeBot/1.0; +claudebot@anthropic.com)"
216.73.216.89 - - [22/Jun/2025:08:32:58 -0400] "GET /wp-includes/js/utils.js HTTP/1.1" 200 1686 "-" "Mozilla/5.0 AppleWebKit/537.36 (KHTML, like Gecko; compatible; ClaudeBot/1.0; +claudebot@anthropic.com)"
198.98.57.22 - - [22/Jun/2025:08:32:58 -0400] "GET /wp-login.php HTTP/1.1" 200 6875 "-" "Mozilla/5.0 (Windows NT 6.1; WOW64; rv:31.0) Gecko/20100101 Firefox/31.0"
198.98.57.22 - - [22/Jun/2025:08:32:59 -0400] "POST /wp-login.php HTTP/1.1" 503 18957 "-" "Mozilla/5.0 (Windows NT 6.1; WOW64; rv:31.0) Gecko/20100101 Firefox/31.0"
102.85.220.210 - - [22/Jun/2025:08:33:01 -0400] "GET /wp-admin/admin-ajax.php?action=ai1wm_status&secret_key=NLSEvRTOplJ2&_=1750595485124 HTTP/1.1" 200 89 "https://oakwoodeventsuganda.com/wp-admin/admin.php?page=ai1wm_export" "Mozilla/5.0 (Windows NT 10.0; Win64; x64) AppleWebKit/537.36 (KHTML, like Gecko) Chrome/137.0.0.0 Safari/537.36"
198.98.57.22 - - [22/Jun/2025:08:33:02 -0400] "GET /wp-admin/themes.php HTTP/1.1" 503 18957 "-" "python-requests/2.27.1"
102.85.220.210 - - [22/Jun/2025:08:32:52 -0400] "POST /wp-admin/admin-ajax.php?action=ai1wm_export HTTP/1.1" 200 297 "https://oakwoodeventsuganda.com/wp-admin/admin.php?page=ai1wm_export" "Mozilla/5.0 (Windows NT 10.0; Win64; x64) AppleWebKit/537.36 (KHTML, like Gecko) Chrome/137.0.0.0 Safari/537.36"
198.98.57.22 - - [22/Jun/2025:08:33:03 -0400] "GET /wp-admin/plugin-install.php?tab=upload HTTP/1.1" 503 18957 "-" "python-requests/2.27.1"
102.85.220.210 - - [22/Jun/2025:08:33:03 -0400] "POST /wp-admin/admin-ajax.php HTTP/1.1" 200 47 "https://oakwoodeventsuganda.com/wp-admin/admin.php?page=WordfenceScan" "Mozilla/5.0 (Windows NT 10.0; Win64; x64) AppleWebKit/537.36 (KHTML, like Gecko) Chrome/137.0.0.0 Safari/537.36"
102.85.220.210 - - [22/Jun/2025:08:33:05 -0400] "GET /wp-admin/admin-ajax.php?action=ai1wm_status&secret_key=NLSEvRTOplJ2&_=1750595485125 HTTP/1.1" 200 89 "https://oakwoodeventsuganda.com/wp-admin/admin.php?page=ai1wm_export" "Mozilla/5.0 (Windows NT 10.0; Win64; x64) AppleWebKit/537.36 (KHTML, like Gecko) Chrome/137.0.0.0 Safari/537.36"
102.85.220.210 - - [22/Jun/2025:08:33:10 -0400] "GET /wp-admin/admin-ajax.php?action=ai1wm_status&secret_key=NLSEvRTOplJ2&_=1750595485126 HTTP/1.1" 200 89 "https://oakwoodeventsuganda.com/wp-admin/admin.php?page=ai1wm_export" "Mozilla/5.0 (Windows NT 10.0; Win64; x64) AppleWebKit/537.36 (KHTML, like Gecko) Chrome/137.0.0.0 Safari/537.36"
102.85.220.210 - - [22/Jun/2025:08:33:04 -0400] "POST /wp-admin/admin-ajax.php?action=ai1wm_export HTTP/1.1" 200 296 "https://oakwoodeventsuganda.com/wp-admin/admin.php?page=ai1wm_export" "Mozilla/5.0 (Windows NT 10.0; Win64; x64) AppleWebKit/537.36 (KHTML, like Gecko) Chrome/137.0.0.0 Safari/537.36"
102.85.220.210 - - [22/Jun/2025:08:33:14 -0400] "GET /wp-admin/admin-ajax.php?action=ai1wm_status&secret_key=NLSEvRTOplJ2&_=1750595485127 HTTP/1.1" 200 89 "https://oakwoodeventsuganda.com/wp-admin/admin.php?page=ai1wm_export" "Mozilla/5.0 (Windows NT 10.0; Win64; x64) AppleWebKit/537.36 (KHTML, like Gecko) Chrome/137.0.0.0 Safari/537.36"
102.85.220.210 - - [22/Jun/2025:08:33:15 -0400] "POST /wp-admin/admin-ajax.php?action=ai1wm_export HTTP/1.1" 200 200 "https://oakwoodeventsuganda.com/wp-admin/admin.php?page=ai1wm_export" "Mozilla/5.0 (Windows NT 10.0; Win64; x64) AppleWebKit/537.36 (KHTML, like Gecko) Chrome/137.0.0.0 Safari/537.36"
102.85.220.210 - - [22/Jun/2025:08:33:19 -0400] "GET /wp-admin/admin-ajax.php?action=ai1wm_status&secret_key=NLSEvRTOplJ2&_=1750595485128 HTTP/1.1" 200 89 "https://oakwoodeventsuganda.com/wp-admin/admin.php?page=ai1wm_export" "Mozilla/5.0 (Windows NT 10.0; Win64; x64) AppleWebKit/537.36 (KHTML, like Gecko) Chrome/137.0.0.0 Safari/537.36"
102.85.220.210 - - [22/Jun/2025:08:33:23 -0400] "GET /wp-admin/admin-ajax.php?action=ai1wm_status&secret_key=NLSEvRTOplJ2&_=1750595485129 HTTP/1.1" 200 85 "https://oakwoodeventsuganda.com/wp-admin/admin.php?page=ai1wm_export" "Mozilla/5.0 (Windows NT 10.0; Win64; x64) AppleWebKit/537.36 (KHTML, like Gecko) Chrome/137.0.0.0 Safari/537.36"
102.85.220.210 - - [22/Jun/2025:08:33:20 -0400] "POST /wp-admin/admin-ajax.php?action=ai1wm_export HTTP/1.1" 200 200 "https://oakwoodeventsuganda.com/wp-admin/admin.php?page=ai1wm_export" "Mozilla/5.0 (Windows NT 10.0; Win64; x64) AppleWebKit/537.36 (KHTML, like Gecko) Chrome/137.0.0.0 Safari/537.36"
198.187.29.56 - - [22/Jun/2025:08:33:30 -0400] "POST /wp-cron.php?doing_wp_cron=1750595610.2124540805816650390625 HTTP/1.1" 200 - "-" "WordPress/6.8.1; https://oakwoodeventsuganda.com"
102.85.220.210 - - [22/Jun/2025:08:33:29 -0400] "GET /wp-admin/admin-ajax.php?action=ai1wm_status&secret_key=NLSEvRTOplJ2&_=1750595485130 HTTP/1.1" 200 85 "https://oakwoodeventsuganda.com/wp-admin/admin.php?page=ai1wm_export" "Mozilla/5.0 (Windows NT 10.0; Win64; x64) AppleWebKit/537.36 (KHTML, like Gecko) Chrome/137.0.0.0 Safari/537.36"
102.85.220.210 - - [22/Jun/2025:08:33:27 -0400] "POST /wp-admin/admin-ajax.php?action=ai1wm_export HTTP/1.1" 200 200 "https://oakwoodeventsuganda.com/wp-admin/admin.php?page=ai1wm_export" "Mozilla/5.0 (Windows NT 10.0; Win64; x64) AppleWebKit/537.36 (KHTML, like Gecko) Chrome/137.0.0.0 Safari/537.36"
102.85.220.210 - - [22/Jun/2025:08:33:40 -0400] "POST /wp-admin/admin-ajax.php?action=ai1wm_export HTTP/1.1" 200 200 "https://oakwoodeventsuganda.com/wp-admin/admin.php?page=ai1wm_export" "Mozilla/5.0 (Windows NT 10.0; Win64; x64) AppleWebKit/537.36 (KHTML, like Gecko) Chrome/137.0.0.0 Safari/537.36"
102.85.220.210 - - [22/Jun/2025:08:33:42 -0400] "GET /wp-admin/admin-ajax.php?action=ai1wm_status&secret_key=NLSEvRTOplJ2&_=1750595485131 HTTP/1.1" 200 203 "https://oakwoodeventsuganda.com/wp-admin/admin.php?page=ai1wm_export" "Mozilla/5.0 (Windows NT 10.0; Win64; x64) AppleWebKit/537.36 (KHTML, like Gecko) Chrome/137.0.0.0 Safari/537.36"
102.85.220.210 - - [22/Jun/2025:08:33:45 -0400] "POST /wp-admin/admin-ajax.php?action=ai1wm_export HTTP/1.1" 200 - "https://oakwoodeventsuganda.com/wp-admin/admin.php?page=ai1wm_export" "Mozilla/5.0 (Windows NT 10.0; Win64; x64) AppleWebKit/537.36 (KHTML, like Gecko) Chrome/137.0.0.0 Safari/537.36"
85.208.96.206 - - [22/Jun/2025:08:33:49 -0400] "GET /kakim-obrazom-zarabatyvat-realnye-finansy-v-28/ HTTP/1.1" 200 39848 "-" "Mozilla/5.0 (compatible; SemrushBot/7~bl; +http://www.semrush.com/bot.html)"
216.73.216.89 - - [22/Jun/2025:08:34:23 -0400] "GET /wp-includes/js/zxcvbn-async.js HTTP/1.1" 200 440 "-" "Mozilla/5.0 AppleWebKit/537.36 (KHTML, like Gecko; compatible; ClaudeBot/1.0; +claudebot@anthropic.com)"
216.73.216.89 - - [22/Jun/2025:08:34:23 -0400] "GET /wp-includes/html-api/class-wp-html-decoder.php HTTP/1.1" 200 - "-" "Mozilla/5.0 AppleWebKit/537.36 (KHTML, like Gecko; compatible; ClaudeBot/1.0; +claudebot@anthropic.com)"
198.187.29.56 - - [22/Jun/2025:08:34:31 -0400] "POST /wp-cron.php?doing_wp_cron=1750595671.7954668998718261718750 HTTP/1.1" 200 - "-" "WordPress/6.8.1; https://oakwoodeventsuganda.com"
102.85.220.210 - - [22/Jun/2025:08:34:31 -0400] "POST /wp-admin/admin-ajax.php HTTP/1.1" 200 47 "https://oakwoodeventsuganda.com/wp-admin/admin.php?page=WordfenceScan" "Mozilla/5.0 (Windows NT 10.0; Win64; x64) AppleWebKit/537.36 (KHTML, like Gecko) Chrome/137.0.0.0 Safari/537.36"
102.85.220.210 - - [22/Jun/2025:08:34:31 -0400] "POST /wp-admin/admin-ajax.php HTTP/1.1" 200 1219 "https://oakwoodeventsuganda.com/wp-admin/admin.php?page=WordfenceScan" "Mozilla/5.0 (Windows NT 10.0; Win64; x64) AppleWebKit/537.36 (KHTML, like Gecko) Chrome/137.0.0.0 Safari/537.36"
102.85.220.210 - - [22/Jun/2025:08:34:34 -0400] "POST /wp-admin/admin-ajax.php HTTP/1.1" 200 1219 "https://oakwoodeventsuganda.com/wp-admin/admin.php?page=WordfenceScan" "Mozilla/5.0 (Windows NT 10.0; Win64; x64) AppleWebKit/537.36 (KHTML, like Gecko) Chrome/137.0.0.0 Safari/537.36"
102.85.220.210 - - [22/Jun/2025:08:34:36 -0400] "POST /wp-admin/admin-ajax.php HTTP/1.1" 200 1219 "https://oakwoodeventsuganda.com/wp-admin/admin.php?page=WordfenceScan" "Mozilla/5.0 (Windows NT 10.0; Win64; x64) AppleWebKit/537.36 (KHTML, like Gecko) Chrome/137.0.0.0 Safari/537.36"
102.85.220.210 - - [22/Jun/2025:08:34:37 -0400] "POST /wp-admin/admin-ajax.php HTTP/1.1" 200 1219 "https://oakwoodeventsuganda.com/wp-admin/admin.php?page=WordfenceScan" "Mozilla/5.0 (Windows NT 10.0; Win64; x64) AppleWebKit/537.36 (KHTML, like Gecko) Chrome/137.0.0.0 Safari/537.36"
102.85.220.210 - - [22/Jun/2025:08:34:39 -0400] "POST /wp-admin/admin-ajax.php HTTP/1.1" 200 1219 "https://oakwoodeventsuganda.com/wp-admin/admin.php?page=WordfenceScan" "Mozilla/5.0 (Windows NT 10.0; Win64; x64) AppleWebKit/537.36 (KHTML, like Gecko) Chrome/137.0.0.0 Safari/537.36"
102.85.220.210 - - [22/Jun/2025:08:34:42 -0400] "POST /wp-admin/admin-ajax.php HTTP/1.1" 200 1219 "https://oakwoodeventsuganda.com/wp-admin/admin.php?page=WordfenceScan" "Mozilla/5.0 (Windows NT 10.0; Win64; x64) AppleWebKit/537.36 (KHTML, like Gecko) Chrome/137.0.0.0 Safari/537.36"
102.85.220.210 - - [22/Jun/2025:08:34:43 -0400] "POST /wp-admin/admin-ajax.php HTTP/1.1" 200 1219 "https://oakwoodeventsuganda.com/wp-admin/admin.php?page=WordfenceScan" "Mozilla/5.0 (Windows NT 10.0; Win64; x64) AppleWebKit/537.36 (KHTML, like Gecko) Chrome/137.0.0.0 Safari/537.36"
102.85.220.210 - - [22/Jun/2025:08:35:00 -0400] "GET /portfolio/ HTTP/1.1" 200 34350 "-" "Mozilla/5.0 (Linux; Android 10; K) AppleWebKit/537.36 (KHTML, like Gecko) Chrome/137.0.0.0 Mobile Safari/537.36"
102.85.220.210 - - [22/Jun/2025:08:35:03 -0400] "GET /wp-content/plugins/premium-addons-for-elementor/assets/frontend/min-css/premium-addons.min.css?ver=4.11.14 HTTP/1.1" 304 - "https://oakwoodeventsuganda.com/portfolio/" "Mozilla/5.0 (Linux; Android 10; K) AppleWebKit/537.36 (KHTML, like Gecko) Chrome/137.0.0.0 Mobile Safari/537.36"
102.85.220.210 - - [22/Jun/2025:08:35:03 -0400] "GET /wp-content/plugins/happy-elementor-addons/assets/fonts/style.min.css?ver=3.18.0 HTTP/1.1" 304 - "https://oakwoodeventsuganda.com/portfolio/" "Mozilla/5.0 (Linux; Android 10; K) AppleWebKit/537.36 (KHTML, like Gecko) Chrome/137.0.0.0 Mobile Safari/537.36"
102.85.220.210 - - [22/Jun/2025:08:35:03 -0400] "GET /wp-content/plugins/addon-elements-for-elementor-page-builder/assets/css/eae.min.css?ver=1.14.1 HTTP/1.1" 304 - "https://oakwoodeventsuganda.com/portfolio/" "Mozilla/5.0 (Linux; Android 10; K) AppleWebKit/537.36 (KHTML, like Gecko) Chrome/137.0.0.0 Mobile Safari/537.36"
102.85.220.210 - - [22/Jun/2025:08:35:03 -0400] "GET /wp-content/plugins/bdthemes-prime-slider-lite/assets/css/prime-slider-site.css?ver=3.17.14 HTTP/1.1" 304 - "https://oakwoodeventsuganda.com/portfolio/" "Mozilla/5.0 (Linux; Android 10; K) AppleWebKit/537.36 (KHTML, like Gecko) Chrome/137.0.0.0 Mobile Safari/537.36"
102.85.220.210 - - [22/Jun/2025:08:35:03 -0400] "GET /wp-content/plugins/bdthemes-prime-slider-lite/assets/css/bdt-uikit.css?ver=3.21.7 HTTP/1.1" 304 - "https://oakwoodeventsuganda.com/portfolio/" "Mozilla/5.0 (Linux; Android 10; K) AppleWebKit/537.36 (KHTML, like Gecko) Chrome/137.0.0.0 Mobile Safari/537.36"
102.85.220.210 - - [22/Jun/2025:08:35:03 -0400] "GET /wp-content/plugins/happy-elementor-addons/assets/vendor/dom-purify/purify.min.js?ver=3.1.6 HTTP/1.1" 304 - "https://oakwoodeventsuganda.com/portfolio/" "Mozilla/5.0 (Linux; Android 10; K) AppleWebKit/537.36 (KHTML, like Gecko) Chrome/137.0.0.0 Mobile Safari/537.36"
102.85.220.210 - - [22/Jun/2025:08:35:03 -0400] "GET /wp-content/plugins/bdthemes-prime-slider-lite/assets/js/bdt-uikit.min.js?ver=3.21.7 HTTP/1.1" 304 - "https://oakwoodeventsuganda.com/portfolio/" "Mozilla/5.0 (Linux; Android 10; K) AppleWebKit/537.36 (KHTML, like Gecko) Chrome/137.0.0.0 Mobile Safari/537.36"
102.85.220.210 - - [22/Jun/2025:08:35:03 -0400] "GET /wp-content/plugins/addon-elements-for-elementor-page-builder/assets/js/eae.min.js?ver=1.14.1 HTTP/1.1" 304 - "https://oakwoodeventsuganda.com/portfolio/" "Mozilla/5.0 (Linux; Android 10; K) AppleWebKit/537.36 (KHTML, like Gecko) Chrome/137.0.0.0 Mobile Safari/537.36"
102.85.220.210 - - [22/Jun/2025:08:35:03 -0400] "GET /wp-content/plugins/addon-elements-for-elementor-page-builder/build/index.min.js?ver=1.14.1 HTTP/1.1" 304 - "https://oakwoodeventsuganda.com/portfolio/" "Mozilla/5.0 (Linux; Android 10; K) AppleWebKit/537.36 (KHTML, like Gecko) Chrome/137.0.0.0 Mobile Safari/537.36"
102.85.220.210 - - [22/Jun/2025:08:35:03 -0400] "GET /wp-content/plugins/addon-elements-for-elementor-page-builder/assets/js/animated-main.min.js?ver=1.0 HTTP/1.1" 304 - "https://oakwoodeventsuganda.com/portfolio/" "Mozilla/5.0 (Linux; Android 10; K) AppleWebKit/537.36 (KHTML, like Gecko) Chrome/137.0.0.0 Mobile Safari/537.36"
102.85.220.210 - - [22/Jun/2025:08:35:03 -0400] "GET /wp-content/plugins/happy-elementor-addons/assets/js/extension-reading-progress-bar.min.js?ver=3.18.0 HTTP/1.1" 304 - "https://oakwoodeventsuganda.com/portfolio/" "Mozilla/5.0 (Linux; Android 10; K) AppleWebKit/537.36 (KHTML, like Gecko) Chrome/137.0.0.0 Mobile Safari/537.36"
102.85.220.210 - - [22/Jun/2025:08:35:03 -0400] "GET /wp-content/plugins/happy-elementor-addons/assets/js/happy-addons.min.js?ver=3.18.0 HTTP/1.1" 304 - "https://oakwoodeventsuganda.com/portfolio/" "Mozilla/5.0 (Linux; Android 10; K) AppleWebKit/537.36 (KHTML, like Gecko) Chrome/137.0.0.0 Mobile Safari/537.36"
102.85.220.210 - - [22/Jun/2025:08:35:04 -0400] "GET /wp-content/plugins/bdthemes-prime-slider-lite/assets/js/prime-slider-site.min.js?ver=3.17.14 HTTP/1.1" 304 - "https://oakwoodeventsuganda.com/portfolio/" "Mozilla/5.0 (Linux; Android 10; K) AppleWebKit/537.36 (KHTML, like Gecko) Chrome/137.0.0.0 Mobile Safari/537.36"
102.85.220.210 - - [22/Jun/2025:08:35:05 -0400] "GET /wp-content/uploads/2025/05/w-cover-1024x682.jpg HTTP/1.1" 304 - "https://oakwoodeventsuganda.com/portfolio/" "Mozilla/5.0 (Linux; Android 10; K) AppleWebKit/537.36 (KHTML, like Gecko) Chrome/137.0.0.0 Mobile Safari/537.36"
102.85.220.210 - - [22/Jun/2025:08:35:05 -0400] "POST /wp-json/metform/v1/forms/views/13889 HTTP/1.1" 200 - "https://oakwoodeventsuganda.com/portfolio/" "Mozilla/5.0 (Linux; Android 10; K) AppleWebKit/537.36 (KHTML, like Gecko) Chrome/137.0.0.0 Mobile Safari/537.36"
102.85.220.210 - - [22/Jun/2025:08:35:10 -0400] "GET /wp-content/uploads/2022/05/cv-1024x683.jpeg HTTP/1.1" 200 123349 "https://oakwoodeventsuganda.com/portfolio/" "Mozilla/5.0 (Linux; Android 10; K) AppleWebKit/537.36 (KHTML, like Gecko) Chrome/137.0.0.0 Mobile Safari/537.36"
102.85.220.210 - - [22/Jun/2025:08:35:10 -0400] "GET /wp-content/uploads/2022/03/WhatsApp-Image-2022-01-15-at-3.10.15-AM.jpeg HTTP/1.1" 200 170400 "https://oakwoodeventsuganda.com/portfolio/" "Mozilla/5.0 (Linux; Android 10; K) AppleWebKit/537.36 (KHTML, like Gecko) Chrome/137.0.0.0 Mobile Safari/537.36"
102.85.220.210 - - [22/Jun/2025:08:35:10 -0400] "GET /wp-content/uploads/2022/03/IMG-20220112-WA0024-e1648696450169.jpg HTTP/1.1" 200 107664 "https://oakwoodeventsuganda.com/portfolio/" "Mozilla/5.0 (Linux; Android 10; K) AppleWebKit/537.36 (KHTML, like Gecko) Chrome/137.0.0.0 Mobile Safari/537.36"
102.85.220.210 - - [22/Jun/2025:08:35:08 -0400] "GET /home/ HTTP/1.1" 200 39089 "https://oakwoodeventsuganda.com/portfolio/" "Mozilla/5.0 (Linux; Android 10; K) AppleWebKit/537.36 (KHTML, like Gecko) Chrome/137.0.0.0 Mobile Safari/537.36"
102.85.220.210 - - [22/Jun/2025:08:35:08 -0400] "GET /home/ HTTP/1.1" 200 39082 "https://oakwoodeventsuganda.com/portfolio/" "Mozilla/5.0 (Linux; Android 10; K) AppleWebKit/537.36 (KHTML, like Gecko) Chrome/137.0.0.0 Mobile Safari/537.36"
102.85.220.210 - - [22/Jun/2025:08:35:09 -0400] "GET /portfolio/shazmin-and-aks-40th-birthday-soiree/ HTTP/1.1" 200 36440 "https://oakwoodeventsuganda.com/portfolio/" "Mozilla/5.0 (Linux; Android 10; K) AppleWebKit/537.36 (KHTML, like Gecko) Chrome/137.0.0.0 Mobile Safari/537.36"
102.85.220.210 - - [22/Jun/2025:08:35:12 -0400] "GET /wp-content/uploads/elementor/css/post-2.css?ver=1750495929 HTTP/1.1" 304 - "https://oakwoodeventsuganda.com/home/" "Mozilla/5.0 (Linux; Android 10; K) AppleWebKit/537.36 (KHTML, like Gecko) Chrome/137.0.0.0 Mobile Safari/537.36"
102.85.220.210 - - [22/Jun/2025:08:35:13 -0400] "GET /wp-content/uploads/2025/06/bouquet-slide-2opp.jpg HTTP/1.1" 304 - "https://oakwoodeventsuganda.com/wp-content/uploads/elementor/css/post-2.css?ver=1750495929" "Mozilla/5.0 (Linux; Android 10; K) AppleWebKit/537.36 (KHTML, like Gecko) Chrome/137.0.0.0 Mobile Safari/537.36"
102.85.220.210 - - [22/Jun/2025:08:35:13 -0400] "GET /wp-content/uploads/2025/06/bouquet-slide-1op.jpg HTTP/1.1" 304 - "https://oakwoodeventsuganda.com/wp-content/uploads/elementor/css/post-2.css?ver=1750495929" "Mozilla/5.0 (Linux; Android 10; K) AppleWebKit/537.36 (KHTML, like Gecko) Chrome/137.0.0.0 Mobile Safari/537.36"
102.85.220.210 - - [22/Jun/2025:08:35:13 -0400] "GET /wp-content/uploads/2025/06/bouquet-slide-4.jpg HTTP/1.1" 304 - "https://oakwoodeventsuganda.com/wp-content/uploads/elementor/css/post-2.css?ver=1750495929" "Mozilla/5.0 (Linux; Android 10; K) AppleWebKit/537.36 (KHTML, like Gecko) Chrome/137.0.0.0 Mobile Safari/537.36"
216.73.216.89 - - [22/Jun/2025:08:35:13 -0400] "GET /wp-includes/js/wp-pointer.js HTTP/1.1" 200 3014 "-" "Mozilla/5.0 AppleWebKit/537.36 (KHTML, like Gecko; compatible; ClaudeBot/1.0; +claudebot@anthropic.com)"
216.73.216.89 - - [22/Jun/2025:08:35:13 -0400] "GET /wp-includes/js/shortcode.js HTTP/1.1" 200 3566 "-" "Mozilla/5.0 AppleWebKit/537.36 (KHTML, like Gecko; compatible; ClaudeBot/1.0; +claudebot@anthropic.com)"
102.85.220.210 - - [22/Jun/2025:08:35:13 -0400] "POST /wp-json/metform/v1/forms/views/13889 HTTP/1.1" 200 - "https://oakwoodeventsuganda.com/home/" "Mozilla/5.0 (Linux; Android 10; K) AppleWebKit/537.36 (KHTML, like Gecko) Chrome/137.0.0.0 Mobile Safari/537.36"
52.167.144.147 - - [22/Jun/2025:08:35:15 -0400] "GET /ignite66-4gra0zocc.html HTTP/1.1" 404 181165 "-" "Mozilla/5.0 AppleWebKit/537.36 (KHTML, like Gecko; compatible; bingbot/2.0; +http://www.bing.com/bingbot.htm) Chrome/116.0.1938.76 Safari/537.36"
102.85.220.210 - - [22/Jun/2025:08:35:20 -0400] "GET /wp-content/plugins/elementor/assets/lib/font-awesome/webfonts/fa-regular-400.woff2 HTTP/1.1" 200 13276 "https://oakwoodeventsuganda.com/wp-content/plugins/elementor/assets/lib/font-awesome/css/all.min.css?ver=4.11.14" "Mozilla/5.0 (Linux; Android 10; K) AppleWebKit/537.36 (KHTML, like Gecko) Chrome/137.0.0.0 Mobile Safari/537.36"
102.85.220.210 - - [22/Jun/2025:08:35:20 -0400] "GET /wp-content/uploads/elementor/google-fonts/fonts/oswald-tk3iwkuhhaijg752gt8g.woff2 HTTP/1.1" 304 - "https://oakwoodeventsuganda.com/wp-content/uploads/elementor/google-fonts/css/oswald.css?ver=1742239548" "Mozilla/5.0 (Linux; Android 10; K) AppleWebKit/537.36 (KHTML, like Gecko) Chrome/137.0.0.0 Mobile Safari/537.36"
102.85.220.210 - - [22/Jun/2025:08:35:21 -0400] "GET /wp-json/pum/v1/analytics/?event=open&pid=1021&_cache=1750595720499 HTTP/1.1" 204 - "https://oakwoodeventsuganda.com/home/" "Mozilla/5.0 (Linux; Android 10; K) AppleWebKit/537.36 (KHTML, like Gecko) Chrome/137.0.0.0 Mobile Safari/537.36"
198.187.29.56 - - [22/Jun/2025:08:35:32 -0400] "POST /wp-cron.php?doing_wp_cron=1750595732.1331169605255126953125 HTTP/1.1" 200 - "-" "WordPress/6.8.1; https://oakwoodeventsuganda.com"
102.85.220.210 - - [22/Jun/2025:08:35:32 -0400] "POST /wp-admin/admin-ajax.php HTTP/1.1" 200 47 "https://oakwoodeventsuganda.com/wp-admin/admin.php?page=WordfenceScan" "Mozilla/5.0 (Windows NT 10.0; Win64; x64) AppleWebKit/537.36 (KHTML, like Gecko) Chrome/137.0.0.0 Safari/537.36"
17.241.75.86 - - [22/Jun/2025:08:35:31 -0400] "GET /category/slot/ HTTP/1.1" 200 32837 "-" "Mozilla/5.0 (Macintosh; Intel Mac OS X 10_15_7) AppleWebKit/605.1.15 (KHTML, like Gecko) Version/17.4 Safari/605.1.15 (Applebot/0.1; +http://www.apple.com/go/applebot)"
216.73.216.89 - - [22/Jun/2025:08:36:09 -0400] "GET /wp-includes/js/customize-preview-widgets.js HTTP/1.1" 200 5846 "-" "Mozilla/5.0 AppleWebKit/537.36 (KHTML, like Gecko; compatible; ClaudeBot/1.0; +claudebot@anthropic.com)"
216.73.216.89 - - [22/Jun/2025:08:36:09 -0400] "GET /wp-includes/js/wp-api.js HTTP/1.1" 200 10819 "-" "Mozilla/5.0 AppleWebKit/537.36 (KHTML, like Gecko; compatible; ClaudeBot/1.0; +claudebot@anthropic.com)"
216.73.216.89 - - [22/Jun/2025:08:37:05 -0400] "GET /wp-includes/js/json2.js HTTP/1.1" 200 5582 "-" "Mozilla/5.0 AppleWebKit/537.36 (KHTML, like Gecko; compatible; ClaudeBot/1.0; +claudebot@anthropic.com)"
216.73.216.89 - - [22/Jun/2025:08:37:05 -0400] "GET /wp-includes/js/hoverintent-js.min.js HTTP/1.1" 200 718 "-" "Mozilla/5.0 AppleWebKit/537.36 (KHTML, like Gecko; compatible; ClaudeBot/1.0; +claudebot@anthropic.com)"
17.22.237.147 - - [22/Jun/2025:08:37:31 -0400] "GET /wp-content/plugins/chaty-pro/css/chaty-front.min.css?ver=3.2.81743855972 HTTP/1.1" 200 6509 "https://oakwoodeventsuganda.com/category/slot/" "Mozilla/5.0 (Macintosh; Intel Mac OS X 10_15_7) AppleWebKit/605.1.15 (KHTML, like Gecko) Version/17.4 Safari/605.1.15 (Applebot/0.1; +http://www.apple.com/go/applebot)"
17.22.245.125 - - [22/Jun/2025:08:37:31 -0400] "GET /wp-includes/css/dist/block-library/style.min.css?ver=6.8.1 HTTP/1.1" 200 15323 "https://oakwoodeventsuganda.com/category/slot/" "Mozilla/5.0 (Macintosh; Intel Mac OS X 10_15_7) AppleWebKit/605.1.15 (KHTML, like Gecko) Version/17.4 Safari/605.1.15 (Applebot/0.1; +http://www.apple.com/go/applebot)"
17.22.253.152 - - [22/Jun/2025:08:37:32 -0400] "GET /wp-content/plugins/premium-addons-pro/assets/frontend/min-css/premium-addons.min.css?ver=2.9.25 HTTP/1.1" 200 30510 "https://oakwoodeventsuganda.com/category/slot/" "Mozilla/5.0 (Macintosh; Intel Mac OS X 10_15_7) AppleWebKit/605.1.15 (KHTML, like Gecko) Version/17.4 Safari/605.1.15 (Applebot/0.1; +http://www.apple.com/go/applebot)"
17.22.245.91 - - [22/Jun/2025:08:37:32 -0400] "GET /wp-content/plugins/filter-for-elementor/ef-style.css?ver=1.0.2 HTTP/1.1" 200 286 "https://oakwoodeventsuganda.com/category/slot/" "Mozilla/5.0 (Macintosh; Intel Mac OS X 10_15_7) AppleWebKit/605.1.15 (KHTML, like Gecko) Version/17.4 Safari/605.1.15 (Applebot/0.1; +http://www.apple.com/go/applebot)"
17.22.245.224 - - [22/Jun/2025:08:37:33 -0400] "GET /wp-content/plugins/premium-addons-for-elementor/assets/frontend/min-css/premium-addons.min.css?ver=4.11.14 HTTP/1.1" 200 47270 "https://oakwoodeventsuganda.com/category/slot/" "Mozilla/5.0 (Macintosh; Intel Mac OS X 10_15_7) AppleWebKit/605.1.15 (KHTML, like Gecko) Version/17.4 Safari/605.1.15 (Applebot/0.1; +http://www.apple.com/go/applebot)"
17.22.237.243 - - [22/Jun/2025:08:37:33 -0400] "GET /wp-content/plugins/contact-form-7/includes/css/styles.css?ver=6.0.6 HTTP/1.1" 200 1015 "https://oakwoodeventsuganda.com/category/slot/" "Mozilla/5.0 (Macintosh; Intel Mac OS X 10_15_7) AppleWebKit/605.1.15 (KHTML, like Gecko) Version/17.4 Safari/605.1.15 (Applebot/0.1; +http://www.apple.com/go/applebot)"
17.22.245.145 - - [22/Jun/2025:08:37:34 -0400] "GET /wp-content/plugins/ht-portfolio/assets/css/bootstrap.min.css?ver=6.8.1 HTTP/1.1" 200 19487 "https://oakwoodeventsuganda.com/category/slot/" "Mozilla/5.0 (Macintosh; Intel Mac OS X 10_15_7) AppleWebKit/605.1.15 (KHTML, like Gecko) Version/17.4 Safari/605.1.15 (Applebot/0.1; +http://www.apple.com/go/applebot)"
17.22.253.152 - - [22/Jun/2025:08:37:34 -0400] "GET /wp-content/plugins/ht-portfolio/assets/css/jquery.fancybox.css?ver=6.8.1 HTTP/1.1" 200 3782 "https://oakwoodeventsuganda.com/category/slot/" "Mozilla/5.0 (Macintosh; Intel Mac OS X 10_15_7) AppleWebKit/605.1.15 (KHTML, like Gecko) Version/17.4 Safari/605.1.15 (Applebot/0.1; +http://www.apple.com/go/applebot)"
17.22.237.95 - - [22/Jun/2025:08:37:34 -0400] "GET /wp-content/plugins/elementor/assets/lib/font-awesome/css/font-awesome.min.css?ver=4.7.0 HTTP/1.1" 200 7052 "https://oakwoodeventsuganda.com/category/slot/" "Mozilla/5.0 (Macintosh; Intel Mac OS X 10_15_7) AppleWebKit/605.1.15 (KHTML, like Gecko) Version/17.4 Safari/605.1.15 (Applebot/0.1; +http://www.apple.com/go/applebot)"
17.22.245.197 - - [22/Jun/2025:08:37:35 -0400] "GET /wp-content/plugins/ht-portfolio/assets/css/magnific-popup.css?ver=6.8.1 HTTP/1.1" 200 1816 "https://oakwoodeventsuganda.com/category/slot/" "Mozilla/5.0 (Macintosh; Intel Mac OS X 10_15_7) AppleWebKit/605.1.15 (KHTML, like Gecko) Version/17.4 Safari/605.1.15 (Applebot/0.1; +http://www.apple.com/go/applebot)"
198.187.29.56 - - [22/Jun/2025:08:37:36 -0400] "POST /wp-cron.php?doing_wp_cron=1750595856.0989649295806884765625 HTTP/1.1" 200 - "-" "WordPress/6.8.1; https://oakwoodeventsuganda.com"
5.161.216.238 - - [22/Jun/2025:08:37:35 -0400] "POST /wp-load.php?e5425a=58402 HTTP/1.1" 200 - "-" "Mozilla/5.0 (Windows NT 10.0; Win64; x64) AppleWebKit/537.36 (KHTML, like Gecko) Chrome/104.0.5112.97 Safari/537.36"
17.22.237.194 - - [22/Jun/2025:08:37:36 -0400] "GET /wp-content/plugins/ht-portfolio/assets/css/htportfolio-vendors.css?ver=6.8.1 HTTP/1.1" 200 5655 "https://oakwoodeventsuganda.com/category/slot/" "Mozilla/5.0 (Macintosh; Intel Mac OS X 10_15_7) AppleWebKit/605.1.15 (KHTML, like Gecko) Version/17.4 Safari/605.1.15 (Applebot/0.1; +http://www.apple.com/go/applebot)"
17.22.245.145 - - [22/Jun/2025:08:37:36 -0400] "GET /wp-content/plugins/missing-widgets-for-elementor/dist/plugin.169ad.css?ver=1.5.3 HTTP/1.1" 200 5109 "https://oakwoodeventsuganda.com/category/slot/" "Mozilla/5.0 (Macintosh; Intel Mac OS X 10_15_7) AppleWebKit/605.1.15 (KHTML, like Gecko) Version/17.4 Safari/605.1.15 (Applebot/0.1; +http://www.apple.com/go/applebot)"
17.22.245.19 - - [22/Jun/2025:08:37:36 -0400] "GET /wp-content/plugins/ht-portfolio/assets/css/htportfolio-widgets.css?ver=6.8.1 HTTP/1.1" 200 1712 "https://oakwoodeventsuganda.com/category/slot/" "Mozilla/5.0 (Macintosh; Intel Mac OS X 10_15_7) AppleWebKit/605.1.15 (KHTML, like Gecko) Version/17.4 Safari/605.1.15 (Applebot/0.1; +http://www.apple.com/go/applebot)"
17.22.253.59 - - [22/Jun/2025:08:37:37 -0400] "GET /wp-content/plugins/page-builder-add/styles/admin-csm-menu-styles.css?ver=6.8.1 HTTP/1.1" 200 268 "https://oakwoodeventsuganda.com/category/slot/" "Mozilla/5.0 (Macintosh; Intel Mac OS X 10_15_7) AppleWebKit/605.1.15 (KHTML, like Gecko) Version/17.4 Safari/605.1.15 (Applebot/0.1; +http://www.apple.com/go/applebot)"
17.22.237.147 - - [22/Jun/2025:08:37:38 -0400] "GET /wp-content/plugins/addon-elements-for-elementor-page-builder/assets/lib/peel/peel.css?ver=1.14.1 HTTP/1.1" 200 388 "https://oakwoodeventsuganda.com/category/slot/" "Mozilla/5.0 (Macintosh; Intel Mac OS X 10_15_7) AppleWebKit/605.1.15 (KHTML, like Gecko) Version/17.4 Safari/605.1.15 (Applebot/0.1; +http://www.apple.com/go/applebot)"
17.22.253.61 - - [22/Jun/2025:08:37:38 -0400] "GET /wp-content/plugins/addon-elements-for-elementor-page-builder/assets/css/eae.min.css?ver=1.14.1 HTTP/1.1" 200 33744 "https://oakwoodeventsuganda.com/category/slot/" "Mozilla/5.0 (Macintosh; Intel Mac OS X 10_15_7) AppleWebKit/605.1.15 (KHTML, like Gecko) Version/17.4 Safari/605.1.15 (Applebot/0.1; +http://www.apple.com/go/applebot)"
17.22.253.245 - - [22/Jun/2025:08:37:39 -0400] "GET /wp-content/plugins/elementor/assets/lib/font-awesome/css/v4-shims.min.css?ver=1.0 HTTP/1.1" 200 4229 "https://oakwoodeventsuganda.com/category/slot/" "Mozilla/5.0 (Macintosh; Intel Mac OS X 10_15_7) AppleWebKit/605.1.15 (KHTML, like Gecko) Version/17.4 Safari/605.1.15 (Applebot/0.1; +http://www.apple.com/go/applebot)"
17.22.253.152 - - [22/Jun/2025:08:37:39 -0400] "GET /wp-content/plugins/addon-elements-for-elementor-page-builder/assets/lib/vegas/vegas.min.css?ver=2.4.0 HTTP/1.1" 200 1239 "https://oakwoodeventsuganda.com/category/slot/" "Mozilla/5.0 (Macintosh; Intel Mac OS X 10_15_7) AppleWebKit/605.1.15 (KHTML, like Gecko) Version/17.4 Safari/605.1.15 (Applebot/0.1; +http://www.apple.com/go/applebot)"
17.22.237.6 - - [22/Jun/2025:08:37:39 -0400] "GET /wp-content/plugins/elementor/assets/lib/font-awesome/css/all.min.css?ver=4.11.14 HTTP/1.1" 200 12869 "https://oakwoodeventsuganda.com/category/slot/" "Mozilla/5.0 (Macintosh; Intel Mac OS X 10_15_7) AppleWebKit/605.1.15 (KHTML, like Gecko) Version/17.4 Safari/605.1.15 (Applebot/0.1; +http://www.apple.com/go/applebot)"
17.22.237.194 - - [22/Jun/2025:08:37:40 -0400] "GET /wp-content/plugins/metform/public/assets/lib/cute-alert/style.css?ver=3.9.9 HTTP/1.1" 200 1225 "https://oakwoodeventsuganda.com/category/slot/" "Mozilla/5.0 (Macintosh; Intel Mac OS X 10_15_7) AppleWebKit/605.1.15 (KHTML, like Gecko) Version/17.4 Safari/605.1.15 (Applebot/0.1; +http://www.apple.com/go/applebot)"
17.22.245.125 - - [22/Jun/2025:08:37:40 -0400] "GET /wp-content/plugins/metform/public/assets/css/text-editor.css?ver=3.9.9 HTTP/1.1" 200 3545 "https://oakwoodeventsuganda.com/category/slot/" "Mozilla/5.0 (Macintosh; Intel Mac OS X 10_15_7) AppleWebKit/605.1.15 (KHTML, like Gecko) Version/17.4 Safari/605.1.15 (Applebot/0.1; +http://www.apple.com/go/applebot)"
17.22.245.76 - - [22/Jun/2025:08:37:41 -0400] "GET /wp-content/plugins/metform-pro/public/assets/css/style.min.css?ver=3.8.4 HTTP/1.1" 200 27699 "https://oakwoodeventsuganda.com/category/slot/" "Mozilla/5.0 (Macintosh; Intel Mac OS X 10_15_7) AppleWebKit/605.1.15 (KHTML, like Gecko) Version/17.4 Safari/605.1.15 (Applebot/0.1; +http://www.apple.com/go/applebot)"
17.22.237.14 - - [22/Jun/2025:08:37:42 -0400] "GET /wp-content/uploads/elementor/css/custom-frontend.min.css?ver=1748092908 HTTP/1.1" 200 7083 "https://oakwoodeventsuganda.com/category/slot/" "Mozilla/5.0 (Macintosh; Intel Mac OS X 10_15_7) AppleWebKit/605.1.15 (KHTML, like Gecko) Version/17.4 Safari/605.1.15 (Applebot/0.1; +http://www.apple.com/go/applebot)"
17.22.237.243 - - [22/Jun/2025:08:37:42 -0400] "GET /wp-content/plugins/happy-elementor-addons/assets/fonts/style.min.css?ver=3.18.0 HTTP/1.1" 200 5706 "https://oakwoodeventsuganda.com/category/slot/" "Mozilla/5.0 (Macintosh; Intel Mac OS X 10_15_7) AppleWebKit/605.1.15 (KHTML, like Gecko) Version/17.4 Safari/605.1.15 (Applebot/0.1; +http://www.apple.com/go/applebot)"
17.22.253.196 - - [22/Jun/2025:08:37:42 -0400] "GET /wp-content/uploads/elementor/css/post-15695.css?ver=1748092909 HTTP/1.1" 200 274 "https://oakwoodeventsuganda.com/category/slot/" "Mozilla/5.0 (Macintosh; Intel Mac OS X 10_15_7) AppleWebKit/605.1.15 (KHTML, like Gecko) Version/17.4 Safari/605.1.15 (Applebot/0.1; +http://www.apple.com/go/applebot)"
17.22.245.174 - - [22/Jun/2025:08:37:43 -0400] "GET /wp-content/plugins/metform/public/assets/css/metform-ui.css?ver=3.9.9 HTTP/1.1" 200 15413 "https://oakwoodeventsuganda.com/category/slot/" "Mozilla/5.0 (Macintosh; Intel Mac OS X 10_15_7) AppleWebKit/605.1.15 (KHTML, like Gecko) Version/17.4 Safari/605.1.15 (Applebot/0.1; +http://www.apple.com/go/applebot)"
17.22.245.145 - - [22/Jun/2025:08:37:44 -0400] "GET /wp-content/uploads/elementor/css/post-13889.css?ver=1748092909 HTTP/1.1" 200 3945 "https://oakwoodeventsuganda.com/category/slot/" "Mozilla/5.0 (Macintosh; Intel Mac OS X 10_15_7) AppleWebKit/605.1.15 (KHTML, like Gecko) Version/17.4 Safari/605.1.15 (Applebot/0.1; +http://www.apple.com/go/applebot)"
17.22.245.191 - - [22/Jun/2025:08:37:44 -0400] "GET /wp-content/plugins/metform/public/assets/css/style.css?ver=3.9.9 HTTP/1.1" 200 4763 "https://oakwoodeventsuganda.com/category/slot/" "Mozilla/5.0 (Macintosh; Intel Mac OS X 10_15_7) AppleWebKit/605.1.15 (KHTML, like Gecko) Version/17.4 Safari/605.1.15 (Applebot/0.1; +http://www.apple.com/go/applebot)"
17.22.253.96 - - [22/Jun/2025:08:37:45 -0400] "GET /wp-content/plugins/metform/public/assets/css/flatpickr.min.css?ver=3.9.9 HTTP/1.1" 200 2851 "https://oakwoodeventsuganda.com/category/slot/" "Mozilla/5.0 (Macintosh; Intel Mac OS X 10_15_7) AppleWebKit/605.1.15 (KHTML, like Gecko) Version/17.4 Safari/605.1.15 (Applebot/0.1; +http://www.apple.com/go/applebot)"
17.22.237.136 - - [22/Jun/2025:08:37:45 -0400] "GET /wp-content/plugins/popup-maker/assets/css/pum-site.min.css?ver=1.20.5 HTTP/1.1" 200 1905 "https://oakwoodeventsuganda.com/category/slot/" "Mozilla/5.0 (Macintosh; Intel Mac OS X 10_15_7) AppleWebKit/605.1.15 (KHTML, like Gecko) Version/17.4 Safari/605.1.15 (Applebot/0.1; +http://www.apple.com/go/applebot)"
