102.86.1.96 - - [22/Jun/2025:08:48:30 -0400] "GET /wp-content/plugins/bdthemes-prime-slider-lite/assets/js/prime-slider-site.min.js?ver=3.17.14 HTTP/1.1" 200 988 "https://oakwoodeventsuganda.com/who-we-are/" "Mozilla/5.0 (iPhone; CPU iPhone OS 18_4_1 like Mac OS X) AppleWebKit/605.1.15 (KHTML, like Gecko) CriOS/137.0.7151.107 Mobile/15E148 Safari/604.1"
102.86.1.96 - - [22/Jun/2025:08:48:30 -0400] "GET /wp-includes/js/dist/vendor/react-dom.min.js?ver=18.3.1.1 HTTP/1.1" 200 41888 "https://oakwoodeventsuganda.com/who-we-are/" "Mozilla/5.0 (iPhone; CPU iPhone OS 18_4_1 like Mac OS X) AppleWebKit/605.1.15 (KHTML, like Gecko) CriOS/137.0.7151.107 Mobile/15E148 Safari/604.1"
102.86.1.96 - - [22/Jun/2025:08:48:30 -0400] "GET /wp-content/plugins/elementor/assets/js/frontend-modules.min.js?ver=3.29.2 HTTP/1.1" 200 14815 "https://oakwoodeventsuganda.com/who-we-are/" "Mozilla/5.0 (iPhone; CPU iPhone OS 18_4_1 like Mac OS X) AppleWebKit/605.1.15 (KHTML, like Gecko) CriOS/137.0.7151.107 Mobile/15E148 Safari/604.1"
102.86.1.96 - - [22/Jun/2025:08:48:30 -0400] "GET /wp-content/plugins/essential-addons-for-elementor-lite/assets/front-end/js/view/general.min.js?ver=6.1.19 HTTP/1.1" 200 4106 "https://oakwoodeventsuganda.com/who-we-are/" "Mozilla/5.0 (iPhone; CPU iPhone OS 18_4_1 like Mac OS X) AppleWebKit/605.1.15 (KHTML, like Gecko) CriOS/137.0.7151.107 Mobile/15E148 Safari/604.1"
198.187.29.56 - - [22/Jun/2025:08:48:32 -0400] "POST /wp-cron.php?doing_wp_cron=1750596512.8966460227966308593750 HTTP/1.1" 200 - "-" "WordPress/6.8.1; https://oakwoodeventsuganda.com"
102.86.1.96 - - [22/Jun/2025:08:48:32 -0400] "POST /wp-json/metform/v1/forms/views/13889 HTTP/1.1" 200 - "https://oakwoodeventsuganda.com/who-we-are/" "Mozilla/5.0 (iPhone; CPU iPhone OS 18_4_1 like Mac OS X) AppleWebKit/605.1.15 (KHTML, like Gecko) CriOS/137.0.7151.107 Mobile/15E148 Safari/604.1"
102.86.1.96 - - [22/Jun/2025:08:48:35 -0400] "GET /home/ HTTP/1.1" 200 39079 "https://oakwoodeventsuganda.com/who-we-are/" "Mozilla/5.0 (iPhone; CPU iPhone OS 18_4_1 like Mac OS X) AppleWebKit/605.1.15 (KHTML, like Gecko) CriOS/137.0.7151.107 Mobile/15E148 Safari/604.1"
102.86.1.96 - - [22/Jun/2025:08:48:38 -0400] "GET /wp-content/plugins/premium-addons-for-elementor/assets/frontend/min-css/premium-addons.min.css?ver=4.11.14 HTTP/1.1" 304 - "https://oakwoodeventsuganda.com/home/" "Mozilla/5.0 (iPhone; CPU iPhone OS 18_4_1 like Mac OS X) AppleWebKit/605.1.15 (KHTML, like Gecko) CriOS/137.0.7151.107 Mobile/15E148 Safari/604.1"
102.86.1.96 - - [22/Jun/2025:08:48:38 -0400] "GET /wp-content/plugins/bdthemes-prime-slider-lite/assets/css/prime-slider-site.css?ver=3.17.14 HTTP/1.1" 304 - "https://oakwoodeventsuganda.com/home/" "Mozilla/5.0 (iPhone; CPU iPhone OS 18_4_1 like Mac OS X) AppleWebKit/605.1.15 (KHTML, like Gecko) CriOS/137.0.7151.107 Mobile/15E148 Safari/604.1"
102.86.1.96 - - [22/Jun/2025:08:48:38 -0400] "GET /wp-content/plugins/bdthemes-prime-slider-lite/assets/js/bdt-uikit.min.js?ver=3.21.7 HTTP/1.1" 304 - "https://oakwoodeventsuganda.com/home/" "Mozilla/5.0 (iPhone; CPU iPhone OS 18_4_1 like Mac OS X) AppleWebKit/605.1.15 (KHTML, like Gecko) CriOS/137.0.7151.107 Mobile/15E148 Safari/604.1"
102.86.1.96 - - [22/Jun/2025:08:48:38 -0400] "GET /wp-content/plugins/elementor/assets/lib/eicons/css/elementor-icons.min.css?ver=5.40.0 HTTP/1.1" 304 - "https://oakwoodeventsuganda.com/home/" "Mozilla/5.0 (iPhone; CPU iPhone OS 18_4_1 like Mac OS X) AppleWebKit/605.1.15 (KHTML, like Gecko) CriOS/137.0.7151.107 Mobile/15E148 Safari/604.1"
102.86.1.96 - - [22/Jun/2025:08:48:38 -0400] "GET /wp-content/plugins/bdthemes-prime-slider-lite/assets/css/bdt-uikit.css?ver=3.21.7 HTTP/1.1" 304 - "https://oakwoodeventsuganda.com/home/" "Mozilla/5.0 (iPhone; CPU iPhone OS 18_4_1 like Mac OS X) AppleWebKit/605.1.15 (KHTML, like Gecko) CriOS/137.0.7151.107 Mobile/15E148 Safari/604.1"
102.86.1.96 - - [22/Jun/2025:08:48:38 -0400] "GET /wp-content/plugins/happy-elementor-addons/assets/vendor/dom-purify/purify.min.js?ver=3.1.6 HTTP/1.1" 304 - "https://oakwoodeventsuganda.com/home/" "Mozilla/5.0 (iPhone; CPU iPhone OS 18_4_1 like Mac OS X) AppleWebKit/605.1.15 (KHTML, like Gecko) CriOS/137.0.7151.107 Mobile/15E148 Safari/604.1"
102.86.1.96 - - [22/Jun/2025:08:48:38 -0400] "GET /wp-content/uploads/elementor/css/post-2.css?ver=1750495929 HTTP/1.1" 304 - "https://oakwoodeventsuganda.com/home/" "Mozilla/5.0 (iPhone; CPU iPhone OS 18_4_1 like Mac OS X) AppleWebKit/605.1.15 (KHTML, like Gecko) CriOS/137.0.7151.107 Mobile/15E148 Safari/604.1"
102.86.1.96 - - [22/Jun/2025:08:48:38 -0400] "GET /wp-content/uploads/2025/06/bouquet-slide-2opp.jpg HTTP/1.1" 304 - "https://oakwoodeventsuganda.com/home/" "Mozilla/5.0 (iPhone; CPU iPhone OS 18_4_1 like Mac OS X) AppleWebKit/605.1.15 (KHTML, like Gecko) CriOS/137.0.7151.107 Mobile/15E148 Safari/604.1"
102.86.1.96 - - [22/Jun/2025:08:48:38 -0400] "GET /wp-content/plugins/elementor/assets/lib/eicons/fonts/eicons.woff2?5.41.0 HTTP/1.1" 304 - "https://oakwoodeventsuganda.com/who-we-are/" "Mozilla/5.0 (iPhone; CPU iPhone OS 18_4_1 like Mac OS X) AppleWebKit/605.1.15 (KHTML, like Gecko) CriOS/137.0.7151.107 Mobile/15E148 Safari/604.1"
102.86.1.96 - - [22/Jun/2025:08:48:38 -0400] "GET /wp-content/uploads/2025/06/bouquet-slide-1op.jpg HTTP/1.1" 304 - "https://oakwoodeventsuganda.com/home/" "Mozilla/5.0 (iPhone; CPU iPhone OS 18_4_1 like Mac OS X) AppleWebKit/605.1.15 (KHTML, like Gecko) CriOS/137.0.7151.107 Mobile/15E148 Safari/604.1"
102.86.1.96 - - [22/Jun/2025:08:48:38 -0400] "GET /wp-content/uploads/2025/06/bouquet-slide-4.jpg HTTP/1.1" 304 - "https://oakwoodeventsuganda.com/home/" "Mozilla/5.0 (iPhone; CPU iPhone OS 18_4_1 like Mac OS X) AppleWebKit/605.1.15 (KHTML, like Gecko) CriOS/137.0.7151.107 Mobile/15E148 Safari/604.1"
102.86.1.96 - - [22/Jun/2025:08:48:39 -0400] "POST /wp-json/metform/v1/forms/views/13889 HTTP/1.1" 200 - "https://oakwoodeventsuganda.com/home/" "Mozilla/5.0 (iPhone; CPU iPhone OS 18_4_1 like Mac OS X) AppleWebKit/605.1.15 (KHTML, like Gecko) CriOS/137.0.7151.107 Mobile/15E148 Safari/604.1"
216.73.216.89 - - [22/Jun/2025:08:48:41 -0400] "GET /wp-includes/js/underscore.js HTTP/1.1" 200 19442 "-" "Mozilla/5.0 AppleWebKit/537.36 (KHTML, like Gecko; compatible; ClaudeBot/1.0; +claudebot@anthropic.com)"
216.73.216.89 - - [22/Jun/2025:08:48:41 -0400] "GET /wp-includes/js/json2.min.js HTTP/1.1" 200 1357 "-" "Mozilla/5.0 AppleWebKit/537.36 (KHTML, like Gecko; compatible; ClaudeBot/1.0; +claudebot@anthropic.com)"
102.86.1.96 - - [22/Jun/2025:08:48:47 -0400] "GET /wp-content/uploads/2025/05/w-cover-768x511.jpg HTTP/1.1" 304 - "https://oakwoodeventsuganda.com/home/" "Mozilla/5.0 (iPhone; CPU iPhone OS 18_4_1 like Mac OS X) AppleWebKit/605.1.15 (KHTML, like Gecko) CriOS/137.0.7151.107 Mobile/15E148 Safari/604.1"
216.73.216.89 - - [22/Jun/2025:08:49:39 -0400] "GET /wp-includes/js/wplink.js HTTP/1.1" 200 6001 "-" "Mozilla/5.0 AppleWebKit/537.36 (KHTML, like Gecko; compatible; ClaudeBot/1.0; +claudebot@anthropic.com)"
216.73.216.89 - - [22/Jun/2025:08:49:39 -0400] "GET /wp-includes/js/backbone.js HTTP/1.1" 200 22430 "-" "Mozilla/5.0 AppleWebKit/537.36 (KHTML, like Gecko; compatible; ClaudeBot/1.0; +claudebot@anthropic.com)"
216.73.216.89 - - [22/Jun/2025:08:50:52 -0400] "GET /wp-includes/js/wp-api.min.js HTTP/1.1" 200 4136 "-" "Mozilla/5.0 AppleWebKit/537.36 (KHTML, like Gecko; compatible; ClaudeBot/1.0; +claudebot@anthropic.com)"
216.73.216.89 - - [22/Jun/2025:08:50:52 -0400] "GET /wp-includes/js/customize-loader.min.js HTTP/1.1" 200 1369 "-" "Mozilla/5.0 AppleWebKit/537.36 (KHTML, like Gecko; compatible; ClaudeBot/1.0; +claudebot@anthropic.com)"
216.73.216.89 - - [22/Jun/2025:08:51:54 -0400] "GET /wp-includes/js/customize-selective-refresh.min.js HTTP/1.1" 200 3623 "-" "Mozilla/5.0 AppleWebKit/537.36 (KHTML, like Gecko; compatible; ClaudeBot/1.0; +claudebot@anthropic.com)"
216.73.216.89 - - [22/Jun/2025:08:51:54 -0400] "GET /wp-includes/js/customize-models.js HTTP/1.1" 200 1961 "-" "Mozilla/5.0 AppleWebKit/537.36 (KHTML, like Gecko; compatible; ClaudeBot/1.0; +claudebot@anthropic.com)"
216.73.216.89 - - [22/Jun/2025:08:53:03 -0400] "GET /wp-includes/js/customize-preview.min.js HTTP/1.1" 200 3086 "-" "Mozilla/5.0 AppleWebKit/537.36 (KHTML, like Gecko; compatible; ClaudeBot/1.0; +claudebot@anthropic.com)"
216.73.216.89 - - [22/Jun/2025:08:53:03 -0400] "GET /wp-includes/js/wp-ajax-response.min.js HTTP/1.1" 200 1134 "-" "Mozilla/5.0 AppleWebKit/537.36 (KHTML, like Gecko; compatible; ClaudeBot/1.0; +claudebot@anthropic.com)"
216.73.216.89 - - [22/Jun/2025:08:53:56 -0400] "GET /wp-includes/js/hoverIntent.min.js HTTP/1.1" 200 706 "-" "Mozilla/5.0 AppleWebKit/537.36 (KHTML, like Gecko; compatible; ClaudeBot/1.0; +claudebot@anthropic.com)"
216.73.216.89 - - [22/Jun/2025:08:53:56 -0400] "GET /wp-includes/js/quicktags.min.js HTTP/1.1" 200 3509 "-" "Mozilla/5.0 AppleWebKit/537.36 (KHTML, like Gecko; compatible; ClaudeBot/1.0; +claudebot@anthropic.com)"
216.73.216.89 - - [22/Jun/2025:08:54:46 -0400] "GET /wp-includes/js/customize-views.min.js HTTP/1.1" 200 869 "-" "Mozilla/5.0 AppleWebKit/537.36 (KHTML, like Gecko; compatible; ClaudeBot/1.0; +claudebot@anthropic.com)"
216.73.216.89 - - [22/Jun/2025:08:54:46 -0400] "GET /wp-includes/js/mce-view.js HTTP/1.1" 200 7014 "-" "Mozilla/5.0 AppleWebKit/537.36 (KHTML, like Gecko; compatible; ClaudeBot/1.0; +claudebot@anthropic.com)"
216.73.216.89 - - [22/Jun/2025:08:55:37 -0400] "GET /wp-includes/js/customize-base.min.js HTTP/1.1" 200 2495 "-" "Mozilla/5.0 AppleWebKit/537.36 (KHTML, like Gecko; compatible; ClaudeBot/1.0; +claudebot@anthropic.com)"
216.73.216.89 - - [22/Jun/2025:08:55:37 -0400] "GET /wp-includes/js/wp-lists.min.js HTTP/1.1" 200 2534 "-" "Mozilla/5.0 AppleWebKit/537.36 (KHTML, like Gecko; compatible; ClaudeBot/1.0; +claudebot@anthropic.com)"
198.187.29.56 - - [22/Jun/2025:08:56:19 -0400] "POST /wp-cron.php?doing_wp_cron=1750596979.4907710552215576171875 HTTP/1.1" 200 - "-" "WordPress/6.8.1; https://oakwoodeventsuganda.com"
209.141.33.68 - - [22/Jun/2025:08:56:16 -0400] "GET /wp-login.php HTTP/1.1" 200 6875 "-" "Mozilla/5.0 (Macintosh; Intel Mac OS X 10_6_8) AppleWebKit/534.59.10 (KHTML, like Gecko) Version/5.1.9 Safari/534.59.10"
216.73.216.89 - - [22/Jun/2025:08:56:27 -0400] "GET /wp-includes/js/wp-list-revisions.min.js HTTP/1.1" 200 360 "-" "Mozilla/5.0 AppleWebKit/537.36 (KHTML, like Gecko; compatible; ClaudeBot/1.0; +claudebot@anthropic.com)"
216.73.216.89 - - [22/Jun/2025:08:56:27 -0400] "GET /wp-includes/js/wp-embed.min.js HTTP/1.1" 200 694 "-" "Mozilla/5.0 AppleWebKit/537.36 (KHTML, like Gecko; compatible; ClaudeBot/1.0; +claudebot@anthropic.com)"
216.73.216.89 - - [22/Jun/2025:08:57:27 -0400] "GET /wp-includes/js/customize-models.min.js HTTP/1.1" 200 1186 "-" "Mozilla/5.0 AppleWebKit/537.36 (KHTML, like Gecko; compatible; ClaudeBot/1.0; +claudebot@anthropic.com)"
216.73.216.89 - - [22/Jun/2025:08:57:27 -0400] "GET /wp-includes/js/wp-sanitize.js HTTP/1.1" 200 594 "-" "Mozilla/5.0 AppleWebKit/537.36 (KHTML, like Gecko; compatible; ClaudeBot/1.0; +claudebot@anthropic.com)"
198.187.29.56 - - [22/Jun/2025:08:57:35 -0400] "POST /wp-cron.php?doing_wp_cron=1750597055.2002139091491699218750 HTTP/1.1" 200 - "-" "WordPress/6.8.1; https://oakwoodeventsuganda.com"
209.141.33.68 - - [22/Jun/2025:08:57:34 -0400] "POST /wp-login.php HTTP/1.1" 503 18957 "-" "Mozilla/5.0 (Macintosh; Intel Mac OS X 10_6_8) AppleWebKit/534.59.10 (KHTML, like Gecko) Version/5.1.9 Safari/534.59.10"
198.187.29.56 - - [22/Jun/2025:08:57:36 -0400] "POST /wp-cron.php?doing_wp_cron=1750597056.5737171173095703125000 HTTP/1.1" 200 - "-" "WordPress/6.8.1; https://oakwoodeventsuganda.com"
77.75.77.101 - - [22/Jun/2025:08:57:36 -0400] "GET /sitemap665.xml HTTP/1.1" 404 181116 "-" "Mozilla/5.0 (compatible; SeznamBot/4.0; +https://o-seznam.cz/napoveda/vyhledavani/en/seznambot-crawler/)"
216.73.216.89 - - [22/Jun/2025:08:58:18 -0400] "GET /wp-includes/js/tw-sack.js HTTP/1.1" 200 1543 "-" "Mozilla/5.0 AppleWebKit/537.36 (KHTML, like Gecko; compatible; ClaudeBot/1.0; +claudebot@anthropic.com)"
216.73.216.89 - - [22/Jun/2025:08:58:18 -0400] "GET /wp-includes/js/autosave.js HTTP/1.1" 200 5855 "-" "Mozilla/5.0 AppleWebKit/537.36 (KHTML, like Gecko; compatible; ClaudeBot/1.0; +claudebot@anthropic.com)"
209.141.33.68 - - [22/Jun/2025:08:59:06 -0400] "GET /wp-admin/themes.php HTTP/1.1" 503 18957 "-" "python-requests/2.27.1"
216.73.216.89 - - [22/Jun/2025:08:59:08 -0400] "GET /wp-includes/js/wplink.min.js HTTP/1.1" 200 3897 "-" "Mozilla/5.0 AppleWebKit/537.36 (KHTML, like Gecko; compatible; ClaudeBot/1.0; +claudebot@anthropic.com)"
216.73.216.89 - - [22/Jun/2025:08:59:08 -0400] "GET /wp-includes/js/wp-auth-check.js HTTP/1.1" 200 1613 "-" "Mozilla/5.0 AppleWebKit/537.36 (KHTML, like Gecko; compatible; ClaudeBot/1.0; +claudebot@anthropic.com)"
216.73.216.89 - - [22/Jun/2025:08:59:59 -0400] "GET /wp-includes/js/media-editor.min.js HTTP/1.1" 200 3603 "-" "Mozilla/5.0 AppleWebKit/537.36 (KHTML, like Gecko; compatible; ClaudeBot/1.0; +claudebot@anthropic.com)"
216.73.216.89 - - [22/Jun/2025:08:59:59 -0400] "GET /wp-includes/js/backbone.min.js HTTP/1.1" 200 8021 "-" "Mozilla/5.0 AppleWebKit/537.36 (KHTML, like Gecko; compatible; ClaudeBot/1.0; +claudebot@anthropic.com)"
209.141.33.68 - - [22/Jun/2025:09:00:34 -0400] "GET /wp-admin/plugin-install.php?tab=upload HTTP/1.1" 503 18957 "-" "python-requests/2.27.1"
216.73.216.89 - - [22/Jun/2025:09:01:25 -0400] "GET /wp-includes/js/admin-bar.js HTTP/1.1" 200 2799 "-" "Mozilla/5.0 AppleWebKit/537.36 (KHTML, like Gecko; compatible; ClaudeBot/1.0; +claudebot@anthropic.com)"
216.73.216.89 - - [22/Jun/2025:09:01:25 -0400] "GET /wp-includes/js/clipboard.js HTTP/1.1" 200 6899 "-" "Mozilla/5.0 AppleWebKit/537.36 (KHTML, like Gecko; compatible; ClaudeBot/1.0; +claudebot@anthropic.com)"
216.73.216.89 - - [22/Jun/2025:09:02:26 -0400] "GET /wp-includes/js/wp-embed-template.js HTTP/1.1" 200 1883 "-" "Mozilla/5.0 AppleWebKit/537.36 (KHTML, like Gecko; compatible; ClaudeBot/1.0; +claudebot@anthropic.com)"
216.73.216.89 - - [22/Jun/2025:09:02:26 -0400] "GET /wp-includes/js/zxcvbn.min.js HTTP/1.1" 200 399661 "-" "Mozilla/5.0 AppleWebKit/537.36 (KHTML, like Gecko; compatible; ClaudeBot/1.0; +claudebot@anthropic.com)"
216.73.216.89 - - [22/Jun/2025:09:03:14 -0400] "GET /wp-includes/js/jquery HTTP/1.1" 301 262 "-" "Mozilla/5.0 AppleWebKit/537.36 (KHTML, like Gecko; compatible; ClaudeBot/1.0; +claudebot@anthropic.com)"
216.73.216.89 - - [22/Jun/2025:09:03:14 -0400] "GET /wp-includes/js/colorpicker.js HTTP/1.1" 200 8468 "-" "Mozilla/5.0 AppleWebKit/537.36 (KHTML, like Gecko; compatible; ClaudeBot/1.0; +claudebot@anthropic.com)"
216.73.216.89 - - [22/Jun/2025:09:03:14 -0400] "GET /wp-includes/js/jquery/ HTTP/1.1" 200 671 "https://oakwoodeventsuganda.com/wp-includes/js/jquery" "Mozilla/5.0 AppleWebKit/537.36 (KHTML, like Gecko; compatible; ClaudeBot/1.0; +claudebot@anthropic.com)"
216.73.216.89 - - [22/Jun/2025:09:04:11 -0400] "GET /wp-includes/js/media-grid.js HTTP/1.1" 200 6790 "-" "Mozilla/5.0 AppleWebKit/537.36 (KHTML, like Gecko; compatible; ClaudeBot/1.0; +claudebot@anthropic.com)"
216.73.216.89 - - [22/Jun/2025:09:04:11 -0400] "GET /wp-includes/php-compat/readonly.php HTTP/1.1" 200 - "-" "Mozilla/5.0 AppleWebKit/537.36 (KHTML, like Gecko; compatible; ClaudeBot/1.0; +claudebot@anthropic.com)"
216.73.216.89 - - [22/Jun/2025:09:05:04 -0400] "GET /wp-includes/js/mce-view.min.js HTTP/1.1" 200 3730 "-" "Mozilla/5.0 AppleWebKit/537.36 (KHTML, like Gecko; compatible; ClaudeBot/1.0; +claudebot@anthropic.com)"
216.73.216.89 - - [22/Jun/2025:09:05:04 -0400] "GET /wp-includes/js/wp-emoji-loader.js HTTP/1.1" 200 3766 "-" "Mozilla/5.0 AppleWebKit/537.36 (KHTML, like Gecko; compatible; ClaudeBot/1.0; +claudebot@anthropic.com)"
198.187.29.56 - - [22/Jun/2025:09:05:09 -0400] "POST /wp-cron.php?doing_wp_cron=1750597509.9711759090423583984375 HTTP/1.1" 200 - "-" "WordPress/6.8.1; https://oakwoodeventsuganda.com"
85.208.96.208 - - [22/Jun/2025:09:05:06 -0400] "GET /mostbet-i-bonus-de-boas-vindas-r5555-i-formal-mostbet-casino-br/ HTTP/1.1" 200 46591 "-" "Mozilla/5.0 (compatible; SemrushBot/7~bl; +http://www.semrush.com/bot.html)"
216.73.216.89 - - [22/Jun/2025:09:05:54 -0400] "GET /wp-includes/js/heartbeat.js HTTP/1.1" 200 6593 "-" "Mozilla/5.0 AppleWebKit/537.36 (KHTML, like Gecko; compatible; ClaudeBot/1.0; +claudebot@anthropic.com)"
216.73.216.89 - - [22/Jun/2025:09:05:54 -0400] "GET /wp-includes/js/wp-sanitize.min.js HTTP/1.1" 200 284 "-" "Mozilla/5.0 AppleWebKit/537.36 (KHTML, like Gecko; compatible; ClaudeBot/1.0; +claudebot@anthropic.com)"
216.73.216.89 - - [22/Jun/2025:09:06:44 -0400] "GET /wp-includes/js/wp-auth-check.min.js HTTP/1.1" 200 773 "-" "Mozilla/5.0 AppleWebKit/537.36 (KHTML, like Gecko; compatible; ClaudeBot/1.0; +claudebot@anthropic.com)"
216.73.216.89 - - [22/Jun/2025:09:06:44 -0400] "GET /wp-includes/js/media-views.js HTTP/1.1" 200 57788 "-" "Mozilla/5.0 AppleWebKit/537.36 (KHTML, like Gecko; compatible; ClaudeBot/1.0; +claudebot@anthropic.com)"
216.73.216.89 - - [22/Jun/2025:09:07:34 -0400] "GET /wp-includes/js/wp-backbone.min.js HTTP/1.1" 200 1175 "-" "Mozilla/5.0 AppleWebKit/537.36 (KHTML, like Gecko; compatible; ClaudeBot/1.0; +claudebot@anthropic.com)"
216.73.216.89 - - [22/Jun/2025:09:07:34 -0400] "GET /wp-includes/js/autosave.min.js HTTP/1.1" 200 2293 "-" "Mozilla/5.0 AppleWebKit/537.36 (KHTML, like Gecko; compatible; ClaudeBot/1.0; +claudebot@anthropic.com)"
3.232.102.111 - - [22/Jun/2025:09:07:49 -0400] "GET /wp-includes/sodium_compat/namespaced/Core/ChaCha20.php HTTP/1.1" 500 - "-" "Mozilla/5.0 AppleWebKit/537.36 (KHTML, like Gecko; compatible; Amazonbot/0.1; +https://developer.amazon.com/support/amazonbot) Chrome/119.0.6045.214 Safari/537.36"
100.27.153.9 - - [22/Jun/2025:09:07:54 -0400] "GET /wp-includes/js/tinymce/skins/lightgray/ HTTP/1.1" 200 458 "-" "Mozilla/5.0 AppleWebKit/537.36 (KHTML, like Gecko; compatible; Amazonbot/0.1; +https://developer.amazon.com/support/amazonbot) Chrome/119.0.6045.214 Safari/537.36"
198.187.29.56 - - [22/Jun/2025:09:08:00 -0400] "POST /wp-cron.php?doing_wp_cron=1750597680.9876000881195068359375 HTTP/1.1" 200 - "-" "WordPress/6.8.1; https://oakwoodeventsuganda.com"
54.210.152.179 - - [22/Jun/2025:09:07:58 -0400] "GET /wp-includes/js/jquery/?C=M;O%3DA HTTP/1.1" 301 - "-" "Mozilla/5.0 AppleWebKit/537.36 (KHTML, like Gecko; compatible; Amazonbot/0.1; +https://developer.amazon.com/support/amazonbot) Chrome/119.0.6045.214 Safari/537.36"
54.84.250.51 - - [22/Jun/2025:09:08:01 -0400] "GET /wp-includes/SimplePie/src/XML/?C=N;O%3DD HTTP/1.1" 200 367 "-" "Mozilla/5.0 AppleWebKit/537.36 (KHTML, like Gecko; compatible; Amazonbot/0.1; +https://developer.amazon.com/support/amazonbot) Chrome/119.0.6045.214 Safari/537.36"
98.82.39.241 - - [22/Jun/2025:09:08:01 -0400] "GET /wp-includes/js/jquery/?C=M;O%3DA HTTP/1.1" 404 181314 "-" "Mozilla/5.0 AppleWebKit/537.36 (KHTML, like Gecko; compatible; Amazonbot/0.1; +https://developer.amazon.com/support/amazonbot) Chrome/119.0.6045.214 Safari/537.36"
18.214.138.148 - - [22/Jun/2025:09:08:06 -0400] "GET /wp-includes/images/crystal/?C=S;O%3DD HTTP/1.1" 200 553 "-" "Mozilla/5.0 AppleWebKit/537.36 (KHTML, like Gecko; compatible; Amazonbot/0.1; +https://developer.amazon.com/support/amazonbot) Chrome/119.0.6045.214 Safari/537.36"
52.204.71.8 - - [22/Jun/2025:09:08:09 -0400] "GET /wp-includes/css/dist/edit-widgets/?C=M;O%3DA HTTP/1.1" 200 407 "-" "Mozilla/5.0 AppleWebKit/537.36 (KHTML, like Gecko; compatible; Amazonbot/0.1; +https://developer.amazon.com/support/amazonbot) Chrome/119.0.6045.214 Safari/537.36"
216.73.216.89 - - [22/Jun/2025:09:08:24 -0400] "GET /wp-includes/js/wp-embed-template.min.js HTTP/1.1" 200 1119 "-" "Mozilla/5.0 AppleWebKit/537.36 (KHTML, like Gecko; compatible; ClaudeBot/1.0; +claudebot@anthropic.com)"
216.73.216.89 - - [22/Jun/2025:09:08:24 -0400] "GET /wp-includes/js/tw-sack.min.js HTTP/1.1" 200 1158 "-" "Mozilla/5.0 AppleWebKit/537.36 (KHTML, like Gecko; compatible; ClaudeBot/1.0; +claudebot@anthropic.com)"
180.142.221.81 - - [22/Jun/2025:09:08:26 -0400] "POST /wp-comments-post.php HTTP/1.1" 302 - "-" "Mozilla/5.0 (Windows NT 10.0; Win64; x64) AppleWebKit/537.36 (KHTML, like Gecko) Chrome/108.0.0.0 Safari/537.36 Edg/108.0.1462.46"
180.142.221.81 - - [22/Jun/2025:09:08:27 -0400] "GET /sports-betting-and-on-the-web-casino-bangladesh-benefit-35-000-rs-2/?unapproved=866&moderation-hash=0f010c1a2dd873d42ca2c67bb4b16f7f HTTP/1.1" 200 46251 "-" "Mozilla/5.0 (Windows NT 10.0; Win64; x64) AppleWebKit/537.36 (KHTML, like Gecko) Chrome/108.0.0.0 Safari/537.36 Edg/108.0.1462.46"
198.187.29.56 - - [22/Jun/2025:09:09:00 -0400] "POST /wp-cron.php?doing_wp_cron=1750597740.5646960735321044921875 HTTP/1.1" 200 - "-" "WordPress/6.8.1; https://oakwoodeventsuganda.com"
185.191.171.19 - - [22/Jun/2025:09:09:00 -0400] "GET /author/admin/page/97/ HTTP/1.1" 200 35050 "-" "Mozilla/5.0 (compatible; SemrushBot/7~bl; +http://www.semrush.com/bot.html)"
216.73.216.89 - - [22/Jun/2025:09:09:13 -0400] "GET /wp-includes/js/colorpicker.min.js HTTP/1.1" 200 4850 "-" "Mozilla/5.0 AppleWebKit/537.36 (KHTML, like Gecko; compatible; ClaudeBot/1.0; +claudebot@anthropic.com)"
216.73.216.89 - - [22/Jun/2025:09:09:13 -0400] "GET /wp-includes/rest-api/fields HTTP/1.1" 301 268 "-" "Mozilla/5.0 AppleWebKit/537.36 (KHTML, like Gecko; compatible; ClaudeBot/1.0; +claudebot@anthropic.com)"
216.73.216.89 - - [22/Jun/2025:09:09:13 -0400] "GET /wp-includes/rest-api/fields/ HTTP/1.1" 200 455 "https://oakwoodeventsuganda.com/wp-includes/rest-api/fields" "Mozilla/5.0 AppleWebKit/537.36 (KHTML, like Gecko; compatible; ClaudeBot/1.0; +claudebot@anthropic.com)"
216.73.216.89 - - [22/Jun/2025:09:10:05 -0400] "GET /wp-includes/js/admin-bar.min.js HTTP/1.1" 200 1357 "-" "Mozilla/5.0 AppleWebKit/537.36 (KHTML, like Gecko; compatible; ClaudeBot/1.0; +claudebot@anthropic.com)"
216.73.216.89 - - [22/Jun/2025:09:10:05 -0400] "GET /wp-includes/js/media-models.js HTTP/1.1" 200 10771 "-" "Mozilla/5.0 AppleWebKit/537.36 (KHTML, like Gecko; compatible; ClaudeBot/1.0; +claudebot@anthropic.com)"
216.73.216.89 - - [22/Jun/2025:09:10:55 -0400] "GET /wp-includes/rest-api/endpoints HTTP/1.1" 301 271 "-" "Mozilla/5.0 AppleWebKit/537.36 (KHTML, like Gecko; compatible; ClaudeBot/1.0; +claudebot@anthropic.com)"
216.73.216.89 - - [22/Jun/2025:09:10:55 -0400] "GET /wp-includes/js/media-grid.min.js HTTP/1.1" 200 3836 "-" "Mozilla/5.0 AppleWebKit/537.36 (KHTML, like Gecko; compatible; ClaudeBot/1.0; +claudebot@anthropic.com)"
216.73.216.89 - - [22/Jun/2025:09:10:55 -0400] "GET /wp-includes/rest-api/endpoints/ HTTP/1.1" 200 1083 "https://oakwoodeventsuganda.com/wp-includes/rest-api/endpoints" "Mozilla/5.0 AppleWebKit/537.36 (KHTML, like Gecko; compatible; ClaudeBot/1.0; +claudebot@anthropic.com)"
216.73.216.89 - - [22/Jun/2025:09:11:48 -0400] "GET /wp-includes/js/masonry.min.js HTTP/1.1" 200 7382 "-" "Mozilla/5.0 AppleWebKit/537.36 (KHTML, like Gecko; compatible; ClaudeBot/1.0; +claudebot@anthropic.com)"
216.73.216.89 - - [22/Jun/2025:09:11:48 -0400] "GET /wp-includes/js/wp-emoji-loader.min.js HTTP/1.1" 200 1221 "-" "Mozilla/5.0 AppleWebKit/537.36 (KHTML, like Gecko; compatible; ClaudeBot/1.0; +claudebot@anthropic.com)"
216.73.216.89 - - [22/Jun/2025:09:12:41 -0400] "GET /wp-includes/rest-api/search HTTP/1.1" 301 268 "-" "Mozilla/5.0 AppleWebKit/537.36 (KHTML, like Gecko; compatible; ClaudeBot/1.0; +claudebot@anthropic.com)"
216.73.216.89 - - [22/Jun/2025:09:12:41 -0400] "GET /wp-includes/js/heartbeat.min.js HTTP/1.1" 200 2041 "-" "Mozilla/5.0 AppleWebKit/537.36 (KHTML, like Gecko; compatible; ClaudeBot/1.0; +claudebot@anthropic.com)"
216.73.216.89 - - [22/Jun/2025:09:12:41 -0400] "GET /wp-includes/rest-api/search/ HTTP/1.1" 200 461 "https://oakwoodeventsuganda.com/wp-includes/rest-api/search" "Mozilla/5.0 AppleWebKit/537.36 (KHTML, like Gecko; compatible; ClaudeBot/1.0; +claudebot@anthropic.com)"
216.73.216.89 - - [22/Jun/2025:09:13:31 -0400] "GET /wp-includes/js/media-views.min.js HTTP/1.1" 200 26596 "-" "Mozilla/5.0 AppleWebKit/537.36 (KHTML, like Gecko; compatible; ClaudeBot/1.0; +claudebot@anthropic.com)"
216.73.216.89 - - [22/Jun/2025:09:13:31 -0400] "GET /wp-includes/js/codemirror HTTP/1.1" 301 266 "-" "Mozilla/5.0 AppleWebKit/537.36 (KHTML, like Gecko; compatible; ClaudeBot/1.0; +claudebot@anthropic.com)"
216.73.216.89 - - [22/Jun/2025:09:13:31 -0400] "GET /wp-includes/js/codemirror/ HTTP/1.1" 200 496 "https://oakwoodeventsuganda.com/wp-includes/js/codemirror" "Mozilla/5.0 AppleWebKit/537.36 (KHTML, like Gecko; compatible; ClaudeBot/1.0; +claudebot@anthropic.com)"
198.187.29.56 - - [22/Jun/2025:09:14:05 -0400] "POST /wp-cron.php?doing_wp_cron=1750598045.8621339797973632812500 HTTP/1.1" 200 - "-" "WordPress/6.8.1; https://oakwoodeventsuganda.com"
185.191.171.5 - - [22/Jun/2025:09:14:02 -0400] "GET /welcome-single-pregnant-girls/ HTTP/1.1" 200 39248 "-" "Mozilla/5.0 (compatible; SemrushBot/7~bl; +http://www.semrush.com/bot.html)"
216.73.216.89 - - [22/Jun/2025:09:14:29 -0400] "GET /wp-includes/js/twemoji.js HTTP/1.1" 200 8537 "-" "Mozilla/5.0 AppleWebKit/537.36 (KHTML, like Gecko; compatible; ClaudeBot/1.0; +claudebot@anthropic.com)"
216.73.216.89 - - [22/Jun/2025:09:14:29 -0400] "GET /wp-includes/js/media-models.min.js HTTP/1.1" 200 4088 "-" "Mozilla/5.0 AppleWebKit/537.36 (KHTML, like Gecko; compatible; ClaudeBot/1.0; +claudebot@anthropic.com)"
198.187.29.56 - - [22/Jun/2025:09:14:33 -0400] "POST /wp-cron.php?doing_wp_cron=1750598073.3891210556030273437500 HTTP/1.1" 200 - "-" "WordPress/6.8.1; https://oakwoodeventsuganda.com"
41.75.184.18 - - [22/Jun/2025:09:14:32 -0400] "GET / HTTP/1.1" 301 - "https://t.co/iI6VkR5ZrB" "Mozilla/5.0 (Linux; Android 10; K) AppleWebKit/537.36 (KHTML, like Gecko) Chrome/137.0.0.0 Mobile Safari/537.36"
216.73.216.89 - - [22/Jun/2025:09:15:30 -0400] "GET /wp-includes/js/wp-emoji.js HTTP/1.1" 200 3427 "-" "Mozilla/5.0 AppleWebKit/537.36 (KHTML, like Gecko; compatible; ClaudeBot/1.0; +claudebot@anthropic.com)"
216.73.216.89 - - [22/Jun/2025:09:15:30 -0400] "GET /wp-includes/js/wp-emoji-release.min.js HTTP/1.1" 200 5166 "-" "Mozilla/5.0 AppleWebKit/537.36 (KHTML, like Gecko; compatible; ClaudeBot/1.0; +claudebot@anthropic.com)"
35.224.162.50 - - [22/Jun/2025:09:16:30 -0400] "HEAD / HTTP/1.1" 200 - "http://oakwoodeventsuganda.com/" "Mozilla/5.0 (Windows NT 10.0; Win64; x64) AppleWebKit/537.36 (KHTML, like Gecko) Chrome/74.0.3729.169 Safari/537.36"
216.73.216.89 - - [22/Jun/2025:09:16:32 -0400] "GET /wp-includes/js/twemoji.min.js HTTP/1.1" 200 3910 "-" "Mozilla/5.0 AppleWebKit/537.36 (KHTML, like Gecko; compatible; ClaudeBot/1.0; +claudebot@anthropic.com)"
216.73.216.89 - - [22/Jun/2025:09:16:32 -0400] "GET /wp-includes/js/wp-emoji.min.js HTTP/1.1" 200 1439 "-" "Mozilla/5.0 AppleWebKit/537.36 (KHTML, like Gecko; compatible; ClaudeBot/1.0; +claudebot@anthropic.com)"
216.73.216.89 - - [22/Jun/2025:09:17:25 -0400] "GET /wp-includes/js/swfupload HTTP/1.1" 301 265 "-" "Mozilla/5.0 AppleWebKit/537.36 (KHTML, like Gecko; compatible; ClaudeBot/1.0; +claudebot@anthropic.com)"
216.73.216.89 - - [22/Jun/2025:09:17:25 -0400] "GET /wp-includes/js/plupload HTTP/1.1" 301 264 "-" "Mozilla/5.0 AppleWebKit/537.36 (KHTML, like Gecko; compatible; ClaudeBot/1.0; +claudebot@anthropic.com)"
216.73.216.89 - - [22/Jun/2025:09:17:25 -0400] "GET /wp-includes/js/swfupload/ HTTP/1.1" 200 429 "https://oakwoodeventsuganda.com/wp-includes/js/swfupload" "Mozilla/5.0 AppleWebKit/537.36 (KHTML, like Gecko; compatible; ClaudeBot/1.0; +claudebot@anthropic.com)"
216.73.216.89 - - [22/Jun/2025:09:17:25 -0400] "GET /wp-includes/js/plupload/ HTTP/1.1" 200 501 "https://oakwoodeventsuganda.com/wp-includes/js/plupload" "Mozilla/5.0 AppleWebKit/537.36 (KHTML, like Gecko; compatible; ClaudeBot/1.0; +claudebot@anthropic.com)"
216.73.216.89 - - [22/Jun/2025:09:18:16 -0400] "GET /wp-includes/js/mediaelement HTTP/1.1" 301 268 "-" "Mozilla/5.0 AppleWebKit/537.36 (KHTML, like Gecko; compatible; ClaudeBot/1.0; +claudebot@anthropic.com)"
216.73.216.89 - - [22/Jun/2025:09:18:16 -0400] "GET /wp-includes/js/thickbox HTTP/1.1" 301 264 "-" "Mozilla/5.0 AppleWebKit/537.36 (KHTML, like Gecko; compatible; ClaudeBot/1.0; +claudebot@anthropic.com)"
216.73.216.89 - - [22/Jun/2025:09:18:16 -0400] "GET /wp-includes/js/thickbox/ HTTP/1.1" 200 466 "https://oakwoodeventsuganda.com/wp-includes/js/thickbox" "Mozilla/5.0 AppleWebKit/537.36 (KHTML, like Gecko; compatible; ClaudeBot/1.0; +claudebot@anthropic.com)"
216.73.216.89 - - [22/Jun/2025:09:18:16 -0400] "GET /wp-includes/js/mediaelement/ HTTP/1.1" 200 707 "https://oakwoodeventsuganda.com/wp-includes/js/mediaelement" "Mozilla/5.0 AppleWebKit/537.36 (KHTML, like Gecko; compatible; ClaudeBot/1.0; +claudebot@anthropic.com)"
216.73.216.89 - - [22/Jun/2025:09:19:12 -0400] "GET /wp-includes/js/jcrop HTTP/1.1" 301 261 "-" "Mozilla/5.0 AppleWebKit/537.36 (KHTML, like Gecko; compatible; ClaudeBot/1.0; +claudebot@anthropic.com)"
216.73.216.89 - - [22/Jun/2025:09:19:12 -0400] "GET /wp-includes/php-compat/?C=N&O=D HTTP/1.1" 200 362 "-" "Mozilla/5.0 AppleWebKit/537.36 (KHTML, like Gecko; compatible; ClaudeBot/1.0; +claudebot@anthropic.com)"
216.73.216.89 - - [22/Jun/2025:09:19:12 -0400] "GET /wp-includes/js/jcrop/ HTTP/1.1" 200 432 "https://oakwoodeventsuganda.com/wp-includes/js/jcrop" "Mozilla/5.0 AppleWebKit/537.36 (KHTML, like Gecko; compatible; ClaudeBot/1.0; +claudebot@anthropic.com)"
216.73.216.89 - - [22/Jun/2025:09:20:14 -0400] "GET /wp-includes/js/crop HTTP/1.1" 301 260 "-" "Mozilla/5.0 AppleWebKit/537.36 (KHTML, like Gecko; compatible; ClaudeBot/1.0; +claudebot@anthropic.com)"
216.73.216.89 - - [22/Jun/2025:09:20:14 -0400] "GET /wp-includes/js/media-audiovideo.js HTTP/1.1" 200 5512 "-" "Mozilla/5.0 AppleWebKit/537.36 (KHTML, like Gecko; compatible; ClaudeBot/1.0; +claudebot@anthropic.com)"
216.73.216.89 - - [22/Jun/2025:09:20:14 -0400] "GET /wp-includes/js/crop/ HTTP/1.1" 200 444 "https://oakwoodeventsuganda.com/wp-includes/js/crop" "Mozilla/5.0 AppleWebKit/537.36 (KHTML, like Gecko; compatible; ClaudeBot/1.0; +claudebot@anthropic.com)"
216.73.216.89 - - [22/Jun/2025:09:21:08 -0400] "GET /wp-includes/php-compat/?C=S&O=A HTTP/1.1" 200 364 "-" "Mozilla/5.0 AppleWebKit/537.36 (KHTML, like Gecko; compatible; ClaudeBot/1.0; +claudebot@anthropic.com)"
31.13.127.115 - - [22/Jun/2025:09:21:49 -0400] "GET /wp-content/uploads/2023/02/oakwood-door-logo-01.png HTTP/1.1" 200 83571 "-" "facebookexternalhit/1.1 (+http://www.facebook.com/externalhit_uatext.php)"
216.73.216.89 - - [22/Jun/2025:09:22:02 -0400] "GET /wp-includes/js/media-audiovideo.min.js HTTP/1.1" 200 3363 "-" "Mozilla/5.0 AppleWebKit/537.36 (KHTML, like Gecko; compatible; ClaudeBot/1.0; +claudebot@anthropic.com)"
216.73.216.89 - - [22/Jun/2025:09:22:59 -0400] "GET /wp-includes/html-api/?C=N&O=D HTTP/1.1" 200 705 "-" "Mozilla/5.0 AppleWebKit/537.36 (KHTML, like Gecko; compatible; ClaudeBot/1.0; +claudebot@anthropic.com)"
40.77.167.219 - - [22/Jun/2025:09:24:17 -0400] "GET /robots.txt HTTP/1.1" 200 176 "-" "Mozilla/5.0 AppleWebKit/537.36 (KHTML, like Gecko; compatible; bingbot/2.0; +http://www.bing.com/bingbot.htm) Chrome/116.0.1938.76 Safari/537.36"
198.187.29.56 - - [22/Jun/2025:09:24:23 -0400] "POST /wp-cron.php?doing_wp_cron=1750598663.4370551109313964843750 HTTP/1.1" 200 - "-" "WordPress/6.8.1; https://oakwoodeventsuganda.com"
52.167.144.142 - - [22/Jun/2025:09:24:22 -0400] "GET /sociology44-wzcngis5c.html HTTP/1.1" 404 181180 "-" "Mozilla/5.0 AppleWebKit/537.36 (KHTML, like Gecko; compatible; bingbot/2.0; +http://www.bing.com/bingbot.htm) Chrome/116.0.1938.76 Safari/537.36"
216.73.216.89 - - [22/Jun/2025:09:25:11 -0400] "GET /wp-includes/php-compat/?C=M&O=A HTTP/1.1" 200 364 "-" "Mozilla/5.0 AppleWebKit/537.36 (KHTML, like Gecko; compatible; ClaudeBot/1.0; +claudebot@anthropic.com)"
202.137.154.100 - - [22/Jun/2025:09:25:39 -0400] "GET //xmlrpc.php HTTP/1.1" 403 17008 "-" "Mozilla/5.0 (Windows NT 10.0; WOW64; rv:45.0) Gecko/20100101 Firefox/45.0"
198.187.29.56 - - [22/Jun/2025:09:26:18 -0400] "POST /?wordfence_syncAttackData=1750598778.8543 HTTP/1.1" 200 - "-" "WordPress/6.8.1; https://oakwoodeventsuganda.com"
198.187.29.56 - - [22/Jun/2025:09:26:19 -0400] "POST /wp-cron.php?doing_wp_cron=1750598779.3911709785461425781250 HTTP/1.1" 200 - "-" "WordPress/6.8.1; https://oakwoodeventsuganda.com"
85.254.137.130 - - [22/Jun/2025:09:26:18 -0400] "GET /wp-admin/admin-ajax.php?action=wp-hpg HTTP/1.1" 200 403 "-" "Mozilla/5.0 (Windows NT 5.1) AppleWebKit/537.36 (KHTML, like Gecko) Maxthon/4.2.1.1000 Chrome/30.0.1551.0 Safari/537.3619239283"
85.254.137.143 - - [22/Jun/2025:09:26:22 -0400] "POST /wp-admin/admin-ajax.php?action=wp-hpg HTTP/1.1" 200 69973 "-" "Mozilla/5.0 (Windows NT 5.1) AppleWebKit/537.36 (KHTML, like Gecko) Maxthon/4.2.1.1000 Chrome/30.0.1551.0 Safari/537.3619239283"
198.187.29.56 - - [22/Jun/2025:09:26:27 -0400] "GET /wp-content/plugins/All-In-One-WP-Migration-Pro-master/lib/vendor/bandar/bandar/lib/Exceptions/Exceptions.css?ch=1 HTTP/1.1" 200 7095 "-" "-"
198.187.29.56 - - [22/Jun/2025:09:26:27 -0400] "GET /wp-content/plugins/All-In-One-WP-Migration-Pro-master/lib/vendor/bandar/bandar/lib/Exceptions/Exceptions.css?ch=1 HTTP/1.1" 200 3054 "-" "-"
198.187.29.56 - - [22/Jun/2025:09:26:27 -0400] "GET /wp-content/plugins/All-In-One-WP-Migration-Pro-master/lib/vendor/bandar/bandar/lib/lib.php?ch=1 HTTP/1.1" 200 4 "-" "-"
216.73.216.89 - - [22/Jun/2025:09:26:28 -0400] "GET /wp-includes/php-compat/?C=D&O=A HTTP/1.1" 200 364 "-" "Mozilla/5.0 AppleWebKit/537.36 (KHTML, like Gecko; compatible; ClaudeBot/1.0; +claudebot@anthropic.com)"
85.254.103.126 - - [22/Jun/2025:09:26:25 -0400] "POST /wp-admin/admin-ajax.php?action=wp-hpg HTTP/1.1" 200 72609 "-" "Mozilla/5.0 (Windows NT 5.1) AppleWebKit/537.36 (KHTML, like Gecko) Maxthon/4.2.1.1000 Chrome/30.0.1551.0 Safari/537.3619239283"
216.73.216.89 - - [22/Jun/2025:09:27:23 -0400] "GET /wp-includes/js/imgareaselect HTTP/1.1" 301 269 "-" "Mozilla/5.0 AppleWebKit/537.36 (KHTML, like Gecko; compatible; ClaudeBot/1.0; +claudebot@anthropic.com)"
216.73.216.89 - - [22/Jun/2025:09:27:23 -0400] "GET /wp-includes/js/imgareaselect/ HTTP/1.1" 200 464 "https://oakwoodeventsuganda.com/wp-includes/js/imgareaselect" "Mozilla/5.0 AppleWebKit/537.36 (KHTML, like Gecko; compatible; ClaudeBot/1.0; +claudebot@anthropic.com)"
216.73.216.89 - - [22/Jun/2025:09:28:13 -0400] "GET /wp-includes/js/dist HTTP/1.1" 301 260 "-" "Mozilla/5.0 AppleWebKit/537.36 (KHTML, like Gecko; compatible; ClaudeBot/1.0; +claudebot@anthropic.com)"
216.73.216.89 - - [22/Jun/2025:09:28:13 -0400] "GET /wp-includes/js/dist/ HTTP/1.1" 200 2138 "https://oakwoodeventsuganda.com/wp-includes/js/dist" "Mozilla/5.0 AppleWebKit/537.36 (KHTML, like Gecko; compatible; ClaudeBot/1.0; +claudebot@anthropic.com)"
216.73.216.89 - - [22/Jun/2025:09:29:05 -0400] "GET /wp-includes/html-api/?C=S&O=A HTTP/1.1" 200 710 "-" "Mozilla/5.0 AppleWebKit/537.36 (KHTML, like Gecko; compatible; ClaudeBot/1.0; +claudebot@anthropic.com)"
216.73.216.89 - - [22/Jun/2025:09:30:18 -0400] "GET /wp-includes/interactivity-api/?C=N&O=D HTTP/1.1" 200 439 "-" "Mozilla/5.0 AppleWebKit/537.36 (KHTML, like Gecko; compatible; ClaudeBot/1.0; +claudebot@anthropic.com)"
216.73.216.89 - - [22/Jun/2025:09:31:19 -0400] "GET /robots.txt HTTP/1.1" 200 176 "-" "Mozilla/5.0 AppleWebKit/537.36 (KHTML, like Gecko; compatible; ClaudeBot/1.0; +claudebot@anthropic.com)"
216.73.216.89 - - [22/Jun/2025:09:31:19 -0400] "GET /wp-includes/rest-api/?C=N&O=D HTTP/1.1" 200 477 "-" "Mozilla/5.0 AppleWebKit/537.36 (KHTML, like Gecko; compatible; ClaudeBot/1.0; +claudebot@anthropic.com)"
216.73.216.89 - - [22/Jun/2025:09:32:15 -0400] "GET /wp-includes/html-api/?C=M&O=A HTTP/1.1" 200 713 "-" "Mozilla/5.0 AppleWebKit/537.36 (KHTML, like Gecko; compatible; ClaudeBot/1.0; +claudebot@anthropic.com)"
85.208.96.201 - - [22/Jun/2025:09:33:08 -0400] "GET /robots.txt HTTP/1.1" 200 176 "-" "Mozilla/5.0 (compatible; SemrushBot/7~bl; +http://www.semrush.com/bot.html)"
216.73.216.89 - - [22/Jun/2025:09:33:08 -0400] "GET /wp-includes/interactivity-api/?C=S&O=A HTTP/1.1" 200 444 "-" "Mozilla/5.0 AppleWebKit/537.36 (KHTML, like Gecko; compatible; ClaudeBot/1.0; +claudebot@anthropic.com)"
198.187.29.56 - - [22/Jun/2025:09:33:11 -0400] "POST /wp-cron.php?doing_wp_cron=1750599191.9285941123962402343750 HTTP/1.1" 200 - "-" "WordPress/6.8.1; https://oakwoodeventsuganda.com"
85.208.96.209 - - [22/Jun/2025:09:33:08 -0400] "GET /obzor-bk-mostbet-mostbet-com-otzyvy-bonusy-samogo-35-000/ HTTP/1.1" 200 52431 "-" "Mozilla/5.0 (compatible; SemrushBot/7~bl; +http://www.semrush.com/bot.html)"
216.73.216.89 - - [22/Jun/2025:09:34:16 -0400] "GET /wp-includes/html-api/?C=D&O=A HTTP/1.1" 200 713 "-" "Mozilla/5.0 AppleWebKit/537.36 (KHTML, like Gecko; compatible; ClaudeBot/1.0; +claudebot@anthropic.com)"
216.73.216.89 - - [22/Jun/2025:09:35:17 -0400] "GET /wp-includes/interactivity-api/?C=M&O=A HTTP/1.1" 200 448 "-" "Mozilla/5.0 AppleWebKit/537.36 (KHTML, like Gecko; compatible; ClaudeBot/1.0; +claudebot@anthropic.com)"
216.73.216.89 - - [22/Jun/2025:09:36:22 -0400] "GET /wp-includes/rest-api/?C=S&O=A HTTP/1.1" 200 482 "-" "Mozilla/5.0 AppleWebKit/537.36 (KHTML, like Gecko; compatible; ClaudeBot/1.0; +claudebot@anthropic.com)"
216.73.216.89 - - [22/Jun/2025:09:37:21 -0400] "GET /wp-includes/interactivity-api/?C=D&O=A HTTP/1.1" 200 443 "-" "Mozilla/5.0 AppleWebKit/537.36 (KHTML, like Gecko; compatible; ClaudeBot/1.0; +claudebot@anthropic.com)"
198.187.29.56 - - [22/Jun/2025:09:37:48 -0400] "POST /wp-cron.php?doing_wp_cron=1750599468.0750908851623535156250 HTTP/1.1" 200 - "-" "WordPress/6.8.1; https://oakwoodeventsuganda.com"
5.161.201.188 - - [22/Jun/2025:09:37:44 -0400] "POST /wp-load.php?34d7d1=67123 HTTP/1.1" 200 - "-" "Mozilla/5.0 (Windows NT 10.0; Win64; x64) AppleWebKit/537.36 (KHTML, like Gecko) Chrome/104.0.5112.97 Safari/537.36"
52.167.144.195 - - [22/Jun/2025:09:38:03 -0400] "GET /hoya49-43uckwfcd.html HTTP/1.1" 404 187358 "-" "Mozilla/5.0 AppleWebKit/537.36 (KHTML, like Gecko; compatible; bingbot/2.0; +http://www.bing.com/bingbot.htm) Chrome/116.0.1938.76 Safari/537.36"
4.227.36.14 - - [22/Jun/2025:09:38:18 -0400] "GET /robots.txt HTTP/1.1" 200 176 "-" "Mozilla/5.0 AppleWebKit/537.36 (KHTML, like Gecko; compatible; GPTBot/1.2; +https://openai.com/gptbot)"
20.171.207.143 - - [22/Jun/2025:09:38:18 -0400] "GET /sitemap415.xml HTTP/1.1" 404 187324 "-" "Mozilla/5.0 AppleWebKit/537.36 (KHTML, like Gecko; compatible; GPTBot/1.2; +https://openai.com/gptbot)"
216.73.216.89 - - [22/Jun/2025:09:38:50 -0400] "GET /wp-includes/rest-api/?C=M&O=A HTTP/1.1" 200 491 "-" "Mozilla/5.0 AppleWebKit/537.36 (KHTML, like Gecko; compatible; ClaudeBot/1.0; +claudebot@anthropic.com)"
51.68.163.45 - - [22/Jun/2025:09:39:00 -0400] "GET / HTTP/1.1" 200 31303 "-" "Mozilla/5.0 (Windows NT 10.0; Win64; x64) AppleWebKit/537.36 (KHTML, like Gecko) Chrome/122.0.0.0 Safari/537.36"
51.68.163.45 - - [22/Jun/2025:09:39:35 -0400] "GET /wp-content/uploads/elementor/css/post-15695.css?ver=1748092909 HTTP/1.1" 200 274 "https://oakwoodeventsuganda.com/" "Mozilla/5.0 (Windows NT 10.0; Win64; x64) AppleWebKit/537.36 (KHTML, like Gecko) Chrome/122.0.0.0 Safari/537.36"
51.68.163.45 - - [22/Jun/2025:09:39:35 -0400] "GET /wp-content/plugins/metform/public/assets/lib/cute-alert/style.css?ver=3.9.9 HTTP/1.1" 200 1225 "https://oakwoodeventsuganda.com/" "Mozilla/5.0 (Windows NT 10.0; Win64; x64) AppleWebKit/537.36 (KHTML, like Gecko) Chrome/122.0.0.0 Safari/537.36"
51.68.163.45 - - [22/Jun/2025:09:39:35 -0400] "GET /wp-content/plugins/missing-widgets-for-elementor/dist/plugin.169ad.css?ver=1.5.3 HTTP/1.1" 200 5109 "https://oakwoodeventsuganda.com/" "Mozilla/5.0 (Windows NT 10.0; Win64; x64) AppleWebKit/537.36 (KHTML, like Gecko) Chrome/122.0.0.0 Safari/537.36"
51.68.163.45 - - [22/Jun/2025:09:39:35 -0400] "GET /wp-content/plugins/metform-pro/public/assets/css/style.min.css?ver=3.8.4 HTTP/1.1" 200 27699 "https://oakwoodeventsuganda.com/" "Mozilla/5.0 (Windows NT 10.0; Win64; x64) AppleWebKit/537.36 (KHTML, like Gecko) Chrome/122.0.0.0 Safari/537.36"
51.68.163.45 - - [22/Jun/2025:09:39:35 -0400] "GET /wp-content/plugins/metform/public/assets/css/flatpickr.min.css?ver=3.9.9 HTTP/1.1" 200 2851 "https://oakwoodeventsuganda.com/" "Mozilla/5.0 (Windows NT 10.0; Win64; x64) AppleWebKit/537.36 (KHTML, like Gecko) Chrome/122.0.0.0 Safari/537.36"
51.68.163.45 - - [22/Jun/2025:09:39:35 -0400] "GET /wp-content/plugins/elementor/assets/lib/font-awesome/css/fontawesome.min.css?ver=5.15.3 HTTP/1.1" 200 12617 "https://oakwoodeventsuganda.com/" "Mozilla/5.0 (Windows NT 10.0; Win64; x64) AppleWebKit/537.36 (KHTML, like Gecko) Chrome/122.0.0.0 Safari/537.36"
51.68.163.45 - - [22/Jun/2025:09:39:35 -0400] "GET /wp-content/plugins/contact-form-7/includes/css/styles.css?ver=6.0.6 HTTP/1.1" 200 1015 "https://oakwoodeventsuganda.com/" "Mozilla/5.0 (Windows NT 10.0; Win64; x64) AppleWebKit/537.36 (KHTML, like Gecko) Chrome/122.0.0.0 Safari/537.36"
51.68.163.45 - - [22/Jun/2025:09:39:35 -0400] "GET /wp-content/plugins/metform/public/assets/css/metform-ui.css?ver=3.9.9 HTTP/1.1" 200 15413 "https://oakwoodeventsuganda.com/" "Mozilla/5.0 (Windows NT 10.0; Win64; x64) AppleWebKit/537.36 (KHTML, like Gecko) Chrome/122.0.0.0 Safari/537.36"
51.68.163.45 - - [22/Jun/2025:09:39:35 -0400] "GET /wp-content/plugins/elementor/assets/lib/font-awesome/css/solid.min.css?ver=5.15.3 HTTP/1.1" 200 309 "https://oakwoodeventsuganda.com/" "Mozilla/5.0 (Windows NT 10.0; Win64; x64) AppleWebKit/537.36 (KHTML, like Gecko) Chrome/122.0.0.0 Safari/537.36"
51.68.163.45 - - [22/Jun/2025:09:39:35 -0400] "GET /wp-content/plugins/bdthemes-prime-slider-lite/assets/css/prime-slider-site.css?ver=3.17.14 HTTP/1.1" 200 2963 "https://oakwoodeventsuganda.com/" "Mozilla/5.0 (Windows NT 10.0; Win64; x64) AppleWebKit/537.36 (KHTML, like Gecko) Chrome/122.0.0.0 Safari/537.36"
51.68.163.45 - - [22/Jun/2025:09:39:35 -0400] "GET /wp-content/uploads/elementor/css/post-13889.css?ver=1748092909 HTTP/1.1" 200 3945 "https://oakwoodeventsuganda.com/" "Mozilla/5.0 (Windows NT 10.0; Win64; x64) AppleWebKit/537.36 (KHTML, like Gecko) Chrome/122.0.0.0 Safari/537.36"
51.68.163.45 - - [22/Jun/2025:09:39:35 -0400] "GET /wp-content/uploads/elementor/css/custom-frontend.min.css?ver=1748092908 HTTP/1.1" 200 7083 "https://oakwoodeventsuganda.com/" "Mozilla/5.0 (Windows NT 10.0; Win64; x64) AppleWebKit/537.36 (KHTML, like Gecko) Chrome/122.0.0.0 Safari/537.36"
51.68.163.45 - - [22/Jun/2025:09:39:35 -0400] "GET /wp-content/plugins/ht-portfolio/assets/css/magnific-popup.css?ver=6.8.1 HTTP/1.1" 200 1816 "https://oakwoodeventsuganda.com/" "Mozilla/5.0 (Windows NT 10.0; Win64; x64) AppleWebKit/537.36 (KHTML, like Gecko) Chrome/122.0.0.0 Safari/537.36"
51.68.163.45 - - [22/Jun/2025:09:39:35 -0400] "GET /wp-content/plugins/popup-maker/assets/css/pum-site.min.css?ver=1.20.5 HTTP/1.1" 200 1905 "https://oakwoodeventsuganda.com/" "Mozilla/5.0 (Windows NT 10.0; Win64; x64) AppleWebKit/537.36 (KHTML, like Gecko) Chrome/122.0.0.0 Safari/537.36"
51.68.163.45 - - [22/Jun/2025:09:39:35 -0400] "GET /wp-content/plugins/chaty-pro/css/chaty-front.min.css?ver=3.2.81743855972 HTTP/1.1" 200 6509 "https://oakwoodeventsuganda.com/" "Mozilla/5.0 (Windows NT 10.0; Win64; x64) AppleWebKit/537.36 (KHTML, like Gecko) Chrome/122.0.0.0 Safari/537.36"
51.68.163.45 - - [22/Jun/2025:09:39:35 -0400] "GET /wp-content/plugins/elementor/assets/lib/font-awesome/css/font-awesome.min.css?ver=4.7.0 HTTP/1.1" 200 7052 "https://oakwoodeventsuganda.com/" "Mozilla/5.0 (Windows NT 10.0; Win64; x64) AppleWebKit/537.36 (KHTML, like Gecko) Chrome/122.0.0.0 Safari/537.36"
51.68.163.45 - - [22/Jun/2025:09:39:35 -0400] "GET /wp-content/uploads/apollo13_framework_files/css/user.css?ver=2.4.21_1741698984 HTTP/1.1" 200 4792 "https://oakwoodeventsuganda.com/" "Mozilla/5.0 (Windows NT 10.0; Win64; x64) AppleWebKit/537.36 (KHTML, like Gecko) Chrome/122.0.0.0 Safari/537.36"
51.68.163.45 - - [22/Jun/2025:09:39:35 -0400] "GET /wp-content/plugins/elementor/assets/css/widget-image.min.css?ver=3.29.2 HTTP/1.1" 200 165 "https://oakwoodeventsuganda.com/" "Mozilla/5.0 (Windows NT 10.0; Win64; x64) AppleWebKit/537.36 (KHTML, like Gecko) Chrome/122.0.0.0 Safari/537.36"
51.68.163.45 - - [22/Jun/2025:09:39:35 -0400] "GET /wp-content/uploads/elementor/google-fonts/css/outfit.css?ver=1742239553 HTTP/1.1" 200 498 "https://oakwoodeventsuganda.com/" "Mozilla/5.0 (Windows NT 10.0; Win64; x64) AppleWebKit/537.36 (KHTML, like Gecko) Chrome/122.0.0.0 Safari/537.36"
51.68.163.45 - - [22/Jun/2025:09:39:35 -0400] "GET /wp-content/plugins/premium-addons-for-elementor/assets/frontend/min-css/premium-addons.min.css?ver=4.11.14 HTTP/1.1" 200 47270 "https://oakwoodeventsuganda.com/" "Mozilla/5.0 (Windows NT 10.0; Win64; x64) AppleWebKit/537.36 (KHTML, like Gecko) Chrome/122.0.0.0 Safari/537.36"
51.68.163.45 - - [22/Jun/2025:09:39:35 -0400] "GET /wp-content/plugins/premium-addons-pro/assets/frontend/min-css/premium-addons.min.css?ver=2.9.25 HTTP/1.1" 200 30510 "https://oakwoodeventsuganda.com/" "Mozilla/5.0 (Windows NT 10.0; Win64; x64) AppleWebKit/537.36 (KHTML, like Gecko) Chrome/122.0.0.0 Safari/537.36"
51.68.163.45 - - [22/Jun/2025:09:39:35 -0400] "GET /wp-content/plugins/ht-portfolio/assets/css/htportfolio-widgets.css?ver=6.8.1 HTTP/1.1" 200 1712 "https://oakwoodeventsuganda.com/" "Mozilla/5.0 (Windows NT 10.0; Win64; x64) AppleWebKit/537.36 (KHTML, like Gecko) Chrome/122.0.0.0 Safari/537.36"
51.68.163.45 - - [22/Jun/2025:09:39:35 -0400] "GET /wp-content/plugins/happy-elementor-addons/assets/fonts/style.min.css?ver=3.18.0 HTTP/1.1" 200 5706 "https://oakwoodeventsuganda.com/" "Mozilla/5.0 (Windows NT 10.0; Win64; x64) AppleWebKit/537.36 (KHTML, like Gecko) Chrome/122.0.0.0 Safari/537.36"
51.68.163.45 - - [22/Jun/2025:09:39:35 -0400] "GET /wp-content/plugins/ht-portfolio/assets/css/jquery.fancybox.css?ver=6.8.1 HTTP/1.1" 200 3782 "https://oakwoodeventsuganda.com/" "Mozilla/5.0 (Windows NT 10.0; Win64; x64) AppleWebKit/537.36 (KHTML, like Gecko) Chrome/122.0.0.0 Safari/537.36"
51.68.163.45 - - [22/Jun/2025:09:39:35 -0400] "GET /wp-content/plugins/filter-for-elementor/ef-style.css?ver=1.0.2 HTTP/1.1" 200 286 "https://oakwoodeventsuganda.com/" "Mozilla/5.0 (Windows NT 10.0; Win64; x64) AppleWebKit/537.36 (KHTML, like Gecko) Chrome/122.0.0.0 Safari/537.36"
51.68.163.45 - - [22/Jun/2025:09:39:35 -0400] "GET /wp-content/plugins/elementor/assets/lib/font-awesome/css/v4-shims.min.css?ver=1.0 HTTP/1.1" 200 4229 "https://oakwoodeventsuganda.com/" "Mozilla/5.0 (Windows NT 10.0; Win64; x64) AppleWebKit/537.36 (KHTML, like Gecko) Chrome/122.0.0.0 Safari/537.36"
51.68.163.45 - - [22/Jun/2025:09:39:35 -0400] "GET /wp-content/plugins/addon-elements-for-elementor-page-builder/assets/lib/peel/peel.css?ver=1.14.1 HTTP/1.1" 200 388 "https://oakwoodeventsuganda.com/" "Mozilla/5.0 (Windows NT 10.0; Win64; x64) AppleWebKit/537.36 (KHTML, like Gecko) Chrome/122.0.0.0 Safari/537.36"
51.68.163.45 - - [22/Jun/2025:09:39:35 -0400] "GET /wp-content/plugins/addon-elements-for-elementor-page-builder/assets/css/eae.min.css?ver=1.14.1 HTTP/1.1" 200 33744 "https://oakwoodeventsuganda.com/" "Mozilla/5.0 (Windows NT 10.0; Win64; x64) AppleWebKit/537.36 (KHTML, like Gecko) Chrome/122.0.0.0 Safari/537.36"
51.68.163.45 - - [22/Jun/2025:09:39:35 -0400] "GET /wp-content/plugins/ht-portfolio/assets/css/htportfolio-vendors.css?ver=6.8.1 HTTP/1.1" 200 5655 "https://oakwoodeventsuganda.com/" "Mozilla/5.0 (Windows NT 10.0; Win64; x64) AppleWebKit/537.36 (KHTML, like Gecko) Chrome/122.0.0.0 Safari/537.36"
51.68.163.45 - - [22/Jun/2025:09:39:35 -0400] "GET /wp-content/plugins/wpforms-lite/assets/css/frontend/classic/wpforms-full.min.css?ver=1.9.6.1 HTTP/1.1" 200 9142 "https://oakwoodeventsuganda.com/" "Mozilla/5.0 (Windows NT 10.0; Win64; x64) AppleWebKit/537.36 (KHTML, like Gecko) Chrome/122.0.0.0 Safari/537.36"
51.68.163.45 - - [22/Jun/2025:09:39:35 -0400] "GET /wp-content/plugins/metform/public/assets/css/style.css?ver=3.9.9 HTTP/1.1" 200 4763 "https://oakwoodeventsuganda.com/" "Mozilla/5.0 (Windows NT 10.0; Win64; x64) AppleWebKit/537.36 (KHTML, like Gecko) Chrome/122.0.0.0 Safari/537.36"
51.68.163.45 - - [22/Jun/2025:09:39:35 -0400] "GET /wp-content/plugins/page-builder-add/styles/admin-csm-menu-styles.css?ver=6.8.1 HTTP/1.1" 200 268 "https://oakwoodeventsuganda.com/" "Mozilla/5.0 (Windows NT 10.0; Win64; x64) AppleWebKit/537.36 (KHTML, like Gecko) Chrome/122.0.0.0 Safari/537.36"
51.68.163.45 - - [22/Jun/2025:09:39:35 -0400] "GET /wp-content/plugins/elementor/assets/css/widget-spacer.min.css?ver=3.29.2 HTTP/1.1" 200 369 "https://oakwoodeventsuganda.com/" "Mozilla/5.0 (Windows NT 10.0; Win64; x64) AppleWebKit/537.36 (KHTML, like Gecko) Chrome/122.0.0.0 Safari/537.36"
51.68.163.45 - - [22/Jun/2025:09:39:35 -0400] "GET /wp-content/uploads/elementor/css/post-17401.css?ver=1748592496 HTTP/1.1" 200 654 "https://oakwoodeventsuganda.com/" "Mozilla/5.0 (Windows NT 10.0; Win64; x64) AppleWebKit/537.36 (KHTML, like Gecko) Chrome/122.0.0.0 Safari/537.36"
51.68.163.45 - - [22/Jun/2025:09:39:35 -0400] "GET /wp-content/uploads/elementor/google-fonts/css/oswald.css?ver=1742239548 HTTP/1.1" 200 691 "https://oakwoodeventsuganda.com/" "Mozilla/5.0 (Windows NT 10.0; Win64; x64) AppleWebKit/537.36 (KHTML, like Gecko) Chrome/122.0.0.0 Safari/537.36"
51.68.163.45 - - [22/Jun/2025:09:39:35 -0400] "GET /wp-content/plugins/metform/public/assets/css/text-editor.css?ver=3.9.9 HTTP/1.1" 200 3545 "https://oakwoodeventsuganda.com/" "Mozilla/5.0 (Windows NT 10.0; Win64; x64) AppleWebKit/537.36 (KHTML, like Gecko) Chrome/122.0.0.0 Safari/537.36"
51.68.163.45 - - [22/Jun/2025:09:39:35 -0400] "GET /wp-content/themes/rife-free/css/icomoon.css?ver=2.4.21 HTTP/1.1" 200 481 "https://oakwoodeventsuganda.com/" "Mozilla/5.0 (Windows NT 10.0; Win64; x64) AppleWebKit/537.36 (KHTML, like Gecko) Chrome/122.0.0.0 Safari/537.36"
