216.73.216.89 - - [22/Jun/2025:13:27:17 -0400] "GET /wp-includes/js/dist/deprecated.min.js HTTP/1.1" 200 3652 "-" "Mozilla/5.0 AppleWebKit/537.36 (KHTML, like Gecko; compatible; ClaudeBot/1.0; +claudebot@anthropic.com)"
216.73.216.89 - - [22/Jun/2025:13:27:17 -0400] "GET /wp-includes/js/thickbox/thickbox.js HTTP/1.1" 200 7272 "-" "Mozilla/5.0 AppleWebKit/537.36 (KHTML, like Gecko; compatible; ClaudeBot/1.0; +claudebot@anthropic.com)"
198.187.29.56 - - [22/Jun/2025:13:27:41 -0400] "POST /wp-cron.php?doing_wp_cron=1750613261.0550670623779296875000 HTTP/1.1" 200 - "-" "WordPress/6.8.1; https://oakwoodeventsuganda.com"
104.168.134.190 - - [22/Jun/2025:13:27:40 -0400] "GET /connect-with-rich-women-looking-for-sex-instantly/ HTTP/1.1" 200 43061 "-" "Mozilla/5.0 (Macintosh; Intel Mac OS X 12_5) AppleWebKit/537.36 (KHTML, like Gecko) Chrome/114.0.0.0 Safari/537.36 Edg/114.0.1264.71"
104.168.134.190 - - [22/Jun/2025:13:27:44 -0400] "GET /wp-content/plugins/contact-form-7/includes/js/index.js?ver=6.0.6 HTTP/1.1" 200 7543 "https://oakwoodeventsuganda.com/" "Mozilla/5.0 (Macintosh; Intel Mac OS X 12_5) AppleWebKit/537.36 (KHTML, like Gecko) Chrome/114.0.0.0 Safari/537.36 Edg/114.0.1264.71"
77.75.77.101 - - [22/Jun/2025:13:27:44 -0400] "GET /home HTTP/1.1" 301 - "-" "Mozilla/5.0 (compatible; SeznamBot/4.0; +https://o-seznam.cz/napoveda/vyhledavani/en/seznambot-crawler/)"
104.168.134.190 - - [22/Jun/2025:13:27:45 -0400] "POST /connect-with-rich-women-looking-for-sex-instantly/ HTTP/1.1" 200 43634 "https://oakwoodeventsuganda.com/connect-with-rich-women-looking-for-sex-instantly/" "Mozilla/5.0 (Macintosh; Intel Mac OS X 12_5) AppleWebKit/537.36 (KHTML, like Gecko) Chrome/114.0.0.0 Safari/537.36 Edg/114.0.1264.71"
216.73.216.89 - - [22/Jun/2025:13:28:13 -0400] "GET /wp-includes/js/dist/dom-ready.js HTTP/1.1" 200 4191 "-" "Mozilla/5.0 AppleWebKit/537.36 (KHTML, like Gecko; compatible; ClaudeBot/1.0; +claudebot@anthropic.com)"
216.73.216.89 - - [22/Jun/2025:13:28:13 -0400] "GET /wp-includes/js/dist/dom.js HTTP/1.1" 200 18518 "-" "Mozilla/5.0 AppleWebKit/537.36 (KHTML, like Gecko; compatible; ClaudeBot/1.0; +claudebot@anthropic.com)"
216.73.216.89 - - [22/Jun/2025:13:28:13 -0400] "GET /wp-includes/js/mediaelement/mediaelement-migrate.js HTTP/1.1" 200 4417 "-" "Mozilla/5.0 AppleWebKit/537.36 (KHTML, like Gecko; compatible; ClaudeBot/1.0; +claudebot@anthropic.com)"
216.73.216.89 - - [22/Jun/2025:13:28:13 -0400] "GET /wp-includes/js/dist/router.min.js HTTP/1.1" 200 8681 "-" "Mozilla/5.0 AppleWebKit/537.36 (KHTML, like Gecko; compatible; ClaudeBot/1.0; +claudebot@anthropic.com)"
216.73.216.89 - - [22/Jun/2025:13:29:12 -0400] "GET /wp-includes/js/mediaelement/wp-mediaelement.js HTTP/1.1" 200 4294 "-" "Mozilla/5.0 AppleWebKit/537.36 (KHTML, like Gecko; compatible; ClaudeBot/1.0; +claudebot@anthropic.com)"
216.73.216.89 - - [22/Jun/2025:13:29:12 -0400] "GET /wp-includes/js/dist/media-utils.min.js HTTP/1.1" 200 6934 "-" "Mozilla/5.0 AppleWebKit/537.36 (KHTML, like Gecko; compatible; ClaudeBot/1.0; +claudebot@anthropic.com)"
216.73.216.89 - - [22/Jun/2025:13:29:12 -0400] "GET /wp-includes/js/dist/viewport.js HTTP/1.1" 200 6412 "-" "Mozilla/5.0 AppleWebKit/537.36 (KHTML, like Gecko; compatible; ClaudeBot/1.0; +claudebot@anthropic.com)"
216.73.216.89 - - [22/Jun/2025:13:29:12 -0400] "GET /wp-includes/js/dist/format-library.min.js HTTP/1.1" 200 11226 "-" "Mozilla/5.0 AppleWebKit/537.36 (KHTML, like Gecko; compatible; ClaudeBot/1.0; +claudebot@anthropic.com)"
216.73.216.89 - - [22/Jun/2025:13:30:11 -0400] "GET /wp-includes/js/dist/preferences-persistence.min.js HTTP/1.1" 200 5289 "-" "Mozilla/5.0 AppleWebKit/537.36 (KHTML, like Gecko; compatible; ClaudeBot/1.0; +claudebot@anthropic.com)"
216.73.216.89 - - [22/Jun/2025:13:30:11 -0400] "GET /wp-includes/Text/Diff/Renderer HTTP/1.1" 301 271 "-" "Mozilla/5.0 AppleWebKit/537.36 (KHTML, like Gecko; compatible; ClaudeBot/1.0; +claudebot@anthropic.com)"
216.73.216.89 - - [22/Jun/2025:13:30:11 -0400] "GET /wp-includes/Text/Diff/Renderer/ HTTP/1.1" 200 367 "https://oakwoodeventsuganda.com/wp-includes/Text/Diff/Renderer" "Mozilla/5.0 AppleWebKit/537.36 (KHTML, like Gecko; compatible; ClaudeBot/1.0; +claudebot@anthropic.com)"
216.73.216.89 - - [22/Jun/2025:13:30:11 -0400] "GET /wp-includes/js/dist/editor.min.js HTTP/1.1" 200 116946 "-" "Mozilla/5.0 AppleWebKit/537.36 (KHTML, like Gecko; compatible; ClaudeBot/1.0; +claudebot@anthropic.com)"
216.73.216.89 - - [22/Jun/2025:13:30:12 -0400] "GET /wp-includes/js/dist/edit-site.js HTTP/1.1" 200 373405 "-" "Mozilla/5.0 AppleWebKit/537.36 (KHTML, like Gecko; compatible; ClaudeBot/1.0; +claudebot@anthropic.com)"
198.187.29.56 - - [22/Jun/2025:13:31:05 -0400] "POST /wp-cron.php?doing_wp_cron=1750613465.3546988964080810546875 HTTP/1.1" 200 - "-" "WordPress/6.8.1; https://oakwoodeventsuganda.com"
185.191.171.16 - - [22/Jun/2025:13:31:02 -0400] "GET /mostbet-logon-to-official-bets-and-casino-site-in-bangladesh/ HTTP/1.1" 200 50889 "-" "Mozilla/5.0 (compatible; SemrushBot/7~bl; +http://www.semrush.com/bot.html)"
216.73.216.89 - - [22/Jun/2025:13:31:07 -0400] "GET /wp-includes/js/plupload/wp-plupload.min.js HTTP/1.1" 200 5545 "-" "Mozilla/5.0 AppleWebKit/537.36 (KHTML, like Gecko; compatible; ClaudeBot/1.0; +claudebot@anthropic.com)"
216.73.216.89 - - [22/Jun/2025:13:31:07 -0400] "GET /wp-includes/js/mediaelement/mediaelement.js HTTP/1.1" 200 27299 "-" "Mozilla/5.0 AppleWebKit/537.36 (KHTML, like Gecko; compatible; ClaudeBot/1.0; +claudebot@anthropic.com)"
216.73.216.89 - - [22/Jun/2025:13:31:07 -0400] "GET /wp-includes/js/dist/nux.min.js HTTP/1.1" 200 4819 "-" "Mozilla/5.0 AppleWebKit/537.36 (KHTML, like Gecko; compatible; ClaudeBot/1.0; +claudebot@anthropic.com)"
216.73.216.89 - - [22/Jun/2025:13:31:07 -0400] "GET /wp-includes/SimplePie/library/SimplePie.php HTTP/1.1" 500 - "-" "Mozilla/5.0 AppleWebKit/537.36 (KHTML, like Gecko; compatible; ClaudeBot/1.0; +claudebot@anthropic.com)"
216.73.216.89 - - [22/Jun/2025:13:32:02 -0400] "GET /wp-includes/SimplePie/src/File.php HTTP/1.1" 200 - "-" "Mozilla/5.0 AppleWebKit/537.36 (KHTML, like Gecko; compatible; ClaudeBot/1.0; +claudebot@anthropic.com)"
216.73.216.89 - - [22/Jun/2025:13:32:02 -0400] "GET /wp-includes/js/plupload/moxie.min.js HTTP/1.1" 200 30688 "-" "Mozilla/5.0 AppleWebKit/537.36 (KHTML, like Gecko; compatible; ClaudeBot/1.0; +claudebot@anthropic.com)"
216.73.216.89 - - [22/Jun/2025:13:32:02 -0400] "GET /wp-includes/js/dist/primitives.min.js HTTP/1.1" 200 4018 "-" "Mozilla/5.0 AppleWebKit/537.36 (KHTML, like Gecko; compatible; ClaudeBot/1.0; +claudebot@anthropic.com)"
216.73.216.89 - - [22/Jun/2025:13:32:02 -0400] "GET /wp-includes/js/dist/date.js HTTP/1.1" 200 53629 "-" "Mozilla/5.0 AppleWebKit/537.36 (KHTML, like Gecko; compatible; ClaudeBot/1.0; +claudebot@anthropic.com)"
216.73.216.89 - - [22/Jun/2025:13:32:56 -0400] "GET /robots.txt HTTP/1.1" 200 176 "-" "Mozilla/5.0 AppleWebKit/537.36 (KHTML, like Gecko; compatible; ClaudeBot/1.0; +claudebot@anthropic.com)"
216.73.216.89 - - [22/Jun/2025:13:32:56 -0400] "GET /wp-includes/js/dist/preferences.min.js HTTP/1.1" 200 6088 "-" "Mozilla/5.0 AppleWebKit/537.36 (KHTML, like Gecko; compatible; ClaudeBot/1.0; +claudebot@anthropic.com)"
216.73.216.89 - - [22/Jun/2025:13:32:56 -0400] "GET /wp-includes/css/dist/customize-widgets HTTP/1.1" 301 279 "-" "Mozilla/5.0 AppleWebKit/537.36 (KHTML, like Gecko; compatible; ClaudeBot/1.0; +claudebot@anthropic.com)"
216.73.216.89 - - [22/Jun/2025:13:32:56 -0400] "GET /wp-includes/css/dist/customize-widgets/ HTTP/1.1" 200 413 "https://oakwoodeventsuganda.com/wp-includes/css/dist/customize-widgets" "Mozilla/5.0 AppleWebKit/537.36 (KHTML, like Gecko; compatible; ClaudeBot/1.0; +claudebot@anthropic.com)"
216.73.216.89 - - [22/Jun/2025:13:32:56 -0400] "GET /wp-includes/js/dist/keyboard-shortcuts.min.js HTTP/1.1" 200 4524 "-" "Mozilla/5.0 AppleWebKit/537.36 (KHTML, like Gecko; compatible; ClaudeBot/1.0; +claudebot@anthropic.com)"
216.73.216.89 - - [22/Jun/2025:13:32:56 -0400] "GET /wp-includes/js/dist/autop.js HTTP/1.1" 200 8220 "-" "Mozilla/5.0 AppleWebKit/537.36 (KHTML, like Gecko; compatible; ClaudeBot/1.0; +claudebot@anthropic.com)"
216.73.216.89 - - [22/Jun/2025:13:33:54 -0400] "GET /wp-includes/js/dist/rich-text.min.js HTTP/1.1" 200 13638 "-" "Mozilla/5.0 AppleWebKit/537.36 (KHTML, like Gecko; compatible; ClaudeBot/1.0; +claudebot@anthropic.com)"
216.73.216.89 - - [22/Jun/2025:13:33:54 -0400] "GET /wp-includes/js/dist/edit-post.js HTTP/1.1" 200 29080 "-" "Mozilla/5.0 AppleWebKit/537.36 (KHTML, like Gecko; compatible; ClaudeBot/1.0; +claudebot@anthropic.com)"
216.73.216.89 - - [22/Jun/2025:13:33:54 -0400] "GET /wp-includes/js/dist/blocks.js HTTP/1.1" 200 141633 "-" "Mozilla/5.0 AppleWebKit/537.36 (KHTML, like Gecko; compatible; ClaudeBot/1.0; +claudebot@anthropic.com)"
216.73.216.89 - - [22/Jun/2025:13:33:54 -0400] "GET /wp-includes/js/crop/cropper.js HTTP/1.1" 200 8211 "-" "Mozilla/5.0 AppleWebKit/537.36 (KHTML, like Gecko; compatible; ClaudeBot/1.0; +claudebot@anthropic.com)"
107.20.25.33 - - [22/Jun/2025:13:34:18 -0400] "GET /wp-includes/SimplePie/library/SimplePie/ HTTP/1.1" 200 706 "-" "Mozilla/5.0 AppleWebKit/537.36 (KHTML, like Gecko; compatible; Amazonbot/0.1; +https://developer.amazon.com/support/amazonbot) Chrome/119.0.6045.214 Safari/537.36"
52.4.76.156 - - [22/Jun/2025:13:34:22 -0400] "GET /wp-includes/js/tinymce/plugins/wptextpattern/ HTTP/1.1" 200 391 "-" "Mozilla/5.0 AppleWebKit/537.36 (KHTML, like Gecko; compatible; Amazonbot/0.1; +https://developer.amazon.com/support/amazonbot) Chrome/119.0.6045.214 Safari/537.36"
100.28.133.214 - - [22/Jun/2025:13:34:25 -0400] "GET /wp-includes/SimplePie/library/?C=N;O%3DD HTTP/1.1" 200 391 "-" "Mozilla/5.0 AppleWebKit/537.36 (KHTML, like Gecko; compatible; Amazonbot/0.1; +https://developer.amazon.com/support/amazonbot) Chrome/119.0.6045.214 Safari/537.36"
34.231.156.59 - - [22/Jun/2025:13:34:29 -0400] "GET /wp-includes/css/dist/format-library/?C=D;O%3DA HTTP/1.1" 200 409 "-" "Mozilla/5.0 AppleWebKit/537.36 (KHTML, like Gecko; compatible; Amazonbot/0.1; +https://developer.amazon.com/support/amazonbot) Chrome/119.0.6045.214 Safari/537.36"
198.187.29.56 - - [22/Jun/2025:13:34:39 -0400] "POST /wp-cron.php?doing_wp_cron=1750613678.9899430274963378906250 HTTP/1.1" 200 - "-" "WordPress/6.8.1; https://oakwoodeventsuganda.com"
198.187.29.56 - - [22/Jun/2025:13:34:39 -0400] "POST /wp-cron.php?doing_wp_cron=1750613678.9899029731750488281250 HTTP/1.1" 200 - "-" "WordPress/6.8.1; https://oakwoodeventsuganda.com"
52.45.194.165 - - [22/Jun/2025:13:34:38 -0400] "GET /wp-includes/js/tinymce/plugins/?C=M;O%3DA HTTP/1.1" 301 - "-" "Mozilla/5.0 AppleWebKit/537.36 (KHTML, like Gecko; compatible; Amazonbot/0.1; +https://developer.amazon.com/support/amazonbot) Chrome/119.0.6045.214 Safari/537.36"
3.208.146.193 - - [22/Jun/2025:13:34:35 -0400] "GET /wp-includes/js/jquery/?C=S;O%3DA HTTP/1.1" 301 - "-" "Mozilla/5.0 AppleWebKit/537.36 (KHTML, like Gecko; compatible; Amazonbot/0.1; +https://developer.amazon.com/support/amazonbot) Chrome/119.0.6045.214 Safari/537.36"
98.82.39.241 - - [22/Jun/2025:13:34:39 -0400] "GET /wp-includes/js/jquery/?C=S;O%3DA HTTP/1.1" 404 187523 "-" "Mozilla/5.0 AppleWebKit/537.36 (KHTML, like Gecko; compatible; Amazonbot/0.1; +https://developer.amazon.com/support/amazonbot) Chrome/119.0.6045.214 Safari/537.36"
18.214.138.148 - - [22/Jun/2025:13:34:39 -0400] "GET /wp-includes/js/tinymce/plugins/?C=M;O%3DA HTTP/1.1" 404 187571 "-" "Mozilla/5.0 AppleWebKit/537.36 (KHTML, like Gecko; compatible; Amazonbot/0.1; +https://developer.amazon.com/support/amazonbot) Chrome/119.0.6045.214 Safari/537.36"
216.73.216.89 - - [22/Jun/2025:13:34:50 -0400] "GET /wp-includes/js/dist/wordcount.js HTTP/1.1" 200 6528 "-" "Mozilla/5.0 AppleWebKit/537.36 (KHTML, like Gecko; compatible; ClaudeBot/1.0; +claudebot@anthropic.com)"
216.73.216.89 - - [22/Jun/2025:13:34:50 -0400] "GET /wp-includes/js/dist/data.min.js HTTP/1.1" 200 12155 "-" "Mozilla/5.0 AppleWebKit/537.36 (KHTML, like Gecko; compatible; ClaudeBot/1.0; +claudebot@anthropic.com)"
216.73.216.89 - - [22/Jun/2025:13:34:50 -0400] "GET /wp-includes/js/dist/url.min.js HTTP/1.1" 200 7119 "-" "Mozilla/5.0 AppleWebKit/537.36 (KHTML, like Gecko; compatible; ClaudeBot/1.0; +claudebot@anthropic.com)"
216.73.216.89 - - [22/Jun/2025:13:34:50 -0400] "GET /wp-includes/js/dist/warning.min.js HTTP/1.1" 200 3428 "-" "Mozilla/5.0 AppleWebKit/537.36 (KHTML, like Gecko; compatible; ClaudeBot/1.0; +claudebot@anthropic.com)"
51.222.253.15 - - [22/Jun/2025:13:34:57 -0400] "GET /sitemap.xml HTTP/1.1" 301 - "-" "Mozilla/5.0 (compatible; AhrefsBot/7.0; +http://ahrefs.com/robot/)"
51.222.253.15 - - [22/Jun/2025:13:34:58 -0400] "GET /wp-sitemap.xml HTTP/1.1" 200 255 "-" "Mozilla/5.0 (compatible; AhrefsBot/7.0; +http://ahrefs.com/robot/)"
51.222.253.1 - - [22/Jun/2025:13:35:01 -0400] "GET /wp-sitemap-posts-post-1.xml HTTP/1.1" 200 27605 "-" "Mozilla/5.0 (compatible; AhrefsBot/7.0; +http://ahrefs.com/robot/)"
51.222.253.18 - - [22/Jun/2025:13:35:05 -0400] "GET /wp-sitemap-posts-page-1.xml HTTP/1.1" 200 476 "-" "Mozilla/5.0 (compatible; AhrefsBot/7.0; +http://ahrefs.com/robot/)"
51.222.253.13 - - [22/Jun/2025:13:35:08 -0400] "GET /wp-sitemap-posts-album-1.xml HTTP/1.1" 200 228 "-" "Mozilla/5.0 (compatible; AhrefsBot/7.0; +http://ahrefs.com/robot/)"
51.222.253.18 - - [22/Jun/2025:13:35:11 -0400] "GET /wp-sitemap-posts-work-1.xml HTTP/1.1" 200 571 "-" "Mozilla/5.0 (compatible; AhrefsBot/7.0; +http://ahrefs.com/robot/)"
51.222.253.3 - - [22/Jun/2025:13:35:14 -0400] "GET /wp-sitemap-posts-metform-form-1.xml HTTP/1.1" 200 272 "-" "Mozilla/5.0 (compatible; AhrefsBot/7.0; +http://ahrefs.com/robot/)"
51.222.253.17 - - [22/Jun/2025:13:35:16 -0400] "GET /wp-sitemap-taxonomies-category-1.xml HTTP/1.1" 200 1020 "-" "Mozilla/5.0 (compatible; AhrefsBot/7.0; +http://ahrefs.com/robot/)"
51.222.253.16 - - [22/Jun/2025:13:35:18 -0400] "GET /wp-sitemap-taxonomies-post_tag-1.xml HTTP/1.1" 200 394 "-" "Mozilla/5.0 (compatible; AhrefsBot/7.0; +http://ahrefs.com/robot/)"
216.73.216.89 - - [22/Jun/2025:13:35:52 -0400] "GET /wp-includes/js/dist/i18n.js HTTP/1.1" 200 15231 "-" "Mozilla/5.0 AppleWebKit/537.36 (KHTML, like Gecko; compatible; ClaudeBot/1.0; +claudebot@anthropic.com)"
216.73.216.89 - - [22/Jun/2025:13:35:52 -0400] "GET /wp-includes/js/mediaelement/wp-mediaelement.min.js HTTP/1.1" 200 3723 "-" "Mozilla/5.0 AppleWebKit/537.36 (KHTML, like Gecko; compatible; ClaudeBot/1.0; +claudebot@anthropic.com)"
216.73.216.89 - - [22/Jun/2025:13:35:52 -0400] "GET /wp-includes/css/dist/reusable-blocks HTTP/1.1" 301 277 "-" "Mozilla/5.0 AppleWebKit/537.36 (KHTML, like Gecko; compatible; ClaudeBot/1.0; +claudebot@anthropic.com)"
216.73.216.89 - - [22/Jun/2025:13:35:52 -0400] "GET /wp-includes/css/dist/reusable-blocks/ HTTP/1.1" 200 411 "https://oakwoodeventsuganda.com/wp-includes/css/dist/reusable-blocks" "Mozilla/5.0 AppleWebKit/537.36 (KHTML, like Gecko; compatible; ClaudeBot/1.0; +claudebot@anthropic.com)"
216.73.216.89 - - [22/Jun/2025:13:35:52 -0400] "GET /wp-includes/js/mediaelement/wp-playlist.js HTTP/1.1" 200 4911 "-" "Mozilla/5.0 AppleWebKit/537.36 (KHTML, like Gecko; compatible; ClaudeBot/1.0; +claudebot@anthropic.com)"
216.73.216.89 - - [22/Jun/2025:13:36:54 -0400] "GET /wp-includes/js/dist/viewport.min.js HTTP/1.1" 200 4157 "-" "Mozilla/5.0 AppleWebKit/537.36 (KHTML, like Gecko; compatible; ClaudeBot/1.0; +claudebot@anthropic.com)"
216.73.216.89 - - [22/Jun/2025:13:36:54 -0400] "GET /wp-includes/js/dist/script-modules HTTP/1.1" 301 275 "-" "Mozilla/5.0 AppleWebKit/537.36 (KHTML, like Gecko; compatible; ClaudeBot/1.0; +claudebot@anthropic.com)"
216.73.216.89 - - [22/Jun/2025:13:36:54 -0400] "GET /wp-includes/SimplePie/src/XML HTTP/1.1" 301 270 "-" "Mozilla/5.0 AppleWebKit/537.36 (KHTML, like Gecko; compatible; ClaudeBot/1.0; +claudebot@anthropic.com)"
216.73.216.89 - - [22/Jun/2025:13:36:54 -0400] "GET /wp-includes/js/jcrop/jquery.Jcrop.min.js HTTP/1.1" 200 10291 "-" "Mozilla/5.0 AppleWebKit/537.36 (KHTML, like Gecko; compatible; ClaudeBot/1.0; +claudebot@anthropic.com)"
216.73.216.89 - - [22/Jun/2025:13:36:54 -0400] "GET /wp-includes/SimplePie/src/XML/ HTTP/1.1" 200 367 "https://oakwoodeventsuganda.com/wp-includes/SimplePie/src/XML" "Mozilla/5.0 AppleWebKit/537.36 (KHTML, like Gecko; compatible; ClaudeBot/1.0; +claudebot@anthropic.com)"
216.73.216.89 - - [22/Jun/2025:13:36:54 -0400] "GET /wp-includes/js/dist/script-modules/ HTTP/1.1" 200 427 "https://oakwoodeventsuganda.com/wp-includes/js/dist/script-modules" "Mozilla/5.0 AppleWebKit/537.36 (KHTML, like Gecko; compatible; ClaudeBot/1.0; +claudebot@anthropic.com)"
216.73.216.89 - - [22/Jun/2025:13:38:07 -0400] "GET /wp-includes/js/dist/dom.min.js HTTP/1.1" 200 7952 "-" "Mozilla/5.0 AppleWebKit/537.36 (KHTML, like Gecko; compatible; ClaudeBot/1.0; +claudebot@anthropic.com)"
216.73.216.89 - - [22/Jun/2025:13:38:07 -0400] "GET /wp-includes/js/imgareaselect/jquery.imgareaselect.js HTTP/1.1" 200 12903 "-" "Mozilla/5.0 AppleWebKit/537.36 (KHTML, like Gecko; compatible; ClaudeBot/1.0; +claudebot@anthropic.com)"
216.73.216.89 - - [22/Jun/2025:13:38:07 -0400] "GET /wp-includes/js/dist/edit-site.min.js HTTP/1.1" 200 226051 "-" "Mozilla/5.0 AppleWebKit/537.36 (KHTML, like Gecko; compatible; ClaudeBot/1.0; +claudebot@anthropic.com)"
216.73.216.89 - - [22/Jun/2025:13:38:07 -0400] "GET /wp-includes/js/dist/block-library.js HTTP/1.1" 200 404772 "-" "Mozilla/5.0 AppleWebKit/537.36 (KHTML, like Gecko; compatible; ClaudeBot/1.0; +claudebot@anthropic.com)"
198.187.29.56 - - [22/Jun/2025:13:38:18 -0400] "POST /wp-cron.php?doing_wp_cron=1750613898.9333779811859130859375 HTTP/1.1" 200 - "-" "WordPress/6.8.1; https://oakwoodeventsuganda.com"
5.161.216.238 - - [22/Jun/2025:13:38:15 -0400] "POST /wp-load.php?535931=72038 HTTP/1.1" 200 - "-" "Mozilla/5.0 (Windows NT 10.0; Win64; x64) AppleWebKit/537.36 (KHTML, like Gecko) Chrome/104.0.5112.97 Safari/537.36"
216.73.216.89 - - [22/Jun/2025:13:39:37 -0400] "GET /wp-includes/css/dist/list-reusable-blocks HTTP/1.1" 301 282 "-" "Mozilla/5.0 AppleWebKit/537.36 (KHTML, like Gecko; compatible; ClaudeBot/1.0; +claudebot@anthropic.com)"
216.73.216.89 - - [22/Jun/2025:13:39:37 -0400] "GET /wp-includes/js/dist/development HTTP/1.1" 301 272 "-" "Mozilla/5.0 AppleWebKit/537.36 (KHTML, like Gecko; compatible; ClaudeBot/1.0; +claudebot@anthropic.com)"
216.73.216.89 - - [22/Jun/2025:13:39:37 -0400] "GET /wp-includes/css/dist/edit-widgets HTTP/1.1" 301 274 "-" "Mozilla/5.0 AppleWebKit/537.36 (KHTML, like Gecko; compatible; ClaudeBot/1.0; +claudebot@anthropic.com)"
216.73.216.89 - - [22/Jun/2025:13:39:37 -0400] "GET /wp-includes/sitemaps/providers/class-wp-sitemaps-users.php HTTP/1.1" 500 - "-" "Mozilla/5.0 AppleWebKit/537.36 (KHTML, like Gecko; compatible; ClaudeBot/1.0; +claudebot@anthropic.com)"
216.73.216.89 - - [22/Jun/2025:13:39:37 -0400] "GET /wp-includes/css/dist/list-reusable-blocks/ HTTP/1.1" 200 415 "https://oakwoodeventsuganda.com/wp-includes/css/dist/list-reusable-blocks" "Mozilla/5.0 AppleWebKit/537.36 (KHTML, like Gecko; compatible; ClaudeBot/1.0; +claudebot@anthropic.com)"
216.73.216.89 - - [22/Jun/2025:13:39:37 -0400] "GET /wp-includes/css/dist/edit-widgets/ HTTP/1.1" 200 407 "https://oakwoodeventsuganda.com/wp-includes/css/dist/edit-widgets" "Mozilla/5.0 AppleWebKit/537.36 (KHTML, like Gecko; compatible; ClaudeBot/1.0; +claudebot@anthropic.com)"
216.73.216.89 - - [22/Jun/2025:13:39:37 -0400] "GET /wp-includes/js/dist/development/ HTTP/1.1" 200 415 "https://oakwoodeventsuganda.com/wp-includes/js/dist/development" "Mozilla/5.0 AppleWebKit/537.36 (KHTML, like Gecko; compatible; ClaudeBot/1.0; +claudebot@anthropic.com)"
216.73.216.89 - - [22/Jun/2025:13:40:34 -0400] "GET /wp-includes/SimplePie/src/HTTP HTTP/1.1" 301 271 "-" "Mozilla/5.0 AppleWebKit/537.36 (KHTML, like Gecko; compatible; ClaudeBot/1.0; +claudebot@anthropic.com)"
216.73.216.89 - - [22/Jun/2025:13:40:34 -0400] "GET /wp-includes/js/mediaelement/mediaelement.min.js HTTP/1.1" 200 21412 "-" "Mozilla/5.0 AppleWebKit/537.36 (KHTML, like Gecko; compatible; ClaudeBot/1.0; +claudebot@anthropic.com)"
216.73.216.89 - - [22/Jun/2025:13:40:34 -0400] "GET /wp-includes/SimplePie/src/HTTP/ HTTP/1.1" 200 370 "https://oakwoodeventsuganda.com/wp-includes/SimplePie/src/HTTP" "Mozilla/5.0 AppleWebKit/537.36 (KHTML, like Gecko; compatible; ClaudeBot/1.0; +claudebot@anthropic.com)"
216.73.216.89 - - [22/Jun/2025:13:40:34 -0400] "GET /wp-includes/sodium_compat/lib/constants.php HTTP/1.1" 200 - "-" "Mozilla/5.0 AppleWebKit/537.36 (KHTML, like Gecko; compatible; ClaudeBot/1.0; +claudebot@anthropic.com)"
216.73.216.89 - - [22/Jun/2025:13:40:34 -0400] "GET /wp-includes/SimplePie/src/Gzdecode.php HTTP/1.1" 200 - "-" "Mozilla/5.0 AppleWebKit/537.36 (KHTML, like Gecko; compatible; ClaudeBot/1.0; +claudebot@anthropic.com)"
216.73.216.89 - - [22/Jun/2025:13:41:34 -0400] "GET /wp-includes/SimplePie/src/Parser.php HTTP/1.1" 500 - "-" "Mozilla/5.0 AppleWebKit/537.36 (KHTML, like Gecko; compatible; ClaudeBot/1.0; +claudebot@anthropic.com)"
216.73.216.89 - - [22/Jun/2025:13:41:34 -0400] "GET /wp-includes/js/dist/date.min.js HTTP/1.1" 200 46613 "-" "Mozilla/5.0 AppleWebKit/537.36 (KHTML, like Gecko; compatible; ClaudeBot/1.0; +claudebot@anthropic.com)"
216.73.216.89 - - [22/Jun/2025:13:41:35 -0400] "GET /wp-includes/css/dist/format-library HTTP/1.1" 301 276 "-" "Mozilla/5.0 AppleWebKit/537.36 (KHTML, like Gecko; compatible; ClaudeBot/1.0; +claudebot@anthropic.com)"
216.73.216.89 - - [22/Jun/2025:13:41:35 -0400] "GET /wp-includes/css/dist/format-library/ HTTP/1.1" 200 409 "https://oakwoodeventsuganda.com/wp-includes/css/dist/format-library" "Mozilla/5.0 AppleWebKit/537.36 (KHTML, like Gecko; compatible; ClaudeBot/1.0; +claudebot@anthropic.com)"
216.73.216.89 - - [22/Jun/2025:13:41:35 -0400] "GET /wp-includes/SimplePie/src/Caption.php HTTP/1.1" 200 - "-" "Mozilla/5.0 AppleWebKit/537.36 (KHTML, like Gecko; compatible; ClaudeBot/1.0; +claudebot@anthropic.com)"
216.73.216.89 - - [22/Jun/2025:13:42:35 -0400] "GET /wp-includes/sitemaps/providers/class-wp-sitemaps-posts.php HTTP/1.1" 500 - "-" "Mozilla/5.0 AppleWebKit/537.36 (KHTML, like Gecko; compatible; ClaudeBot/1.0; +claudebot@anthropic.com)"
216.73.216.89 - - [22/Jun/2025:13:42:35 -0400] "GET /wp-includes/SimplePie/src/Core.php HTTP/1.1" 500 - "-" "Mozilla/5.0 AppleWebKit/537.36 (KHTML, like Gecko; compatible; ClaudeBot/1.0; +claudebot@anthropic.com)"
216.73.216.89 - - [22/Jun/2025:13:42:36 -0400] "GET /wp-includes/js/dist/block-directory.js HTTP/1.1" 200 21934 "-" "Mozilla/5.0 AppleWebKit/537.36 (KHTML, like Gecko; compatible; ClaudeBot/1.0; +claudebot@anthropic.com)"
216.73.216.89 - - [22/Jun/2025:13:42:36 -0400] "GET /wp-includes/SimplePie/src/SimplePie.php HTTP/1.1" 200 - "-" "Mozilla/5.0 AppleWebKit/537.36 (KHTML, like Gecko; compatible; ClaudeBot/1.0; +claudebot@anthropic.com)"
198.187.29.56 - - [22/Jun/2025:13:43:28 -0400] "POST /wp-cron.php?doing_wp_cron=1750614208.9413270950317382812500 HTTP/1.1" 200 - "-" "WordPress/6.8.1; https://oakwoodeventsuganda.com"
66.249.74.72 - - [22/Jun/2025:13:43:28 -0400] "GET /shopdetail/12070206/ HTTP/1.1" 404 187356 "-" "Mozilla/5.0 (Linux; Android 6.0.1; Nexus 5X Build/MMB29P) AppleWebKit/537.36 (KHTML, like Gecko) Chrome/137.0.7151.103 Mobile Safari/537.36 (compatible; GoogleOther)"
216.73.216.89 - - [22/Jun/2025:13:43:37 -0400] "GET /wp-includes/js/dist/autop.min.js HTTP/1.1" 200 5357 "-" "Mozilla/5.0 AppleWebKit/537.36 (KHTML, like Gecko; compatible; ClaudeBot/1.0; +claudebot@anthropic.com)"
216.73.216.89 - - [22/Jun/2025:13:43:37 -0400] "GET /wp-includes/SimplePie/src/Misc.php HTTP/1.1" 200 - "-" "Mozilla/5.0 AppleWebKit/537.36 (KHTML, like Gecko; compatible; ClaudeBot/1.0; +claudebot@anthropic.com)"
216.73.216.89 - - [22/Jun/2025:13:43:38 -0400] "GET /wp-includes/js/mediaelement/wp-playlist.min.js HTTP/1.1" 200 4345 "-" "Mozilla/5.0 AppleWebKit/537.36 (KHTML, like Gecko; compatible; ClaudeBot/1.0; +claudebot@anthropic.com)"
216.73.216.89 - - [22/Jun/2025:13:43:38 -0400] "GET /wp-includes/css/dist/commands HTTP/1.1" 301 270 "-" "Mozilla/5.0 AppleWebKit/537.36 (KHTML, like Gecko; compatible; ClaudeBot/1.0; +claudebot@anthropic.com)"
216.73.216.89 - - [22/Jun/2025:13:43:38 -0400] "GET /wp-includes/css/dist/commands/ HTTP/1.1" 200 403 "https://oakwoodeventsuganda.com/wp-includes/css/dist/commands" "Mozilla/5.0 AppleWebKit/537.36 (KHTML, like Gecko; compatible; ClaudeBot/1.0; +claudebot@anthropic.com)"
216.73.216.89 - - [22/Jun/2025:13:44:41 -0400] "GET /wp-includes/SimplePie/src/Cache HTTP/1.1" 301 272 "-" "Mozilla/5.0 AppleWebKit/537.36 (KHTML, like Gecko; compatible; ClaudeBot/1.0; +claudebot@anthropic.com)"
216.73.216.89 - - [22/Jun/2025:13:44:41 -0400] "GET /wp-includes/js/dist/edit-post.min.js HTTP/1.1" 200 16681 "-" "Mozilla/5.0 AppleWebKit/537.36 (KHTML, like Gecko; compatible; ClaudeBot/1.0; +claudebot@anthropic.com)"
216.73.216.89 - - [22/Jun/2025:13:44:41 -0400] "GET /wp-includes/SimplePie/src/Cache/ HTTP/1.1" 200 537 "https://oakwoodeventsuganda.com/wp-includes/SimplePie/src/Cache" "Mozilla/5.0 AppleWebKit/537.36 (KHTML, like Gecko; compatible; ClaudeBot/1.0; +claudebot@anthropic.com)"
216.73.216.89 - - [22/Jun/2025:13:44:42 -0400] "GET /wp-includes/SimplePie/src/Decode HTTP/1.1" 301 273 "-" "Mozilla/5.0 AppleWebKit/537.36 (KHTML, like Gecko; compatible; ClaudeBot/1.0; +claudebot@anthropic.com)"
216.73.216.89 - - [22/Jun/2025:13:44:42 -0400] "GET /wp-includes/SimplePie/src/Exception.php HTTP/1.1" 200 - "-" "Mozilla/5.0 AppleWebKit/537.36 (KHTML, like Gecko; compatible; ClaudeBot/1.0; +claudebot@anthropic.com)"
216.73.216.89 - - [22/Jun/2025:13:44:42 -0400] "GET /wp-includes/SimplePie/src/Decode/ HTTP/1.1" 200 362 "https://oakwoodeventsuganda.com/wp-includes/SimplePie/src/Decode" "Mozilla/5.0 AppleWebKit/537.36 (KHTML, like Gecko; compatible; ClaudeBot/1.0; +claudebot@anthropic.com)"
198.187.29.56 - - [22/Jun/2025:13:45:42 -0400] "POST /wp-cron.php?doing_wp_cron=1750614342.0369629859924316406250 HTTP/1.1" 200 - "-" "WordPress/6.8.1; https://oakwoodeventsuganda.com"
77.75.77.101 - - [22/Jun/2025:13:45:41 -0400] "GET /sitemap667.xml HTTP/1.1" 404 187324 "-" "Mozilla/5.0 (compatible; SeznamBot/4.0; +https://o-seznam.cz/napoveda/vyhledavani/en/seznambot-crawler/)"
216.73.216.89 - - [22/Jun/2025:13:45:50 -0400] "GET /wp-includes/js/dist/wordcount.min.js HTTP/1.1" 200 4233 "-" "Mozilla/5.0 AppleWebKit/537.36 (KHTML, like Gecko; compatible; ClaudeBot/1.0; +claudebot@anthropic.com)"
216.73.216.89 - - [22/Jun/2025:13:45:50 -0400] "GET /wp-includes/js/dist/blocks.min.js HTTP/1.1" 200 56867 "-" "Mozilla/5.0 AppleWebKit/537.36 (KHTML, like Gecko; compatible; ClaudeBot/1.0; +claudebot@anthropic.com)"
216.73.216.89 - - [22/Jun/2025:13:45:51 -0400] "GET /wp-includes/sodium_compat/src/PHP52 HTTP/1.1" 301 276 "-" "Mozilla/5.0 AppleWebKit/537.36 (KHTML, like Gecko; compatible; ClaudeBot/1.0; +claudebot@anthropic.com)"
216.73.216.89 - - [22/Jun/2025:13:45:51 -0400] "GET /wp-includes/sodium_compat/src/PHP52/ HTTP/1.1" 200 378 "https://oakwoodeventsuganda.com/wp-includes/sodium_compat/src/PHP52" "Mozilla/5.0 AppleWebKit/537.36 (KHTML, like Gecko; compatible; ClaudeBot/1.0; +claudebot@anthropic.com)"
216.73.216.89 - - [22/Jun/2025:13:45:51 -0400] "GET /wp-includes/js/dist/notices.js HTTP/1.1" 200 7942 "-" "Mozilla/5.0 AppleWebKit/537.36 (KHTML, like Gecko; compatible; ClaudeBot/1.0; +claudebot@anthropic.com)"
66.249.74.73 - - [22/Jun/2025:13:45:56 -0400] "GET /shopdetail/7351240/ HTTP/1.1" 404 187345 "-" "Mozilla/5.0 (Linux; Android 6.0.1; Nexus 5X Build/MMB29P) AppleWebKit/537.36 (KHTML, like Gecko) Chrome/137.0.7151.103 Mobile Safari/537.36 (compatible; GoogleOther)"
34.199.252.22 - - [22/Jun/2025:13:46:38 -0400] "GET /wp-includes/js/jquery/ui/ HTTP/1.1" 200 1332 "-" "Mozilla/5.0 AppleWebKit/537.36 (KHTML, like Gecko; compatible; Amazonbot/0.1; +https://developer.amazon.com/support/amazonbot) Chrome/119.0.6045.214 Safari/537.36"
3.219.80.71 - - [22/Jun/2025:13:46:42 -0400] "GET /wp-includes/css/dist/commands/?C=M;O%3DA HTTP/1.1" 200 403 "-" "Mozilla/5.0 AppleWebKit/537.36 (KHTML, like Gecko; compatible; Amazonbot/0.1; +https://developer.amazon.com/support/amazonbot) Chrome/119.0.6045.214 Safari/537.36"
44.209.35.147 - - [22/Jun/2025:13:46:45 -0400] "GET /wp-includes/js/tinymce/plugins/tabfocus/ HTTP/1.1" 200 390 "-" "Mozilla/5.0 AppleWebKit/537.36 (KHTML, like Gecko; compatible; Amazonbot/0.1; +https://developer.amazon.com/support/amazonbot) Chrome/119.0.6045.214 Safari/537.36"
216.73.216.89 - - [22/Jun/2025:13:46:49 -0400] "GET /wp-includes/SimplePie/src/Locator.php HTTP/1.1" 500 - "-" "Mozilla/5.0 AppleWebKit/537.36 (KHTML, like Gecko; compatible; ClaudeBot/1.0; +claudebot@anthropic.com)"
216.73.216.89 - - [22/Jun/2025:13:46:49 -0400] "GET /wp-includes/sodium_compat/src/File.php HTTP/1.1" 500 - "-" "Mozilla/5.0 AppleWebKit/537.36 (KHTML, like Gecko; compatible; ClaudeBot/1.0; +claudebot@anthropic.com)"
216.73.216.89 - - [22/Jun/2025:13:46:49 -0400] "GET /wp-includes/js/imgareaselect/jquery.imgareaselect.min.js HTTP/1.1" 200 6938 "-" "Mozilla/5.0 AppleWebKit/537.36 (KHTML, like Gecko; compatible; ClaudeBot/1.0; +claudebot@anthropic.com)"
216.73.216.89 - - [22/Jun/2025:13:46:49 -0400] "GET /wp-includes/SimplePie/src/Restriction.php HTTP/1.1" 200 - "-" "Mozilla/5.0 AppleWebKit/537.36 (KHTML, like Gecko; compatible; ClaudeBot/1.0; +claudebot@anthropic.com)"
3.94.40.182 - - [22/Jun/2025:13:46:49 -0400] "GET /wp-includes/sodium_compat/?C=M;O%3DD HTTP/1.1" 200 530 "-" "Mozilla/5.0 AppleWebKit/537.36 (KHTML, like Gecko; compatible; Amazonbot/0.1; +https://developer.amazon.com/support/amazonbot) Chrome/119.0.6045.214 Safari/537.36"
34.227.234.246 - - [22/Jun/2025:13:46:55 -0400] "GET /wp-includes/css/dist/editor/?C=M;O%3DA HTTP/1.1" 200 404 "-" "Mozilla/5.0 AppleWebKit/537.36 (KHTML, like Gecko; compatible; Amazonbot/0.1; +https://developer.amazon.com/support/amazonbot) Chrome/119.0.6045.214 Safari/537.36"
52.3.26.180 - - [22/Jun/2025:13:46:58 -0400] "GET /wp-includes/pomo/?C=D;O%3DD HTTP/1.1" 200 489 "-" "Mozilla/5.0 AppleWebKit/537.36 (KHTML, like Gecko; compatible; Amazonbot/0.1; +https://developer.amazon.com/support/amazonbot) Chrome/119.0.6045.214 Safari/537.36"
198.187.29.56 - - [22/Jun/2025:13:47:02 -0400] "POST /wp-cron.php?doing_wp_cron=1750614422.3919520378112792968750 HTTP/1.1" 200 - "-" "WordPress/6.8.1; https://oakwoodeventsuganda.com"
52.3.156.186 - - [22/Jun/2025:13:47:01 -0400] "GET /wp-includes/js/tinymce/utils/?C=S;O%3DA HTTP/1.1" 301 - "-" "Mozilla/5.0 AppleWebKit/537.36 (KHTML, like Gecko; compatible; Amazonbot/0.1; +https://developer.amazon.com/support/amazonbot) Chrome/119.0.6045.214 Safari/537.36"
23.23.213.182 - - [22/Jun/2025:13:47:02 -0400] "GET /wp-includes/js/tinymce/utils/?C=S;O%3DA HTTP/1.1" 404 187560 "-" "Mozilla/5.0 AppleWebKit/537.36 (KHTML, like Gecko; compatible; Amazonbot/0.1; +https://developer.amazon.com/support/amazonbot) Chrome/119.0.6045.214 Safari/537.36"
216.73.216.89 - - [22/Jun/2025:13:47:36 -0400] "GET /wp-includes/SimplePie/src/RegistryAware.php HTTP/1.1" 200 - "-" "Mozilla/5.0 AppleWebKit/537.36 (KHTML, like Gecko; compatible; ClaudeBot/1.0; +claudebot@anthropic.com)"
216.73.216.89 - - [22/Jun/2025:13:47:36 -0400] "GET /wp-includes/SimplePie/src/Item.php HTTP/1.1" 500 - "-" "Mozilla/5.0 AppleWebKit/537.36 (KHTML, like Gecko; compatible; ClaudeBot/1.0; +claudebot@anthropic.com)"
216.73.216.89 - - [22/Jun/2025:13:47:37 -0400] "GET /wp-includes/SimplePie/src/Sanitize.php HTTP/1.1" 500 - "-" "Mozilla/5.0 AppleWebKit/537.36 (KHTML, like Gecko; compatible; ClaudeBot/1.0; +claudebot@anthropic.com)"
216.73.216.89 - - [22/Jun/2025:13:47:37 -0400] "GET /wp-includes/sodium_compat/lib/namespaced.php HTTP/1.1" 200 - "-" "Mozilla/5.0 AppleWebKit/537.36 (KHTML, like Gecko; compatible; ClaudeBot/1.0; +claudebot@anthropic.com)"
216.73.216.89 - - [22/Jun/2025:13:48:35 -0400] "GET /wp-includes/sodium_compat/lib/sodium_compat.php HTTP/1.1" 200 - "-" "Mozilla/5.0 AppleWebKit/537.36 (KHTML, like Gecko; compatible; ClaudeBot/1.0; +claudebot@anthropic.com)"
216.73.216.89 - - [22/Jun/2025:13:48:35 -0400] "GET /wp-includes/SimplePie/src/Enclosure.php HTTP/1.1" 200 - "-" "Mozilla/5.0 AppleWebKit/537.36 (KHTML, like Gecko; compatible; ClaudeBot/1.0; +claudebot@anthropic.com)"
216.73.216.89 - - [22/Jun/2025:13:48:35 -0400] "GET /wp-includes/sodium_compat/lib/stream-xchacha20.php HTTP/1.1" 200 - "-" "Mozilla/5.0 AppleWebKit/537.36 (KHTML, like Gecko; compatible; ClaudeBot/1.0; +claudebot@anthropic.com)"
216.73.216.89 - - [22/Jun/2025:13:48:35 -0400] "GET /wp-includes/js/dist/block-library.min.js HTTP/1.1" 200 226967 "-" "Mozilla/5.0 AppleWebKit/537.36 (KHTML, like Gecko; compatible; ClaudeBot/1.0; +claudebot@anthropic.com)"
198.187.29.56 - - [22/Jun/2025:13:48:38 -0400] "POST /wp-cron.php?doing_wp_cron=1750614518.3446779251098632812500 HTTP/1.1" 200 - "-" "WordPress/6.8.1; https://oakwoodeventsuganda.com"
66.249.74.74 - - [22/Jun/2025:13:48:37 -0400] "GET /shopdetail/16887906/ HTTP/1.1" 404 187353 "-" "Mozilla/5.0 (Linux; Android 6.0.1; Nexus 5X Build/MMB29P) AppleWebKit/537.36 (KHTML, like Gecko) Chrome/137.0.7151.103 Mobile Safari/537.36 (compatible; GoogleOther)"
66.249.74.73 - - [22/Jun/2025:13:49:03 -0400] "GET /shopdetail/19417084/ HTTP/1.1" 404 187357 "-" "Mozilla/5.0 (Linux; Android 6.0.1; Nexus 5X Build/MMB29P) AppleWebKit/537.36 (KHTML, like Gecko) Chrome/137.0.7151.103 Mobile Safari/537.36 (compatible; GoogleOther)"
216.73.216.89 - - [22/Jun/2025:13:49:28 -0400] "GET /wp-includes/SimplePie/src/Rating.php HTTP/1.1" 200 - "-" "Mozilla/5.0 AppleWebKit/537.36 (KHTML, like Gecko; compatible; ClaudeBot/1.0; +claudebot@anthropic.com)"
216.73.216.89 - - [22/Jun/2025:13:49:28 -0400] "GET /wp-includes/js/dist/block-directory.min.js HTTP/1.1" 200 10254 "-" "Mozilla/5.0 AppleWebKit/537.36 (KHTML, like Gecko; compatible; ClaudeBot/1.0; +claudebot@anthropic.com)"
216.73.216.89 - - [22/Jun/2025:13:49:28 -0400] "GET /wp-includes/sodium_compat/namespaced/File.php HTTP/1.1" 500 - "-" "Mozilla/5.0 AppleWebKit/537.36 (KHTML, like Gecko; compatible; ClaudeBot/1.0; +claudebot@anthropic.com)"
216.73.216.89 - - [22/Jun/2025:13:49:28 -0400] "GET /wp-includes/js/thickbox/loadingAnimation.gif HTTP/1.1" 200 15238 "-" "Mozilla/5.0 AppleWebKit/537.36 (KHTML, like Gecko; compatible; ClaudeBot/1.0; +claudebot@anthropic.com)"
216.73.216.89 - - [22/Jun/2025:13:50:19 -0400] "GET /wp-includes/css/dist/edit-post HTTP/1.1" 301 271 "-" "Mozilla/5.0 AppleWebKit/537.36 (KHTML, like Gecko; compatible; ClaudeBot/1.0; +claudebot@anthropic.com)"
216.73.216.89 - - [22/Jun/2025:13:50:19 -0400] "GET /wp-includes/js/dist/notices.min.js HTTP/1.1" 200 4155 "-" "Mozilla/5.0 AppleWebKit/537.36 (KHTML, like Gecko; compatible; ClaudeBot/1.0; +claudebot@anthropic.com)"
216.73.216.89 - - [22/Jun/2025:13:50:19 -0400] "GET /wp-includes/css/dist/edit-post/ HTTP/1.1" 200 469 "https://oakwoodeventsuganda.com/wp-includes/css/dist/edit-post" "Mozilla/5.0 AppleWebKit/537.36 (KHTML, like Gecko; compatible; ClaudeBot/1.0; +claudebot@anthropic.com)"
216.73.216.89 - - [22/Jun/2025:13:50:19 -0400] "GET /wp-includes/SimplePie/src/Parse HTTP/1.1" 301 272 "-" "Mozilla/5.0 AppleWebKit/537.36 (KHTML, like Gecko; compatible; ClaudeBot/1.0; +claudebot@anthropic.com)"
216.73.216.89 - - [22/Jun/2025:13:50:19 -0400] "GET /wp-includes/SimplePie/src/Parse/ HTTP/1.1" 200 368 "https://oakwoodeventsuganda.com/wp-includes/SimplePie/src/Parse" "Mozilla/5.0 AppleWebKit/537.36 (KHTML, like Gecko; compatible; ClaudeBot/1.0; +claudebot@anthropic.com)"
216.73.216.89 - - [22/Jun/2025:13:50:19 -0400] "GET /wp-includes/SimplePie/src/Content HTTP/1.1" 301 274 "-" "Mozilla/5.0 AppleWebKit/537.36 (KHTML, like Gecko; compatible; ClaudeBot/1.0; +claudebot@anthropic.com)"
216.73.216.89 - - [22/Jun/2025:13:50:19 -0400] "GET /wp-includes/SimplePie/src/Content/ HTTP/1.1" 200 364 "https://oakwoodeventsuganda.com/wp-includes/SimplePie/src/Content" "Mozilla/5.0 AppleWebKit/537.36 (KHTML, like Gecko; compatible; ClaudeBot/1.0; +claudebot@anthropic.com)"
216.73.216.89 - - [22/Jun/2025:13:51:30 -0400] "GET /wp-includes/js/mediaelement/renderers HTTP/1.1" 301 278 "-" "Mozilla/5.0 AppleWebKit/537.36 (KHTML, like Gecko; compatible; ClaudeBot/1.0; +claudebot@anthropic.com)"
216.73.216.89 - - [22/Jun/2025:13:51:30 -0400] "GET /wp-includes/js/mediaelement/renderers/ HTTP/1.1" 200 388 "https://oakwoodeventsuganda.com/wp-includes/js/mediaelement/renderers" "Mozilla/5.0 AppleWebKit/537.36 (KHTML, like Gecko; compatible; ClaudeBot/1.0; +claudebot@anthropic.com)"
216.73.216.89 - - [22/Jun/2025:13:51:30 -0400] "GET /wp-includes/SimplePie/src/Copyright.php HTTP/1.1" 200 - "-" "Mozilla/5.0 AppleWebKit/537.36 (KHTML, like Gecko; compatible; ClaudeBot/1.0; +claudebot@anthropic.com)"
216.73.216.89 - - [22/Jun/2025:13:51:30 -0400] "GET /wp-includes/SimplePie/src/IRI.php HTTP/1.1" 200 - "-" "Mozilla/5.0 AppleWebKit/537.36 (KHTML, like Gecko; compatible; ClaudeBot/1.0; +claudebot@anthropic.com)"
216.73.216.89 - - [22/Jun/2025:13:51:30 -0400] "GET /wp-includes/SimplePie/src/Credit.php HTTP/1.1" 200 - "-" "Mozilla/5.0 AppleWebKit/537.36 (KHTML, like Gecko; compatible; ClaudeBot/1.0; +claudebot@anthropic.com)"
216.73.216.89 - - [22/Jun/2025:13:52:53 -0400] "GET /wp-includes/SimplePie/src/Category.php HTTP/1.1" 200 - "-" "Mozilla/5.0 AppleWebKit/537.36 (KHTML, like Gecko; compatible; ClaudeBot/1.0; +claudebot@anthropic.com)"
216.73.216.89 - - [22/Jun/2025:13:52:53 -0400] "GET /wp-includes/sodium_compat/lib/ristretto255.php HTTP/1.1" 200 - "-" "Mozilla/5.0 AppleWebKit/537.36 (KHTML, like Gecko; compatible; ClaudeBot/1.0; +claudebot@anthropic.com)"
216.73.216.89 - - [22/Jun/2025:13:52:53 -0400] "GET /wp-includes/css/dist/widgets HTTP/1.1" 301 269 "-" "Mozilla/5.0 AppleWebKit/537.36 (KHTML, like Gecko; compatible; ClaudeBot/1.0; +claudebot@anthropic.com)"
216.73.216.89 - - [22/Jun/2025:13:52:53 -0400] "GET /wp-includes/css/dist/widgets/ HTTP/1.1" 200 405 "https://oakwoodeventsuganda.com/wp-includes/css/dist/widgets" "Mozilla/5.0 AppleWebKit/537.36 (KHTML, like Gecko; compatible; ClaudeBot/1.0; +claudebot@anthropic.com)"
216.73.216.89 - - [22/Jun/2025:13:52:53 -0400] "GET /wp-includes/js/mediaelement/mejs-controls.svg HTTP/1.1" 200 1413 "-" "Mozilla/5.0 AppleWebKit/537.36 (KHTML, like Gecko; compatible; ClaudeBot/1.0; +claudebot@anthropic.com)"
216.73.216.89 - - [22/Jun/2025:13:53:44 -0400] "GET /wp-includes/sodium_compat/src/Crypto.php HTTP/1.1" 200 - "-" "Mozilla/5.0 AppleWebKit/537.36 (KHTML, like Gecko; compatible; ClaudeBot/1.0; +claudebot@anthropic.com)"
216.73.216.89 - - [22/Jun/2025:13:53:44 -0400] "GET /wp-includes/SimplePie/src/Registry.php HTTP/1.1" 200 - "-" "Mozilla/5.0 AppleWebKit/537.36 (KHTML, like Gecko; compatible; ClaudeBot/1.0; +claudebot@anthropic.com)"
216.73.216.89 - - [22/Jun/2025:13:53:44 -0400] "GET /wp-includes/sitemaps/providers/class-wp-sitemaps-taxonomies.php HTTP/1.1" 500 - "-" "Mozilla/5.0 AppleWebKit/537.36 (KHTML, like Gecko; compatible; ClaudeBot/1.0; +claudebot@anthropic.com)"
216.73.216.89 - - [22/Jun/2025:13:53:44 -0400] "GET /wp-includes/css/dist/patterns HTTP/1.1" 301 270 "-" "Mozilla/5.0 AppleWebKit/537.36 (KHTML, like Gecko; compatible; ClaudeBot/1.0; +claudebot@anthropic.com)"
216.73.216.89 - - [22/Jun/2025:13:53:44 -0400] "GET /wp-includes/css/dist/patterns/ HTTP/1.1" 200 403 "https://oakwoodeventsuganda.com/wp-includes/css/dist/patterns" "Mozilla/5.0 AppleWebKit/537.36 (KHTML, like Gecko; compatible; ClaudeBot/1.0; +claudebot@anthropic.com)"
198.187.29.56 - - [22/Jun/2025:13:53:50 -0400] "POST /wp-cron.php?doing_wp_cron=1750614830.2800979614257812500000 HTTP/1.1" 200 - "-" "WordPress/6.8.1; https://oakwoodeventsuganda.com"
52.167.144.18 - - [22/Jun/2025:13:53:47 -0400] "GET /truncating521-01p4l2kjd.html HTTP/1.1" 404 187398 "-" "Mozilla/5.0 AppleWebKit/537.36 (KHTML, like Gecko; compatible; bingbot/2.0; +http://www.bing.com/bingbot.htm) Chrome/116.0.1938.76 Safari/537.36"
216.73.216.89 - - [22/Jun/2025:13:54:29 -0400] "GET /wp-includes/js/mediaelement/mediaelementplayer.css HTTP/1.1" 200 3166 "-" "Mozilla/5.0 AppleWebKit/537.36 (KHTML, like Gecko; compatible; ClaudeBot/1.0; +claudebot@anthropic.com)"
216.73.216.89 - - [22/Jun/2025:13:54:29 -0400] "GET /wp-includes/css/dist/edit-site HTTP/1.1" 301 271 "-" "Mozilla/5.0 AppleWebKit/537.36 (KHTML, like Gecko; compatible; ClaudeBot/1.0; +claudebot@anthropic.com)"
216.73.216.89 - - [22/Jun/2025:13:54:29 -0400] "GET /wp-includes/js/mediaelement/mediaelementplayer-legacy.css HTTP/1.1" 200 3158 "-" "Mozilla/5.0 AppleWebKit/537.36 (KHTML, like Gecko; compatible; ClaudeBot/1.0; +claudebot@anthropic.com)"
216.73.216.89 - - [22/Jun/2025:13:54:29 -0400] "GET /wp-includes/css/dist/edit-site/ HTTP/1.1" 200 449 "https://oakwoodeventsuganda.com/wp-includes/css/dist/edit-site" "Mozilla/5.0 AppleWebKit/537.36 (KHTML, like Gecko; compatible; ClaudeBot/1.0; +claudebot@anthropic.com)"
216.73.216.89 - - [22/Jun/2025:13:54:29 -0400] "GET /wp-includes/sodium_compat/src/Core HTTP/1.1" 301 275 "-" "Mozilla/5.0 AppleWebKit/537.36 (KHTML, like Gecko; compatible; ClaudeBot/1.0; +claudebot@anthropic.com)"
216.73.216.89 - - [22/Jun/2025:13:54:29 -0400] "GET /wp-includes/sodium_compat/src/Core/ HTTP/1.1" 200 804 "https://oakwoodeventsuganda.com/wp-includes/sodium_compat/src/Core" "Mozilla/5.0 AppleWebKit/537.36 (KHTML, like Gecko; compatible; ClaudeBot/1.0; +claudebot@anthropic.com)"
216.73.216.89 - - [22/Jun/2025:13:55:19 -0400] "GET /wp-includes/css/dist/block-editor HTTP/1.1" 301 274 "-" "Mozilla/5.0 AppleWebKit/537.36 (KHTML, like Gecko; compatible; ClaudeBot/1.0; +claudebot@anthropic.com)"
216.73.216.89 - - [22/Jun/2025:13:55:19 -0400] "GET /wp-includes/sodium_compat/namespaced/Crypto.php HTTP/1.1" 500 - "-" "Mozilla/5.0 AppleWebKit/537.36 (KHTML, like Gecko; compatible; ClaudeBot/1.0; +claudebot@anthropic.com)"
216.73.216.89 - - [22/Jun/2025:13:55:19 -0400] "GET /wp-includes/SimplePie/src/Author.php HTTP/1.1" 200 - "-" "Mozilla/5.0 AppleWebKit/537.36 (KHTML, like Gecko; compatible; ClaudeBot/1.0; +claudebot@anthropic.com)"
216.73.216.89 - - [22/Jun/2025:13:55:19 -0400] "GET /wp-includes/css/dist/block-editor/ HTTP/1.1" 200 527 "https://oakwoodeventsuganda.com/wp-includes/css/dist/block-editor" "Mozilla/5.0 AppleWebKit/537.36 (KHTML, like Gecko; compatible; ClaudeBot/1.0; +claudebot@anthropic.com)"
216.73.216.89 - - [22/Jun/2025:13:55:19 -0400] "GET /wp-includes/php-compat/?C=S&O=D HTTP/1.1" 200 362 "-" "Mozilla/5.0 AppleWebKit/537.36 (KHTML, like Gecko; compatible; ClaudeBot/1.0; +claudebot@anthropic.com)"
113.188.62.55 - - [22/Jun/2025:13:55:57 -0400] "GET //xmlrpc.php HTTP/1.1" 403 17008 "-" "Mozilla/5.0 (Windows NT 10.0; WOW64; rv:45.0) Gecko/20100101 Firefox/45.0"
216.73.216.89 - - [22/Jun/2025:13:56:20 -0400] "GET /wp-includes/js/thickbox/thickbox.css HTTP/1.1" 200 939 "-" "Mozilla/5.0 AppleWebKit/537.36 (KHTML, like Gecko; compatible; ClaudeBot/1.0; +claudebot@anthropic.com)"
216.73.216.89 - - [22/Jun/2025:13:56:20 -0400] "GET /wp-includes/css/dist/block-library HTTP/1.1" 301 275 "-" "Mozilla/5.0 AppleWebKit/537.36 (KHTML, like Gecko; compatible; ClaudeBot/1.0; +claudebot@anthropic.com)"
216.73.216.89 - - [22/Jun/2025:13:56:20 -0400] "GET /wp-includes/sodium_compat/namespaced/Core HTTP/1.1" 301 282 "-" "Mozilla/5.0 AppleWebKit/537.36 (KHTML, like Gecko; compatible; ClaudeBot/1.0; +claudebot@anthropic.com)"
216.73.216.89 - - [22/Jun/2025:13:56:20 -0400] "GET /wp-includes/css/dist/block-library/ HTTP/1.1" 200 799 "https://oakwoodeventsuganda.com/wp-includes/css/dist/block-library" "Mozilla/5.0 AppleWebKit/537.36 (KHTML, like Gecko; compatible; ClaudeBot/1.0; +claudebot@anthropic.com)"
216.73.216.89 - - [22/Jun/2025:13:56:20 -0400] "GET /wp-includes/css/dist/nux HTTP/1.1" 301 265 "-" "Mozilla/5.0 AppleWebKit/537.36 (KHTML, like Gecko; compatible; ClaudeBot/1.0; +claudebot@anthropic.com)"
216.73.216.89 - - [22/Jun/2025:13:56:21 -0400] "GET /wp-includes/css/dist/nux/ HTTP/1.1" 200 406 "https://oakwoodeventsuganda.com/wp-includes/css/dist/nux" "Mozilla/5.0 AppleWebKit/537.36 (KHTML, like Gecko; compatible; ClaudeBot/1.0; +claudebot@anthropic.com)"
216.73.216.89 - - [22/Jun/2025:13:56:20 -0400] "GET /wp-includes/sodium_compat/namespaced/Core/ HTTP/1.1" 200 598 "https://oakwoodeventsuganda.com/wp-includes/sodium_compat/namespaced/Core" "Mozilla/5.0 AppleWebKit/537.36 (KHTML, like Gecko; compatible; ClaudeBot/1.0; +claudebot@anthropic.com)"
198.187.29.56 - - [22/Jun/2025:13:56:40 -0400] "POST /?wordfence_syncAttackData=1750615000.656 HTTP/1.1" 200 - "-" "WordPress/6.8.1; https://oakwoodeventsuganda.com"
198.187.29.56 - - [22/Jun/2025:13:56:41 -0400] "POST /wp-cron.php?doing_wp_cron=1750615001.2344260215759277343750 HTTP/1.1" 200 - "-" "WordPress/6.8.1; https://oakwoodeventsuganda.com"
212.34.141.234 - - [22/Jun/2025:13:56:40 -0400] "GET /landi1/ HTTP/1.0" 404 187360 "https://oakwoodeventsuganda.com/landi1/" "Mozilla/5.0 (Windows NT 10.0; Win64; x64) AppleWebKit/537.36 (KHTML, like Gecko) Chrome/131.0.0.0 Safari/537.36"
212.34.141.234 - - [22/Jun/2025:13:56:43 -0400] "POST /wp-admin/admin-ajax.php HTTP/1.0" 200 112 "https://oakwoodeventsuganda.com/landi1/" "Mozilla/5.0 (Windows NT 10.0; Win64; x64) AppleWebKit/537.36 (KHTML, like Gecko) Chrome/131.0.0.0 Safari/537.36"
66.249.74.72 - - [22/Jun/2025:13:57:10 -0400] "GET /wp-content/uploads/2021/11/cropped-OAKWOOD-EVENTS-LOGO-01-FINAL-2.png HTTP/1.1" 200 87834 "-" "Googlebot-Image/1.0"
216.73.216.89 - - [22/Jun/2025:13:57:23 -0400] "GET /wp-includes/js/mediaelement/wp-mediaelement.css HTTP/1.1" 200 1276 "-" "Mozilla/5.0 AppleWebKit/537.36 (KHTML, like Gecko; compatible; ClaudeBot/1.0; +claudebot@anthropic.com)"
216.73.216.89 - - [22/Jun/2025:13:57:23 -0400] "GET /wp-includes/js/mediaelement/mediaelementplayer-legacy.min.css HTTP/1.1" 200 2592 "-" "Mozilla/5.0 AppleWebKit/537.36 (KHTML, like Gecko; compatible; ClaudeBot/1.0; +claudebot@anthropic.com)"
216.73.216.89 - - [22/Jun/2025:13:57:23 -0400] "GET /wp-includes/sodium_compat/src/Core32 HTTP/1.1" 301 277 "-" "Mozilla/5.0 AppleWebKit/537.36 (KHTML, like Gecko; compatible; ClaudeBot/1.0; +claudebot@anthropic.com)"
216.73.216.89 - - [22/Jun/2025:13:57:23 -0400] "GET /wp-includes/js/mediaelement/mediaelementplayer.min.css HTTP/1.1" 200 2602 "-" "Mozilla/5.0 AppleWebKit/537.36 (KHTML, like Gecko; compatible; ClaudeBot/1.0; +claudebot@anthropic.com)"
216.73.216.89 - - [22/Jun/2025:13:57:23 -0400] "GET /wp-includes/sodium_compat/src/Core32/ HTTP/1.1" 200 715 "https://oakwoodeventsuganda.com/wp-includes/sodium_compat/src/Core32" "Mozilla/5.0 AppleWebKit/537.36 (KHTML, like Gecko; compatible; ClaudeBot/1.0; +claudebot@anthropic.com)"
198.187.29.56 - - [22/Jun/2025:13:58:09 -0400] "POST /wp-cron.php?doing_wp_cron=1750615089.1904060840606689453125 HTTP/1.1" 200 - "-" "WordPress/6.8.1; https://oakwoodeventsuganda.com"
66.249.74.73 - - [22/Jun/2025:13:58:08 -0400] "GET /shopdetail/8799639/ HTTP/1.1" 404 187347 "-" "Mozilla/5.0 (Linux; Android 6.0.1; Nexus 5X Build/MMB29P) AppleWebKit/537.36 (KHTML, like Gecko) Chrome/137.0.7151.103 Mobile Safari/537.36 (compatible; GoogleOther)"
216.73.216.89 - - [22/Jun/2025:13:58:41 -0400] "GET /wp-includes/js/mediaelement/wp-mediaelement.min.css HTTP/1.1" 200 1156 "-" "Mozilla/5.0 AppleWebKit/537.36 (KHTML, like Gecko; compatible; ClaudeBot/1.0; +claudebot@anthropic.com)"
216.73.216.89 - - [22/Jun/2025:13:58:41 -0400] "GET /wp-includes/php-compat/?C=M&O=D HTTP/1.1" 200 362 "-" "Mozilla/5.0 AppleWebKit/537.36 (KHTML, like Gecko; compatible; ClaudeBot/1.0; +claudebot@anthropic.com)"
216.73.216.89 - - [22/Jun/2025:13:58:42 -0400] "GET /wp-includes/sodium_compat/namespaced/Compat.php HTTP/1.1" 500 - "-" "Mozilla/5.0 AppleWebKit/537.36 (KHTML, like Gecko; compatible; ClaudeBot/1.0; +claudebot@anthropic.com)"
216.73.216.89 - - [22/Jun/2025:13:58:42 -0400] "GET /wp-includes/sodium_compat/src/Crypto32.php HTTP/1.1" 200 - "-" "Mozilla/5.0 AppleWebKit/537.36 (KHTML, like Gecko; compatible; ClaudeBot/1.0; +claudebot@anthropic.com)"
216.73.216.89 - - [22/Jun/2025:13:59:39 -0400] "GET /wp-includes/css/dist/editor HTTP/1.1" 301 268 "-" "Mozilla/5.0 AppleWebKit/537.36 (KHTML, like Gecko; compatible; ClaudeBot/1.0; +claudebot@anthropic.com)"
216.73.216.89 - - [22/Jun/2025:13:59:39 -0400] "GET /wp-includes/js/jcrop/jquery.Jcrop.min.css HTTP/1.1" 200 622 "-" "Mozilla/5.0 AppleWebKit/537.36 (KHTML, like Gecko; compatible; ClaudeBot/1.0; +claudebot@anthropic.com)"
216.73.216.89 - - [22/Jun/2025:13:59:39 -0400] "GET /wp-includes/css/dist/editor/ HTTP/1.1" 200 404 "https://oakwoodeventsuganda.com/wp-includes/css/dist/editor" "Mozilla/5.0 AppleWebKit/537.36 (KHTML, like Gecko; compatible; ClaudeBot/1.0; +claudebot@anthropic.com)"
216.73.216.89 - - [22/Jun/2025:13:59:39 -0400] "GET /wp-includes/css/dist/block-directory HTTP/1.1" 301 277 "-" "Mozilla/5.0 AppleWebKit/537.36 (KHTML, like Gecko; compatible; ClaudeBot/1.0; +claudebot@anthropic.com)"
216.73.216.89 - - [22/Jun/2025:13:59:39 -0400] "GET /wp-includes/css/dist/block-directory/ HTTP/1.1" 200 408 "https://oakwoodeventsuganda.com/wp-includes/css/dist/block-directory" "Mozilla/5.0 AppleWebKit/537.36 (KHTML, like Gecko; compatible; ClaudeBot/1.0; +claudebot@anthropic.com)"
216.73.216.89 - - [22/Jun/2025:13:59:39 -0400] "GET /wp-includes/php-compat/?C=D&O=D HTTP/1.1" 200 362 "-" "Mozilla/5.0 AppleWebKit/537.36 (KHTML, like Gecko; compatible; ClaudeBot/1.0; +claudebot@anthropic.com)"
216.73.216.89 - - [22/Jun/2025:14:00:56 -0400] "GET /wp-includes/images/media/code.svg HTTP/1.1" 200 186 "-" "Mozilla/5.0 AppleWebKit/537.36 (KHTML, like Gecko; compatible; ClaudeBot/1.0; +claudebot@anthropic.com)"
216.73.216.89 - - [22/Jun/2025:14:00:56 -0400] "GET /wp-includes/php-compat/?C=N&O=A HTTP/1.1" 200 364 "-" "Mozilla/5.0 AppleWebKit/537.36 (KHTML, like Gecko; compatible; ClaudeBot/1.0; +claudebot@anthropic.com)"
