X7ROOT File Manager
Current Path:
/usr/local/apache/domlogs/oakwood
usr
/
local
/
apache
/
domlogs
/
oakwood
/
ðŸ“
..
📄
oakwoodeventsuganda.com
(28.46 KB)
📄
oakwoodeventsuganda.com-ssl_log
(1.04 MB)
Editing: oakwoodeventsuganda.com-ssl_log
197.239.9.18 - - [22/Jun/2025:08:15:59 -0400] "GET /wp-admin/ HTTP/1.1" 302 - "https://oakwoodeventsuganda.com/wp-login.php" "Mozilla/5.0 (Windows NT 10.0; Win64; x64) AppleWebKit/537.36 (KHTML, like Gecko) Chrome/137.0.0.0 Safari/537.36"
198.187.29.56 - - [22/Jun/2025:08:16:04 -0400] "POST /wp-cron.php?doing_wp_cron=1750594564.8307459354400634765625 HTTP/1.1" 200 - "-" "WordPress/6.8.1; https://oakwoodeventsuganda.com"
197.239.9.18 - - [22/Jun/2025:08:16:04 -0400] "GET /wp-admin/admin.php?page=premium-addons HTTP/1.1" 200 110985 "https://oakwoodeventsuganda.com/wp-login.php" "Mozilla/5.0 (Windows NT 10.0; Win64; x64) AppleWebKit/537.36 (KHTML, like Gecko) Chrome/137.0.0.0 Safari/537.36"
197.239.9.18 - - [22/Jun/2025:08:16:09 -0400] "GET /wp-content/plugins/bdthemes-prime-slider-lite/admin/assets/css/ps-admin-notice.css?ver=3.17.14 HTTP/1.1" 304 - "https://oakwoodeventsuganda.com/wp-admin/admin.php?page=premium-addons" "Mozilla/5.0 (Windows NT 10.0; Win64; x64) AppleWebKit/537.36 (KHTML, like Gecko) Chrome/137.0.0.0 Safari/537.36"
197.239.9.18 - - [22/Jun/2025:08:16:09 -0400] "GET /wp-content/plugins/premium-addons-for-elementor/admin/assets/js/sweetalert2/sweetalert2.min.css?ver=4.11.14 HTTP/1.1" 200 4328 "https://oakwoodeventsuganda.com/wp-admin/admin.php?page=premium-addons" "Mozilla/5.0 (Windows NT 10.0; Win64; x64) AppleWebKit/537.36 (KHTML, like Gecko) Chrome/137.0.0.0 Safari/537.36"
197.239.9.18 - - [22/Jun/2025:08:16:09 -0400] "GET /wp-content/plugins/happy-elementor-addons/assets/admin/css/admin.min.css?ver=3.18.0 HTTP/1.1" 304 - "https://oakwoodeventsuganda.com/wp-admin/admin.php?page=premium-addons" "Mozilla/5.0 (Windows NT 10.0; Win64; x64) AppleWebKit/537.36 (KHTML, like Gecko) Chrome/137.0.0.0 Safari/537.36"
197.239.9.18 - - [22/Jun/2025:08:16:09 -0400] "GET /wp-content/plugins/premium-addons-for-elementor/admin/assets/css/admin.css?ver=4.11.14 HTTP/1.1" 304 - "https://oakwoodeventsuganda.com/wp-admin/admin.php?page=premium-addons" "Mozilla/5.0 (Windows NT 10.0; Win64; x64) AppleWebKit/537.36 (KHTML, like Gecko) Chrome/137.0.0.0 Safari/537.36"
197.239.9.18 - - [22/Jun/2025:08:16:09 -0400] "GET /wp-content/plugins/bdthemes-prime-slider-lite/includes/feedback-hub/assets/rc.css?ver=1.0.0 HTTP/1.1" 304 - "https://oakwoodeventsuganda.com/wp-admin/admin.php?page=premium-addons" "Mozilla/5.0 (Windows NT 10.0; Win64; x64) AppleWebKit/537.36 (KHTML, like Gecko) Chrome/137.0.0.0 Safari/537.36"
197.239.9.18 - - [22/Jun/2025:08:16:09 -0400] "GET /wp-content/plugins/premium-addons-for-elementor/admin/assets/css/notice.css?ver=4.11.14 HTTP/1.1" 304 - "https://oakwoodeventsuganda.com/wp-admin/admin.php?page=premium-addons" "Mozilla/5.0 (Windows NT 10.0; Win64; x64) AppleWebKit/537.36 (KHTML, like Gecko) Chrome/137.0.0.0 Safari/537.36"
197.239.9.18 - - [22/Jun/2025:08:16:09 -0400] "GET /wp-content/plugins/premium-addons-for-elementor/admin/assets/fonts/style.css?ver=4.11.14 HTTP/1.1" 304 - "https://oakwoodeventsuganda.com/wp-admin/admin.php?page=premium-addons" "Mozilla/5.0 (Windows NT 10.0; Win64; x64) AppleWebKit/537.36 (KHTML, like Gecko) Chrome/137.0.0.0 Safari/537.36"
197.239.9.18 - - [22/Jun/2025:08:16:09 -0400] "GET /wp-content/plugins/bdthemes-prime-slider-lite/dci/assets/css/dci.css?ver=1.2.1 HTTP/1.1" 304 - "https://oakwoodeventsuganda.com/wp-admin/admin.php?page=premium-addons" "Mozilla/5.0 (Windows NT 10.0; Win64; x64) AppleWebKit/537.36 (KHTML, like Gecko) Chrome/137.0.0.0 Safari/537.36"
197.239.9.18 - - [22/Jun/2025:08:16:47 -0400] "GET /wp-content/plugins/happy-elementor-addons/assets/admin/js/admin.min.js?ver=3.18.0 HTTP/1.1" 304 - "https://oakwoodeventsuganda.com/wp-admin/admin.php?page=premium-addons" "Mozilla/5.0 (Windows NT 10.0; Win64; x64) AppleWebKit/537.36 (KHTML, like Gecko) Chrome/137.0.0.0 Safari/537.36"
197.239.9.18 - - [22/Jun/2025:08:16:47 -0400] "GET /wp-content/plugins/premium-addons-for-elementor/admin/assets/fonts/pa-dashboard.ttf?mb1hk5 HTTP/1.1" 304 - "https://oakwoodeventsuganda.com/wp-content/plugins/premium-addons-for-elementor/admin/assets/fonts/style.css?ver=4.11.14" "Mozilla/5.0 (Windows NT 10.0; Win64; x64) AppleWebKit/537.36 (KHTML, like Gecko) Chrome/137.0.0.0 Safari/537.36"
197.239.9.18 - - [22/Jun/2025:08:16:47 -0400] "GET /wp-content/plugins/bdthemes-prime-slider-lite/admin/assets/js/ps-notice.js?ver=3.17.14 HTTP/1.1" 304 - "https://oakwoodeventsuganda.com/wp-admin/admin.php?page=premium-addons" "Mozilla/5.0 (Windows NT 10.0; Win64; x64) AppleWebKit/537.36 (KHTML, like Gecko) Chrome/137.0.0.0 Safari/537.36"
197.239.9.18 - - [22/Jun/2025:08:16:47 -0400] "GET /wp-content/plugins/premium-addons-for-elementor/admin/images/pa-logo-symbol.png HTTP/1.1" 304 - "https://oakwoodeventsuganda.com/wp-admin/admin.php?page=premium-addons" "Mozilla/5.0 (Windows NT 10.0; Win64; x64) AppleWebKit/537.36 (KHTML, like Gecko) Chrome/137.0.0.0 Safari/537.36"
197.239.9.18 - - [22/Jun/2025:08:16:47 -0400] "GET /wp-content/plugins/premium-addons-for-elementor/admin/assets/js/admin.js?ver=4.11.14 HTTP/1.1" 200 5231 "https://oakwoodeventsuganda.com/wp-admin/admin.php?page=premium-addons" "Mozilla/5.0 (Windows NT 10.0; Win64; x64) AppleWebKit/537.36 (KHTML, like Gecko) Chrome/137.0.0.0 Safari/537.36"
197.239.9.18 - - [22/Jun/2025:08:16:47 -0400] "GET /wp-content/plugins/happy-elementor-addons/assets/vendor/micromodal/micromodal.min.js?ver=3.18.0 HTTP/1.1" 304 - "https://oakwoodeventsuganda.com/wp-admin/admin.php?page=premium-addons" "Mozilla/5.0 (Windows NT 10.0; Win64; x64) AppleWebKit/537.36 (KHTML, like Gecko) Chrome/137.0.0.0 Safari/537.36"
197.239.9.18 - - [22/Jun/2025:08:16:47 -0400] "GET /wp-content/plugins/premium-addons-for-elementor/admin/assets/js/sweetalert2/core.js?ver=4.11.14 HTTP/1.1" 200 28627 "https://oakwoodeventsuganda.com/wp-admin/admin.php?page=premium-addons" "Mozilla/5.0 (Windows NT 10.0; Win64; x64) AppleWebKit/537.36 (KHTML, like Gecko) Chrome/137.0.0.0 Safari/537.36"
197.239.9.18 - - [22/Jun/2025:08:16:47 -0400] "GET /wp-content/plugins/cm-email-blacklist/package/js/custom.js?ver=1.6.2 HTTP/1.1" 304 - "https://oakwoodeventsuganda.com/wp-admin/admin.php?page=premium-addons" "Mozilla/5.0 (Windows NT 10.0; Win64; x64) AppleWebKit/537.36 (KHTML, like Gecko) Chrome/137.0.0.0 Safari/537.36"
197.239.9.18 - - [22/Jun/2025:08:16:47 -0400] "GET /wp-content/plugins/premium-addons-pro/admin/assets/js/admin.js?ver=2.9.25 HTTP/1.1" 200 3617 "https://oakwoodeventsuganda.com/wp-admin/admin.php?page=premium-addons" "Mozilla/5.0 (Windows NT 10.0; Win64; x64) AppleWebKit/537.36 (KHTML, like Gecko) Chrome/137.0.0.0 Safari/537.36"
197.239.9.18 - - [22/Jun/2025:08:16:50 -0400] "GET / HTTP/1.1" 200 857 "https://oakwoodeventsuganda.com/wp-admin/admin.php?page=premium-addons" "Mozilla/5.0 (Windows NT 10.0; Win64; x64) AppleWebKit/537.36 (KHTML, like Gecko) Chrome/137.0.0.0 Safari/537.36"
197.239.9.18 - - [22/Jun/2025:08:16:58 -0400] "GET /wp-content/plugins/premium-addons-for-elementor/admin/assets/js/sweetalert2/sweetalert2.min.js?ver=4.11.14 HTTP/1.1" 200 11753 "https://oakwoodeventsuganda.com/wp-admin/admin.php?page=premium-addons" "Mozilla/5.0 (Windows NT 10.0; Win64; x64) AppleWebKit/537.36 (KHTML, like Gecko) Chrome/137.0.0.0 Safari/537.36"
197.239.9.18 - - [22/Jun/2025:08:16:58 -0400] "GET /wp-content/plugins/premium-addons-for-elementor/admin/images/papro-notice-logo.png HTTP/1.1" 200 8859 "https://oakwoodeventsuganda.com/wp-admin/admin.php?page=premium-addons" "Mozilla/5.0 (Windows NT 10.0; Win64; x64) AppleWebKit/537.36 (KHTML, like Gecko) Chrome/137.0.0.0 Safari/537.36"
197.239.9.18 - - [22/Jun/2025:08:16:59 -0400] "GET /wp-content/plugins/premium-addons-for-elementor/admin/assets/js/pa-dashboard.js?ver=4.11.14 HTTP/1.1" 304 - "https://oakwoodeventsuganda.com/wp-admin/admin.php?page=premium-addons" "Mozilla/5.0 (Windows NT 10.0; Win64; x64) AppleWebKit/537.36 (KHTML, like Gecko) Chrome/137.0.0.0 Safari/537.36"
197.239.9.18 - - [22/Jun/2025:08:16:58 -0400] "GET /wp-content/plugins/premium-addons-for-elementor/admin/assets/js/admin-bar.js?ver=4.11.14 HTTP/1.1" 304 - "https://oakwoodeventsuganda.com/wp-admin/admin.php?page=premium-addons" "Mozilla/5.0 (Windows NT 10.0; Win64; x64) AppleWebKit/537.36 (KHTML, like Gecko) Chrome/137.0.0.0 Safari/537.36"
197.239.9.18 - - [22/Jun/2025:08:16:59 -0400] "GET /wp-json/wp/v2/ HTTP/1.1" 404 - "https://oakwoodeventsuganda.com/wp-admin/admin.php?page=premium-addons" "Mozilla/5.0 (Windows NT 10.0; Win64; x64) AppleWebKit/537.36 (KHTML, like Gecko) Chrome/137.0.0.0 Safari/537.36"
197.239.9.18 - - [22/Jun/2025:08:17:06 -0400] "GET /wp-content/plugins/bdthemes-prime-slider-lite/includes/feedback-hub/assets/rc.js?ver=1.0.0 HTTP/1.1" 304 - "https://oakwoodeventsuganda.com/wp-admin/admin.php?page=premium-addons" "Mozilla/5.0 (Windows NT 10.0; Win64; x64) AppleWebKit/537.36 (KHTML, like Gecko) Chrome/137.0.0.0 Safari/537.36"
197.239.9.18 - - [22/Jun/2025:08:17:06 -0400] "GET /wp-content/plugins/bdthemes-prime-slider-lite/dci/assets/js/dci.js?ver=1.2.1 HTTP/1.1" 304 - "https://oakwoodeventsuganda.com/wp-admin/admin.php?page=premium-addons" "Mozilla/5.0 (Windows NT 10.0; Win64; x64) AppleWebKit/537.36 (KHTML, like Gecko) Chrome/137.0.0.0 Safari/537.36"
197.239.9.18 - - [22/Jun/2025:08:17:09 -0400] "GET /wp-content/plugins/wpforms-lite/assets/js/admin/notices.min.js?ver=1.9.6.1 HTTP/1.1" 304 - "https://oakwoodeventsuganda.com/wp-admin/admin.php?page=premium-addons" "Mozilla/5.0 (Windows NT 10.0; Win64; x64) AppleWebKit/537.36 (KHTML, like Gecko) Chrome/137.0.0.0 Safari/537.36"
197.239.9.18 - - [22/Jun/2025:08:17:09 -0400] "GET /?wordfence_syncAttackData=1750594565.2099 HTTP/1.1" 200 857 "https://oakwoodeventsuganda.com/wp-admin/admin.php?page=premium-addons" "Mozilla/5.0 (Windows NT 10.0; Win64; x64) AppleWebKit/537.36 (KHTML, like Gecko) Chrome/137.0.0.0 Safari/537.36"
198.187.29.56 - - [22/Jun/2025:08:17:11 -0400] "POST /wp-cron.php?doing_wp_cron=1750594631.6788830757141113281250 HTTP/1.1" 200 - "-" "WordPress/6.8.1; https://oakwoodeventsuganda.com"
197.239.9.18 - - [22/Jun/2025:08:17:10 -0400] "POST /wp-admin/admin-ajax.php HTTP/1.1" 200 47 "https://oakwoodeventsuganda.com/wp-admin/admin.php?page=premium-addons" "Mozilla/5.0 (Windows NT 10.0; Win64; x64) AppleWebKit/537.36 (KHTML, like Gecko) Chrome/137.0.0.0 Safari/537.36"
197.239.9.18 - - [22/Jun/2025:08:17:13 -0400] "GET /wp-content/plugins/bdthemes-prime-slider-lite/assets/images/logo.png HTTP/1.1" 304 - "https://oakwoodeventsuganda.com/wp-admin/admin.php?page=premium-addons" "Mozilla/5.0 (Windows NT 10.0; Win64; x64) AppleWebKit/537.36 (KHTML, like Gecko) Chrome/137.0.0.0 Safari/537.36"
197.239.9.18 - - [22/Jun/2025:08:17:14 -0400] "POST /wp-admin/admin-ajax.php HTTP/1.1" 200 1971 "https://oakwoodeventsuganda.com/wp-admin/admin.php?page=premium-addons" "Mozilla/5.0 (Windows NT 10.0; Win64; x64) AppleWebKit/537.36 (KHTML, like Gecko) Chrome/137.0.0.0 Safari/537.36"
40.77.167.57 - - [22/Jun/2025:08:17:18 -0400] "GET /cornhusker44-4kqqvbric.html HTTP/1.1" 404 - "-" "Mozilla/5.0 AppleWebKit/537.36 (KHTML, like Gecko; compatible; bingbot/2.0; +http://www.bing.com/bingbot.htm) Chrome/116.0.1938.76 Safari/537.36"
197.239.9.18 - - [22/Jun/2025:08:17:27 -0400] "GET /wp-admin/admin.php?page=ai1wm_backups HTTP/1.1" 200 89102 "https://oakwoodeventsuganda.com/wp-admin/admin.php?page=premium-addons" "Mozilla/5.0 (Windows NT 10.0; Win64; x64) AppleWebKit/537.36 (KHTML, like Gecko) Chrome/137.0.0.0 Safari/537.36"
198.187.29.56 - - [22/Jun/2025:08:17:31 -0400] "POST /wp-cron.php?doing_wp_cron=1750594651.1516909599304199218750 HTTP/1.1" 200 - "-" "WordPress/6.8.1; https://oakwoodeventsuganda.com"
197.239.9.18 - - [22/Jun/2025:08:17:30 -0400] "GET /wp-admin/admin.php?page=ai1wm_backups HTTP/1.1" 200 89102 "https://oakwoodeventsuganda.com/wp-admin/admin.php?page=premium-addons" "Mozilla/5.0 (Windows NT 10.0; Win64; x64) AppleWebKit/537.36 (KHTML, like Gecko) Chrome/137.0.0.0 Safari/537.36"
197.239.9.18 - - [22/Jun/2025:08:17:32 -0400] "GET /?wordfence_syncAttackData=1750594648.0041 HTTP/1.1" 200 857 "https://oakwoodeventsuganda.com/wp-admin/admin.php?page=ai1wm_backups" "Mozilla/5.0 (Windows NT 10.0; Win64; x64) AppleWebKit/537.36 (KHTML, like Gecko) Chrome/137.0.0.0 Safari/537.36"
197.239.9.18 - - [22/Jun/2025:08:17:38 -0400] "GET /wp-json/wp/v2/ HTTP/1.1" 404 - "https://oakwoodeventsuganda.com/wp-admin/admin.php?page=ai1wm_backups" "Mozilla/5.0 (Windows NT 10.0; Win64; x64) AppleWebKit/537.36 (KHTML, like Gecko) Chrome/137.0.0.0 Safari/537.36"
197.239.9.18 - - [22/Jun/2025:08:17:42 -0400] "GET /?wordfence_syncAttackData=1750594651.2711 HTTP/1.1" 200 857 "https://oakwoodeventsuganda.com/wp-admin/admin.php?page=ai1wm_backups" "Mozilla/5.0 (Windows NT 10.0; Win64; x64) AppleWebKit/537.36 (KHTML, like Gecko) Chrome/137.0.0.0 Safari/537.36"
197.239.9.18 - - [22/Jun/2025:08:17:52 -0400] "GET /wp-json/wp/v2/ HTTP/1.1" 404 - "https://oakwoodeventsuganda.com/wp-admin/admin.php?page=ai1wm_backups" "Mozilla/5.0 (Windows NT 10.0; Win64; x64) AppleWebKit/537.36 (KHTML, like Gecko) Chrome/137.0.0.0 Safari/537.36"
197.239.9.18 - - [22/Jun/2025:08:18:04 -0400] "GET /wp-json/wp/v2/ HTTP/1.1" 404 - "https://oakwoodeventsuganda.com/wp-admin/admin.php?page=ai1wm_backups" "Mozilla/5.0 (Windows NT 10.0; Win64; x64) AppleWebKit/537.36 (KHTML, like Gecko) Chrome/137.0.0.0 Safari/537.36"
197.239.9.18 - - [22/Jun/2025:08:18:14 -0400] "GET /wp-admin/admin.php?page=WordfenceScan HTTP/1.1" 200 114051 "https://oakwoodeventsuganda.com/wp-admin/admin.php?page=ai1wm_backups" "Mozilla/5.0 (Windows NT 10.0; Win64; x64) AppleWebKit/537.36 (KHTML, like Gecko) Chrome/137.0.0.0 Safari/537.36"
197.239.9.18 - - [22/Jun/2025:08:18:16 -0400] "GET /wp-content/plugins/wordfence/css/wf-roboto-font.1744125809.css?ver=8.0.5 HTTP/1.1" 200 495 "https://oakwoodeventsuganda.com/wp-admin/admin.php?page=WordfenceScan" "Mozilla/5.0 (Windows NT 10.0; Win64; x64) AppleWebKit/537.36 (KHTML, like Gecko) Chrome/137.0.0.0 Safari/537.36"
197.239.9.18 - - [22/Jun/2025:08:18:17 -0400] "GET /wp-content/plugins/wordfence/css/main.1744125809.css?ver=8.0.5 HTTP/1.1" 200 41170 "https://oakwoodeventsuganda.com/wp-admin/admin.php?page=WordfenceScan" "Mozilla/5.0 (Windows NT 10.0; Win64; x64) AppleWebKit/537.36 (KHTML, like Gecko) Chrome/137.0.0.0 Safari/537.36"
197.239.9.18 - - [22/Jun/2025:08:18:17 -0400] "GET /wp-content/plugins/wordfence/css/license/free.1744125809.css?ver=6.8.1 HTTP/1.1" 200 2898 "https://oakwoodeventsuganda.com/wp-admin/admin.php?page=WordfenceScan" "Mozilla/5.0 (Windows NT 10.0; Win64; x64) AppleWebKit/537.36 (KHTML, like Gecko) Chrome/137.0.0.0 Safari/537.36"
197.239.9.18 - - [22/Jun/2025:08:18:17 -0400] "GET /wp-content/plugins/wordfence/css/wf-ionicons.1744125809.css?ver=8.0.5 HTTP/1.1" 200 8153 "https://oakwoodeventsuganda.com/wp-admin/admin.php?page=WordfenceScan" "Mozilla/5.0 (Windows NT 10.0; Win64; x64) AppleWebKit/537.36 (KHTML, like Gecko) Chrome/137.0.0.0 Safari/537.36"
197.239.9.18 - - [22/Jun/2025:08:18:17 -0400] "GET /wp-content/plugins/wordfence/css/wf-onboarding.1744125809.css?ver=8.0.5 HTTP/1.1" 200 4500 "https://oakwoodeventsuganda.com/wp-admin/admin.php?page=WordfenceScan" "Mozilla/5.0 (Windows NT 10.0; Win64; x64) AppleWebKit/537.36 (KHTML, like Gecko) Chrome/137.0.0.0 Safari/537.36"
197.239.9.18 - - [22/Jun/2025:08:18:17 -0400] "GET /wp-content/plugins/wordfence/css/wf-colorbox.1744125809.css?ver=8.0.5 HTTP/1.1" 200 2105 "https://oakwoodeventsuganda.com/wp-admin/admin.php?page=WordfenceScan" "Mozilla/5.0 (Windows NT 10.0; Win64; x64) AppleWebKit/537.36 (KHTML, like Gecko) Chrome/137.0.0.0 Safari/537.36"
197.239.9.18 - - [22/Jun/2025:08:18:17 -0400] "GET /wp-content/plugins/wordfence/js/jquery.tmpl.min.1744125809.js?ver=8.0.5 HTTP/1.1" 200 2796 "https://oakwoodeventsuganda.com/wp-admin/admin.php?page=WordfenceScan" "Mozilla/5.0 (Windows NT 10.0; Win64; x64) AppleWebKit/537.36 (KHTML, like Gecko) Chrome/137.0.0.0 Safari/537.36"
197.239.9.18 - - [22/Jun/2025:08:18:17 -0400] "GET /wp-content/plugins/wordfence/js/jquery.colorbox-min.1744125809.js?ver=8.0.5 HTTP/1.1" 200 4713 "https://oakwoodeventsuganda.com/wp-admin/admin.php?page=WordfenceScan" "Mozilla/5.0 (Windows NT 10.0; Win64; x64) AppleWebKit/537.36 (KHTML, like Gecko) Chrome/137.0.0.0 Safari/537.36"
197.239.9.18 - - [22/Jun/2025:08:18:17 -0400] "GET /wp-content/plugins/wordfence/js/jquery.qrcode.min.1744125809.js?ver=8.0.5 HTTP/1.1" 200 4751 "https://oakwoodeventsuganda.com/wp-admin/admin.php?page=WordfenceScan" "Mozilla/5.0 (Windows NT 10.0; Win64; x64) AppleWebKit/537.36 (KHTML, like Gecko) Chrome/137.0.0.0 Safari/537.36"
197.239.9.18 - - [22/Jun/2025:08:18:17 -0400] "GET /wp-admin/load-scripts.php?c=0&load%5Bchunk_0%5D=jquery-core,jquery-migrate,utils,jquery-ui-core,jquery-ui-menu,jquery-ui-mouse,moxiejs,plupload,jquery-ui-sortable,jquery-ui-sli&load%5Bchunk_1%5D=der&ver=6.8.1 HTTP/1.1" 200 85696 "https://oakwoodeventsuganda.com/wp-admin/admin.php?page=WordfenceScan" "Mozilla/5.0 (Windows NT 10.0; Win64; x64) AppleWebKit/537.36 (KHTML, like Gecko) Chrome/137.0.0.0 Safari/537.36"
197.239.9.18 - - [22/Jun/2025:08:18:17 -0400] "GET /wp-content/plugins/wordfence/js/admin.1744125809.js?ver=8.0.5 HTTP/1.1" 200 30813 "https://oakwoodeventsuganda.com/wp-admin/admin.php?page=WordfenceScan" "Mozilla/5.0 (Windows NT 10.0; Win64; x64) AppleWebKit/537.36 (KHTML, like Gecko) Chrome/137.0.0.0 Safari/537.36"
197.239.9.18 - - [22/Jun/2025:08:18:17 -0400] "GET /wp-content/plugins/wordfence/js/wfdropdown.1744125809.js?ver=8.0.5 HTTP/1.1" 200 1579 "https://oakwoodeventsuganda.com/wp-admin/admin.php?page=WordfenceScan" "Mozilla/5.0 (Windows NT 10.0; Win64; x64) AppleWebKit/537.36 (KHTML, like Gecko) Chrome/137.0.0.0 Safari/537.36"
197.239.9.18 - - [22/Jun/2025:08:18:19 -0400] "GET /wp-content/plugins/wordfence/css/wfselect2.min.1744125809.css?ver=8.0.5 HTTP/1.1" 200 2007 "https://oakwoodeventsuganda.com/wp-admin/admin.php?page=WordfenceScan" "Mozilla/5.0 (Windows NT 10.0; Win64; x64) AppleWebKit/537.36 (KHTML, like Gecko) Chrome/137.0.0.0 Safari/537.36"
197.239.9.18 - - [22/Jun/2025:08:18:19 -0400] "GET /wp-content/plugins/wordfence/js/wfselect2.min.1744125809.js?ver=8.0.5 HTTP/1.1" 200 22056 "https://oakwoodeventsuganda.com/wp-admin/admin.php?page=WordfenceScan" "Mozilla/5.0 (Windows NT 10.0; Win64; x64) AppleWebKit/537.36 (KHTML, like Gecko) Chrome/137.0.0.0 Safari/537.36"
197.239.9.18 - - [22/Jun/2025:08:18:19 -0400] "GET /wp-content/plugins/wordfence/images/logos/shield-white.svg HTTP/1.1" 200 885 "https://oakwoodeventsuganda.com/wp-content/plugins/wordfence/css/license/free-global.1744125809.css?ver=8.0.5" "Mozilla/5.0 (Windows NT 10.0; Win64; x64) AppleWebKit/537.36 (KHTML, like Gecko) Chrome/137.0.0.0 Safari/537.36"
197.239.9.18 - - [22/Jun/2025:08:18:19 -0400] "GET /wp-content/plugins/wordfence/images/icons/check.svg HTTP/1.1" 200 449 "https://oakwoodeventsuganda.com/wp-content/plugins/wordfence/css/license/free.1744125809.css?ver=6.8.1" "Mozilla/5.0 (Windows NT 10.0; Win64; x64) AppleWebKit/537.36 (KHTML, like Gecko) Chrome/137.0.0.0 Safari/537.36"
197.239.9.18 - - [22/Jun/2025:08:18:19 -0400] "GET /wp-json/wp/v2/ HTTP/1.1" 404 - "https://oakwoodeventsuganda.com/wp-admin/admin.php?page=WordfenceScan" "Mozilla/5.0 (Windows NT 10.0; Win64; x64) AppleWebKit/537.36 (KHTML, like Gecko) Chrome/137.0.0.0 Safari/537.36"
197.239.9.18 - - [22/Jun/2025:08:18:19 -0400] "GET /?wordfence_syncAttackData=1750594695.5299 HTTP/1.1" 200 857 "https://oakwoodeventsuganda.com/wp-admin/admin.php?page=WordfenceScan" "Mozilla/5.0 (Windows NT 10.0; Win64; x64) AppleWebKit/537.36 (KHTML, like Gecko) Chrome/137.0.0.0 Safari/537.36"
197.239.9.18 - - [22/Jun/2025:08:18:19 -0400] "POST /wp-admin/admin-ajax.php HTTP/1.1" 200 356454 "https://oakwoodeventsuganda.com/wp-admin/admin.php?page=WordfenceScan" "Mozilla/5.0 (Windows NT 10.0; Win64; x64) AppleWebKit/537.36 (KHTML, like Gecko) Chrome/137.0.0.0 Safari/537.36"
52.167.144.147 - - [22/Jun/2025:08:18:23 -0400] "GET /ignite66-4nh8875gc.html HTTP/1.1" 404 - "-" "Mozilla/5.0 AppleWebKit/537.36 (KHTML, like Gecko; compatible; bingbot/2.0; +http://www.bing.com/bingbot.htm) Chrome/116.0.1938.76 Safari/537.36"
198.187.29.56 - - [22/Jun/2025:08:19:37 -0400] "POST /wp-cron.php?doing_wp_cron=1750594777.4588038921356201171875 HTTP/1.1" 200 - "-" "WordPress/6.8.1; https://oakwoodeventsuganda.com"
197.239.9.18 - - [22/Jun/2025:08:19:36 -0400] "POST /wp-admin/admin-ajax.php HTTP/1.1" 200 1114 "https://oakwoodeventsuganda.com/wp-admin/admin.php?page=WordfenceScan" "Mozilla/5.0 (Windows NT 10.0; Win64; x64) AppleWebKit/537.36 (KHTML, like Gecko) Chrome/137.0.0.0 Safari/537.36"
52.167.144.147 - - [22/Jun/2025:08:20:04 -0400] "GET /virtue71-9ceev9kcd.html HTTP/1.1" 404 - "-" "Mozilla/5.0 AppleWebKit/537.36 (KHTML, like Gecko; compatible; bingbot/2.0; +http://www.bing.com/bingbot.htm) Chrome/116.0.1938.76 Safari/537.36"
198.187.29.56 - - [22/Jun/2025:08:20:44 -0400] "POST /wp-cron.php?doing_wp_cron=1750594844.0180990695953369140625 HTTP/1.1" 200 - "-" "WordPress/6.8.1; https://oakwoodeventsuganda.com"
197.239.9.18 - - [22/Jun/2025:08:20:42 -0400] "POST /wp-admin/admin-ajax.php HTTP/1.1" 200 1114 "https://oakwoodeventsuganda.com/wp-admin/admin.php?page=WordfenceScan" "Mozilla/5.0 (Windows NT 10.0; Win64; x64) AppleWebKit/537.36 (KHTML, like Gecko) Chrome/137.0.0.0 Safari/537.36"
197.239.9.18 - - [22/Jun/2025:08:20:42 -0400] "POST /wp-admin/admin-ajax.php HTTP/1.1" 200 47 "https://oakwoodeventsuganda.com/wp-admin/admin.php?page=WordfenceScan" "Mozilla/5.0 (Windows NT 10.0; Win64; x64) AppleWebKit/537.36 (KHTML, like Gecko) Chrome/137.0.0.0 Safari/537.36"
198.187.29.56 - - [22/Jun/2025:08:20:44 -0400] "POST /wp-admin/admin-ajax.php?action=wordfence_testAjax HTTP/1.1" 200 32 "-" "WordPress/6.8.1; https://oakwoodeventsuganda.com"
197.239.9.18 - - [22/Jun/2025:08:20:42 -0400] "POST /wp-admin/admin-ajax.php HTTP/1.1" 200 289 "https://oakwoodeventsuganda.com/wp-admin/admin.php?page=WordfenceScan" "Mozilla/5.0 (Windows NT 10.0; Win64; x64) AppleWebKit/537.36 (KHTML, like Gecko) Chrome/137.0.0.0 Safari/537.36"
197.239.9.18 - - [22/Jun/2025:08:20:42 -0400] "POST /wp-admin/admin-ajax.php HTTP/1.1" 200 77 "https://oakwoodeventsuganda.com/wp-admin/admin.php?page=WordfenceScan" "Mozilla/5.0 (Windows NT 10.0; Win64; x64) AppleWebKit/537.36 (KHTML, like Gecko) Chrome/137.0.0.0 Safari/537.36"
197.239.9.18 - - [22/Jun/2025:08:20:42 -0400] "POST /wp-admin/admin-ajax.php HTTP/1.1" 200 3490 "https://oakwoodeventsuganda.com/wp-admin/admin.php?page=WordfenceScan" "Mozilla/5.0 (Windows NT 10.0; Win64; x64) AppleWebKit/537.36 (KHTML, like Gecko) Chrome/137.0.0.0 Safari/537.36"
198.187.29.56 - - [22/Jun/2025:08:20:52 -0400] "POST /wp-cron.php?doing_wp_cron=1750594852.5620400905609130859375 HTTP/1.1" 200 - "-" "WordPress/6.8.1; https://oakwoodeventsuganda.com"
197.239.9.18 - - [22/Jun/2025:08:20:51 -0400] "POST /wp-admin/admin-ajax.php HTTP/1.1" 200 5002 "https://oakwoodeventsuganda.com/wp-admin/admin.php?page=WordfenceScan" "Mozilla/5.0 (Windows NT 10.0; Win64; x64) AppleWebKit/537.36 (KHTML, like Gecko) Chrome/137.0.0.0 Safari/537.36"
197.239.9.18 - - [22/Jun/2025:08:20:55 -0400] "POST /wp-admin/admin-ajax.php HTTP/1.1" 200 7541 "https://oakwoodeventsuganda.com/wp-admin/admin.php?page=WordfenceScan" "Mozilla/5.0 (Windows NT 10.0; Win64; x64) AppleWebKit/537.36 (KHTML, like Gecko) Chrome/137.0.0.0 Safari/537.36"
197.239.9.18 - - [22/Jun/2025:08:21:02 -0400] "POST /wp-admin/admin-ajax.php HTTP/1.1" 200 10979 "https://oakwoodeventsuganda.com/wp-admin/admin.php?page=WordfenceScan" "Mozilla/5.0 (Windows NT 10.0; Win64; x64) AppleWebKit/537.36 (KHTML, like Gecko) Chrome/137.0.0.0 Safari/537.36"
197.239.9.18 - - [22/Jun/2025:08:21:08 -0400] "POST /wp-admin/admin-ajax.php HTTP/1.1" 200 11326 "https://oakwoodeventsuganda.com/wp-admin/admin.php?page=WordfenceScan" "Mozilla/5.0 (Windows NT 10.0; Win64; x64) AppleWebKit/537.36 (KHTML, like Gecko) Chrome/137.0.0.0 Safari/537.36"
197.239.9.18 - - [22/Jun/2025:08:21:20 -0400] "POST /wp-admin/admin-ajax.php HTTP/1.1" 200 47 "https://oakwoodeventsuganda.com/wp-admin/admin.php?page=WordfenceScan" "Mozilla/5.0 (Windows NT 10.0; Win64; x64) AppleWebKit/537.36 (KHTML, like Gecko) Chrome/137.0.0.0 Safari/537.36"
198.187.29.56 - - [22/Jun/2025:08:21:22 -0400] "GET /.user.ini HTTP/1.1" 404 181207 "-" "WordPress/6.8.1; https://oakwoodeventsuganda.com"
198.187.29.56 - - [22/Jun/2025:08:21:31 -0400] "POST /wp-cron.php?doing_wp_cron=1750594891.7911629676818847656250 HTTP/1.1" 200 - "-" "WordPress/6.8.1; https://oakwoodeventsuganda.com"
198.187.29.56 - - [22/Jun/2025:08:20:45 -0400] "GET /wp-admin/admin-ajax.php?action=wordfence_doScan&isFork=0&scanMode=standard&cronKey=e80779a23833d7ef06f66dde62f6cde1&signature=52fdfb8c2008eabf37f59a9fd14b97a1e60e8c23f5d620ff02f8a0a67e3ab129 HTTP/1.1" 200 - "-" "WordPress/6.8.1; https://oakwoodeventsuganda.com"
197.239.9.18 - - [22/Jun/2025:08:21:45 -0400] "POST /wp-admin/admin-ajax.php HTTP/1.1" 200 24051 "https://oakwoodeventsuganda.com/wp-admin/admin.php?page=WordfenceScan" "Mozilla/5.0 (Windows NT 10.0; Win64; x64) AppleWebKit/537.36 (KHTML, like Gecko) Chrome/137.0.0.0 Safari/537.36"
185.191.171.10 - - [22/Jun/2025:08:22:07 -0400] "GET /tag/vodka-bet/ HTTP/1.1" 200 33081 "-" "Mozilla/5.0 (compatible; SemrushBot/7~bl; +http://www.semrush.com/bot.html)"
173.252.127.36 - - [22/Jun/2025:08:22:11 -0400] "GET /?fbclid=IwZXh0bgNhZW0CMTEAAR7SRHzxGmKZa2AxX1mRQG53zHsxNw3jkl7DOL-1pENxUdKFzHN2CSZanIuZfA_aem_i2RjssCxvq3kOxPwAB16Xw HTTP/1.1" 200 28307 "-" "Mozilla/5.0 (Windows NT 10.0; Win64; x64) AppleWebKit/537.36 (KHTML, like Gecko) Chrome/137.0.0.0 Safari/537.36"
173.252.127.36 - - [22/Jun/2025:08:22:13 -0400] "GET /wp-content/plugins/premium-addons-pro/assets/frontend/min-css/premium-addons.min.css?ver=2.9.25 HTTP/1.1" 200 30510 "https://oakwoodeventsuganda.com/?fbclid=IwZXh0bgNhZW0CMTEAAR7SRHzxGmKZa2AxX1mRQG53zHsxNw3jkl7DOL-1pENxUdKFzHN2CSZanIuZfA_aem_i2RjssCxvq3kOxPwAB16Xw" "Mozilla/5.0 (Windows NT 10.0; Win64; x64) AppleWebKit/537.36 (KHTML, like Gecko) Chrome/137.0.0.0 Safari/537.36"
173.252.127.36 - - [22/Jun/2025:08:22:13 -0400] "GET /wp-content/plugins/chaty-pro/css/chaty-front.min.css?ver=3.2.81743855972 HTTP/1.1" 200 6509 "https://oakwoodeventsuganda.com/?fbclid=IwZXh0bgNhZW0CMTEAAR7SRHzxGmKZa2AxX1mRQG53zHsxNw3jkl7DOL-1pENxUdKFzHN2CSZanIuZfA_aem_i2RjssCxvq3kOxPwAB16Xw" "Mozilla/5.0 (Windows NT 10.0; Win64; x64) AppleWebKit/537.36 (KHTML, like Gecko) Chrome/137.0.0.0 Safari/537.36"
173.252.127.36 - - [22/Jun/2025:08:22:13 -0400] "GET /wp-content/plugins/premium-addons-for-elementor/assets/frontend/min-css/premium-addons.min.css?ver=4.11.14 HTTP/1.1" 200 47270 "https://oakwoodeventsuganda.com/?fbclid=IwZXh0bgNhZW0CMTEAAR7SRHzxGmKZa2AxX1mRQG53zHsxNw3jkl7DOL-1pENxUdKFzHN2CSZanIuZfA_aem_i2RjssCxvq3kOxPwAB16Xw" "Mozilla/5.0 (Windows NT 10.0; Win64; x64) AppleWebKit/537.36 (KHTML, like Gecko) Chrome/137.0.0.0 Safari/537.36"
173.252.127.36 - - [22/Jun/2025:08:22:13 -0400] "GET /wp-content/plugins/filter-for-elementor/ef-style.css?ver=1.0.2 HTTP/1.1" 200 286 "https://oakwoodeventsuganda.com/?fbclid=IwZXh0bgNhZW0CMTEAAR7SRHzxGmKZa2AxX1mRQG53zHsxNw3jkl7DOL-1pENxUdKFzHN2CSZanIuZfA_aem_i2RjssCxvq3kOxPwAB16Xw" "Mozilla/5.0 (Windows NT 10.0; Win64; x64) AppleWebKit/537.36 (KHTML, like Gecko) Chrome/137.0.0.0 Safari/537.36"
173.252.127.36 - - [22/Jun/2025:08:22:13 -0400] "GET /wp-content/plugins/contact-form-7/includes/css/styles.css?ver=6.0.6 HTTP/1.1" 200 1015 "https://oakwoodeventsuganda.com/?fbclid=IwZXh0bgNhZW0CMTEAAR7SRHzxGmKZa2AxX1mRQG53zHsxNw3jkl7DOL-1pENxUdKFzHN2CSZanIuZfA_aem_i2RjssCxvq3kOxPwAB16Xw" "Mozilla/5.0 (Windows NT 10.0; Win64; x64) AppleWebKit/537.36 (KHTML, like Gecko) Chrome/137.0.0.0 Safari/537.36"
173.252.127.36 - - [22/Jun/2025:08:22:13 -0400] "GET /wp-content/plugins/ht-portfolio/assets/css/bootstrap.min.css?ver=6.8.1 HTTP/1.1" 200 19487 "https://oakwoodeventsuganda.com/?fbclid=IwZXh0bgNhZW0CMTEAAR7SRHzxGmKZa2AxX1mRQG53zHsxNw3jkl7DOL-1pENxUdKFzHN2CSZanIuZfA_aem_i2RjssCxvq3kOxPwAB16Xw" "Mozilla/5.0 (Windows NT 10.0; Win64; x64) AppleWebKit/537.36 (KHTML, like Gecko) Chrome/137.0.0.0 Safari/537.36"
173.252.127.36 - - [22/Jun/2025:08:22:13 -0400] "GET /wp-content/plugins/ht-portfolio/assets/css/jquery.fancybox.css?ver=6.8.1 HTTP/1.1" 200 3782 "https://oakwoodeventsuganda.com/?fbclid=IwZXh0bgNhZW0CMTEAAR7SRHzxGmKZa2AxX1mRQG53zHsxNw3jkl7DOL-1pENxUdKFzHN2CSZanIuZfA_aem_i2RjssCxvq3kOxPwAB16Xw" "Mozilla/5.0 (Windows NT 10.0; Win64; x64) AppleWebKit/537.36 (KHTML, like Gecko) Chrome/137.0.0.0 Safari/537.36"
173.252.127.36 - - [22/Jun/2025:08:22:13 -0400] "GET /wp-content/plugins/elementor/assets/lib/font-awesome/css/font-awesome.min.css?ver=4.7.0 HTTP/1.1" 200 7052 "https://oakwoodeventsuganda.com/?fbclid=IwZXh0bgNhZW0CMTEAAR7SRHzxGmKZa2AxX1mRQG53zHsxNw3jkl7DOL-1pENxUdKFzHN2CSZanIuZfA_aem_i2RjssCxvq3kOxPwAB16Xw" "Mozilla/5.0 (Windows NT 10.0; Win64; x64) AppleWebKit/537.36 (KHTML, like Gecko) Chrome/137.0.0.0 Safari/537.36"
173.252.127.36 - - [22/Jun/2025:08:22:13 -0400] "GET /wp-content/plugins/ht-portfolio/assets/css/magnific-popup.css?ver=6.8.1 HTTP/1.1" 200 1816 "https://oakwoodeventsuganda.com/?fbclid=IwZXh0bgNhZW0CMTEAAR7SRHzxGmKZa2AxX1mRQG53zHsxNw3jkl7DOL-1pENxUdKFzHN2CSZanIuZfA_aem_i2RjssCxvq3kOxPwAB16Xw" "Mozilla/5.0 (Windows NT 10.0; Win64; x64) AppleWebKit/537.36 (KHTML, like Gecko) Chrome/137.0.0.0 Safari/537.36"
173.252.127.36 - - [22/Jun/2025:08:22:13 -0400] "GET /wp-content/plugins/ht-portfolio/assets/css/htportfolio-vendors.css?ver=6.8.1 HTTP/1.1" 200 5655 "https://oakwoodeventsuganda.com/?fbclid=IwZXh0bgNhZW0CMTEAAR7SRHzxGmKZa2AxX1mRQG53zHsxNw3jkl7DOL-1pENxUdKFzHN2CSZanIuZfA_aem_i2RjssCxvq3kOxPwAB16Xw" "Mozilla/5.0 (Windows NT 10.0; Win64; x64) AppleWebKit/537.36 (KHTML, like Gecko) Chrome/137.0.0.0 Safari/537.36"
173.252.127.36 - - [22/Jun/2025:08:22:13 -0400] "GET /wp-content/plugins/ht-portfolio/assets/css/htportfolio-widgets.css?ver=6.8.1 HTTP/1.1" 200 1712 "https://oakwoodeventsuganda.com/?fbclid=IwZXh0bgNhZW0CMTEAAR7SRHzxGmKZa2AxX1mRQG53zHsxNw3jkl7DOL-1pENxUdKFzHN2CSZanIuZfA_aem_i2RjssCxvq3kOxPwAB16Xw" "Mozilla/5.0 (Windows NT 10.0; Win64; x64) AppleWebKit/537.36 (KHTML, like Gecko) Chrome/137.0.0.0 Safari/537.36"
173.252.127.36 - - [22/Jun/2025:08:22:13 -0400] "GET /wp-content/plugins/missing-widgets-for-elementor/dist/plugin.169ad.css?ver=1.5.3 HTTP/1.1" 200 5109 "https://oakwoodeventsuganda.com/?fbclid=IwZXh0bgNhZW0CMTEAAR7SRHzxGmKZa2AxX1mRQG53zHsxNw3jkl7DOL-1pENxUdKFzHN2CSZanIuZfA_aem_i2RjssCxvq3kOxPwAB16Xw" "Mozilla/5.0 (Windows NT 10.0; Win64; x64) AppleWebKit/537.36 (KHTML, like Gecko) Chrome/137.0.0.0 Safari/537.36"
173.252.127.36 - - [22/Jun/2025:08:22:13 -0400] "GET /wp-content/plugins/page-builder-add/styles/admin-csm-menu-styles.css?ver=6.8.1 HTTP/1.1" 200 268 "https://oakwoodeventsuganda.com/?fbclid=IwZXh0bgNhZW0CMTEAAR7SRHzxGmKZa2AxX1mRQG53zHsxNw3jkl7DOL-1pENxUdKFzHN2CSZanIuZfA_aem_i2RjssCxvq3kOxPwAB16Xw" "Mozilla/5.0 (Windows NT 10.0; Win64; x64) AppleWebKit/537.36 (KHTML, like Gecko) Chrome/137.0.0.0 Safari/537.36"
173.252.127.36 - - [22/Jun/2025:08:22:13 -0400] "GET /wp-content/plugins/addon-elements-for-elementor-page-builder/assets/lib/peel/peel.css?ver=1.14.1 HTTP/1.1" 200 388 "https://oakwoodeventsuganda.com/?fbclid=IwZXh0bgNhZW0CMTEAAR7SRHzxGmKZa2AxX1mRQG53zHsxNw3jkl7DOL-1pENxUdKFzHN2CSZanIuZfA_aem_i2RjssCxvq3kOxPwAB16Xw" "Mozilla/5.0 (Windows NT 10.0; Win64; x64) AppleWebKit/537.36 (KHTML, like Gecko) Chrome/137.0.0.0 Safari/537.36"
173.252.127.36 - - [22/Jun/2025:08:22:13 -0400] "GET /wp-content/plugins/addon-elements-for-elementor-page-builder/assets/css/eae.min.css?ver=1.14.1 HTTP/1.1" 200 33744 "https://oakwoodeventsuganda.com/?fbclid=IwZXh0bgNhZW0CMTEAAR7SRHzxGmKZa2AxX1mRQG53zHsxNw3jkl7DOL-1pENxUdKFzHN2CSZanIuZfA_aem_i2RjssCxvq3kOxPwAB16Xw" "Mozilla/5.0 (Windows NT 10.0; Win64; x64) AppleWebKit/537.36 (KHTML, like Gecko) Chrome/137.0.0.0 Safari/537.36"
173.252.127.36 - - [22/Jun/2025:08:22:13 -0400] "GET /wp-content/plugins/elementor/assets/lib/font-awesome/css/v4-shims.min.css?ver=1.0 HTTP/1.1" 200 4229 "https://oakwoodeventsuganda.com/?fbclid=IwZXh0bgNhZW0CMTEAAR7SRHzxGmKZa2AxX1mRQG53zHsxNw3jkl7DOL-1pENxUdKFzHN2CSZanIuZfA_aem_i2RjssCxvq3kOxPwAB16Xw" "Mozilla/5.0 (Windows NT 10.0; Win64; x64) AppleWebKit/537.36 (KHTML, like Gecko) Chrome/137.0.0.0 Safari/537.36"
173.252.127.36 - - [22/Jun/2025:08:22:13 -0400] "GET /wp-content/plugins/elementor/assets/lib/font-awesome/css/all.min.css?ver=4.11.14 HTTP/1.1" 200 12869 "https://oakwoodeventsuganda.com/?fbclid=IwZXh0bgNhZW0CMTEAAR7SRHzxGmKZa2AxX1mRQG53zHsxNw3jkl7DOL-1pENxUdKFzHN2CSZanIuZfA_aem_i2RjssCxvq3kOxPwAB16Xw" "Mozilla/5.0 (Windows NT 10.0; Win64; x64) AppleWebKit/537.36 (KHTML, like Gecko) Chrome/137.0.0.0 Safari/537.36"
173.252.127.36 - - [22/Jun/2025:08:22:13 -0400] "GET /wp-content/plugins/addon-elements-for-elementor-page-builder/assets/lib/vegas/vegas.min.css?ver=2.4.0 HTTP/1.1" 200 1239 "https://oakwoodeventsuganda.com/?fbclid=IwZXh0bgNhZW0CMTEAAR7SRHzxGmKZa2AxX1mRQG53zHsxNw3jkl7DOL-1pENxUdKFzHN2CSZanIuZfA_aem_i2RjssCxvq3kOxPwAB16Xw" "Mozilla/5.0 (Windows NT 10.0; Win64; x64) AppleWebKit/537.36 (KHTML, like Gecko) Chrome/137.0.0.0 Safari/537.36"
173.252.127.36 - - [22/Jun/2025:08:22:13 -0400] "GET /wp-content/plugins/metform/public/assets/lib/cute-alert/style.css?ver=3.9.9 HTTP/1.1" 200 1225 "https://oakwoodeventsuganda.com/?fbclid=IwZXh0bgNhZW0CMTEAAR7SRHzxGmKZa2AxX1mRQG53zHsxNw3jkl7DOL-1pENxUdKFzHN2CSZanIuZfA_aem_i2RjssCxvq3kOxPwAB16Xw" "Mozilla/5.0 (Windows NT 10.0; Win64; x64) AppleWebKit/537.36 (KHTML, like Gecko) Chrome/137.0.0.0 Safari/537.36"
173.252.127.36 - - [22/Jun/2025:08:22:13 -0400] "GET /wp-content/plugins/metform/public/assets/css/text-editor.css?ver=3.9.9 HTTP/1.1" 200 3545 "https://oakwoodeventsuganda.com/?fbclid=IwZXh0bgNhZW0CMTEAAR7SRHzxGmKZa2AxX1mRQG53zHsxNw3jkl7DOL-1pENxUdKFzHN2CSZanIuZfA_aem_i2RjssCxvq3kOxPwAB16Xw" "Mozilla/5.0 (Windows NT 10.0; Win64; x64) AppleWebKit/537.36 (KHTML, like Gecko) Chrome/137.0.0.0 Safari/537.36"
173.252.127.36 - - [22/Jun/2025:08:22:13 -0400] "GET /wp-content/plugins/metform-pro/public/assets/css/style.min.css?ver=3.8.4 HTTP/1.1" 200 27699 "https://oakwoodeventsuganda.com/?fbclid=IwZXh0bgNhZW0CMTEAAR7SRHzxGmKZa2AxX1mRQG53zHsxNw3jkl7DOL-1pENxUdKFzHN2CSZanIuZfA_aem_i2RjssCxvq3kOxPwAB16Xw" "Mozilla/5.0 (Windows NT 10.0; Win64; x64) AppleWebKit/537.36 (KHTML, like Gecko) Chrome/137.0.0.0 Safari/537.36"
173.252.127.36 - - [22/Jun/2025:08:22:13 -0400] "GET /wp-content/uploads/elementor/css/custom-frontend.min.css?ver=1748092908 HTTP/1.1" 200 7083 "https://oakwoodeventsuganda.com/?fbclid=IwZXh0bgNhZW0CMTEAAR7SRHzxGmKZa2AxX1mRQG53zHsxNw3jkl7DOL-1pENxUdKFzHN2CSZanIuZfA_aem_i2RjssCxvq3kOxPwAB16Xw" "Mozilla/5.0 (Windows NT 10.0; Win64; x64) AppleWebKit/537.36 (KHTML, like Gecko) Chrome/137.0.0.0 Safari/537.36"
173.252.127.36 - - [22/Jun/2025:08:22:14 -0400] "GET /wp-content/plugins/happy-elementor-addons/assets/fonts/style.min.css?ver=3.18.0 HTTP/1.1" 200 5706 "https://oakwoodeventsuganda.com/?fbclid=IwZXh0bgNhZW0CMTEAAR7SRHzxGmKZa2AxX1mRQG53zHsxNw3jkl7DOL-1pENxUdKFzHN2CSZanIuZfA_aem_i2RjssCxvq3kOxPwAB16Xw" "Mozilla/5.0 (Windows NT 10.0; Win64; x64) AppleWebKit/537.36 (KHTML, like Gecko) Chrome/137.0.0.0 Safari/537.36"
173.252.127.36 - - [22/Jun/2025:08:22:14 -0400] "GET /wp-content/uploads/elementor/css/post-15695.css?ver=1748092909 HTTP/1.1" 200 274 "https://oakwoodeventsuganda.com/?fbclid=IwZXh0bgNhZW0CMTEAAR7SRHzxGmKZa2AxX1mRQG53zHsxNw3jkl7DOL-1pENxUdKFzHN2CSZanIuZfA_aem_i2RjssCxvq3kOxPwAB16Xw" "Mozilla/5.0 (Windows NT 10.0; Win64; x64) AppleWebKit/537.36 (KHTML, like Gecko) Chrome/137.0.0.0 Safari/537.36"
173.252.127.36 - - [22/Jun/2025:08:22:14 -0400] "GET /wp-content/plugins/metform/public/assets/css/metform-ui.css?ver=3.9.9 HTTP/1.1" 200 15413 "https://oakwoodeventsuganda.com/?fbclid=IwZXh0bgNhZW0CMTEAAR7SRHzxGmKZa2AxX1mRQG53zHsxNw3jkl7DOL-1pENxUdKFzHN2CSZanIuZfA_aem_i2RjssCxvq3kOxPwAB16Xw" "Mozilla/5.0 (Windows NT 10.0; Win64; x64) AppleWebKit/537.36 (KHTML, like Gecko) Chrome/137.0.0.0 Safari/537.36"
173.252.127.36 - - [22/Jun/2025:08:22:14 -0400] "GET /wp-content/plugins/metform/public/assets/css/style.css?ver=3.9.9 HTTP/1.1" 200 4763 "https://oakwoodeventsuganda.com/?fbclid=IwZXh0bgNhZW0CMTEAAR7SRHzxGmKZa2AxX1mRQG53zHsxNw3jkl7DOL-1pENxUdKFzHN2CSZanIuZfA_aem_i2RjssCxvq3kOxPwAB16Xw" "Mozilla/5.0 (Windows NT 10.0; Win64; x64) AppleWebKit/537.36 (KHTML, like Gecko) Chrome/137.0.0.0 Safari/537.36"
173.252.127.36 - - [22/Jun/2025:08:22:14 -0400] "GET /wp-content/plugins/metform/public/assets/css/flatpickr.min.css?ver=3.9.9 HTTP/1.1" 200 2851 "https://oakwoodeventsuganda.com/?fbclid=IwZXh0bgNhZW0CMTEAAR7SRHzxGmKZa2AxX1mRQG53zHsxNw3jkl7DOL-1pENxUdKFzHN2CSZanIuZfA_aem_i2RjssCxvq3kOxPwAB16Xw" "Mozilla/5.0 (Windows NT 10.0; Win64; x64) AppleWebKit/537.36 (KHTML, like Gecko) Chrome/137.0.0.0 Safari/537.36"
173.252.127.36 - - [22/Jun/2025:08:22:14 -0400] "GET /wp-content/uploads/elementor/css/post-13889.css?ver=1748092909 HTTP/1.1" 200 3945 "https://oakwoodeventsuganda.com/?fbclid=IwZXh0bgNhZW0CMTEAAR7SRHzxGmKZa2AxX1mRQG53zHsxNw3jkl7DOL-1pENxUdKFzHN2CSZanIuZfA_aem_i2RjssCxvq3kOxPwAB16Xw" "Mozilla/5.0 (Windows NT 10.0; Win64; x64) AppleWebKit/537.36 (KHTML, like Gecko) Chrome/137.0.0.0 Safari/537.36"
173.252.127.36 - - [22/Jun/2025:08:22:14 -0400] "GET /wp-content/plugins/elementor/assets/lib/eicons/css/elementor-icons.min.css?ver=5.40.0 HTTP/1.1" 200 4342 "https://oakwoodeventsuganda.com/?fbclid=IwZXh0bgNhZW0CMTEAAR7SRHzxGmKZa2AxX1mRQG53zHsxNw3jkl7DOL-1pENxUdKFzHN2CSZanIuZfA_aem_i2RjssCxvq3kOxPwAB16Xw" "Mozilla/5.0 (Windows NT 10.0; Win64; x64) AppleWebKit/537.36 (KHTML, like Gecko) Chrome/137.0.0.0 Safari/537.36"
173.252.127.36 - - [22/Jun/2025:08:22:14 -0400] "GET /wp-content/plugins/popup-maker/assets/css/pum-site.min.css?ver=1.20.5 HTTP/1.1" 200 1905 "https://oakwoodeventsuganda.com/?fbclid=IwZXh0bgNhZW0CMTEAAR7SRHzxGmKZa2AxX1mRQG53zHsxNw3jkl7DOL-1pENxUdKFzHN2CSZanIuZfA_aem_i2RjssCxvq3kOxPwAB16Xw" "Mozilla/5.0 (Windows NT 10.0; Win64; x64) AppleWebKit/537.36 (KHTML, like Gecko) Chrome/137.0.0.0 Safari/537.36"
173.252.127.36 - - [22/Jun/2025:08:22:14 -0400] "GET /wp-content/uploads/elementor/css/post-12104.css?ver=1748092910 HTTP/1.1" 200 503 "https://oakwoodeventsuganda.com/?fbclid=IwZXh0bgNhZW0CMTEAAR7SRHzxGmKZa2AxX1mRQG53zHsxNw3jkl7DOL-1pENxUdKFzHN2CSZanIuZfA_aem_i2RjssCxvq3kOxPwAB16Xw" "Mozilla/5.0 (Windows NT 10.0; Win64; x64) AppleWebKit/537.36 (KHTML, like Gecko) Chrome/137.0.0.0 Safari/537.36"
173.252.127.36 - - [22/Jun/2025:08:22:14 -0400] "GET /wp-content/plugins/wpforms-lite/assets/css/frontend/classic/wpforms-full.min.css?ver=1.9.6.1 HTTP/1.1" 200 9142 "https://oakwoodeventsuganda.com/?fbclid=IwZXh0bgNhZW0CMTEAAR7SRHzxGmKZa2AxX1mRQG53zHsxNw3jkl7DOL-1pENxUdKFzHN2CSZanIuZfA_aem_i2RjssCxvq3kOxPwAB16Xw" "Mozilla/5.0 (Windows NT 10.0; Win64; x64) AppleWebKit/537.36 (KHTML, like Gecko) Chrome/137.0.0.0 Safari/537.36"
173.252.127.36 - - [22/Jun/2025:08:22:14 -0400] "GET /wp-content/plugins/powerpack-elements/assets/css/min/extensions.min.css?ver=2.11.2 HTTP/1.1" 200 394 "https://oakwoodeventsuganda.com/?fbclid=IwZXh0bgNhZW0CMTEAAR7SRHzxGmKZa2AxX1mRQG53zHsxNw3jkl7DOL-1pENxUdKFzHN2CSZanIuZfA_aem_i2RjssCxvq3kOxPwAB16Xw" "Mozilla/5.0 (Windows NT 10.0; Win64; x64) AppleWebKit/537.36 (KHTML, like Gecko) Chrome/137.0.0.0 Safari/537.36"
173.252.127.36 - - [22/Jun/2025:08:22:14 -0400] "GET /wp-content/plugins/elementor/assets/css/widget-image.min.css?ver=3.29.2 HTTP/1.1" 200 165 "https://oakwoodeventsuganda.com/?fbclid=IwZXh0bgNhZW0CMTEAAR7SRHzxGmKZa2AxX1mRQG53zHsxNw3jkl7DOL-1pENxUdKFzHN2CSZanIuZfA_aem_i2RjssCxvq3kOxPwAB16Xw" "Mozilla/5.0 (Windows NT 10.0; Win64; x64) AppleWebKit/537.36 (KHTML, like Gecko) Chrome/137.0.0.0 Safari/537.36"
173.252.127.36 - - [22/Jun/2025:08:22:14 -0400] "GET /wp-content/plugins/elementor/assets/css/widget-spacer.min.css?ver=3.29.2 HTTP/1.1" 200 369 "https://oakwoodeventsuganda.com/?fbclid=IwZXh0bgNhZW0CMTEAAR7SRHzxGmKZa2AxX1mRQG53zHsxNw3jkl7DOL-1pENxUdKFzHN2CSZanIuZfA_aem_i2RjssCxvq3kOxPwAB16Xw" "Mozilla/5.0 (Windows NT 10.0; Win64; x64) AppleWebKit/537.36 (KHTML, like Gecko) Chrome/137.0.0.0 Safari/537.36"
173.252.127.36 - - [22/Jun/2025:08:22:14 -0400] "GET /wp-content/uploads/elementor/css/post-17401.css?ver=1748592496 HTTP/1.1" 200 654 "https://oakwoodeventsuganda.com/?fbclid=IwZXh0bgNhZW0CMTEAAR7SRHzxGmKZa2AxX1mRQG53zHsxNw3jkl7DOL-1pENxUdKFzHN2CSZanIuZfA_aem_i2RjssCxvq3kOxPwAB16Xw" "Mozilla/5.0 (Windows NT 10.0; Win64; x64) AppleWebKit/537.36 (KHTML, like Gecko) Chrome/137.0.0.0 Safari/537.36"
173.252.127.36 - - [22/Jun/2025:08:22:14 -0400] "GET /wp-content/themes/rife-free/js/light-gallery/css/lightgallery.min.css?ver=1.9.0 HTTP/1.1" 200 3853 "https://oakwoodeventsuganda.com/?fbclid=IwZXh0bgNhZW0CMTEAAR7SRHzxGmKZa2AxX1mRQG53zHsxNw3jkl7DOL-1pENxUdKFzHN2CSZanIuZfA_aem_i2RjssCxvq3kOxPwAB16Xw" "Mozilla/5.0 (Windows NT 10.0; Win64; x64) AppleWebKit/537.36 (KHTML, like Gecko) Chrome/137.0.0.0 Safari/537.36"
173.252.127.36 - - [22/Jun/2025:08:22:14 -0400] "GET /wp-content/themes/rife-free/css/icomoon.css?ver=2.4.21 HTTP/1.1" 200 481 "https://oakwoodeventsuganda.com/?fbclid=IwZXh0bgNhZW0CMTEAAR7SRHzxGmKZa2AxX1mRQG53zHsxNw3jkl7DOL-1pENxUdKFzHN2CSZanIuZfA_aem_i2RjssCxvq3kOxPwAB16Xw" "Mozilla/5.0 (Windows NT 10.0; Win64; x64) AppleWebKit/537.36 (KHTML, like Gecko) Chrome/137.0.0.0 Safari/537.36"
173.252.127.36 - - [22/Jun/2025:08:22:14 -0400] "GET /wp-content/themes/rife-free/style.css?ver=2.4.21 HTTP/1.1" 200 39339 "https://oakwoodeventsuganda.com/?fbclid=IwZXh0bgNhZW0CMTEAAR7SRHzxGmKZa2AxX1mRQG53zHsxNw3jkl7DOL-1pENxUdKFzHN2CSZanIuZfA_aem_i2RjssCxvq3kOxPwAB16Xw" "Mozilla/5.0 (Windows NT 10.0; Win64; x64) AppleWebKit/537.36 (KHTML, like Gecko) Chrome/137.0.0.0 Safari/537.36"
173.252.127.36 - - [22/Jun/2025:08:22:14 -0400] "GET /wp-content/uploads/apollo13_framework_files/css/user.css?ver=2.4.21_1741698984 HTTP/1.1" 200 4792 "https://oakwoodeventsuganda.com/?fbclid=IwZXh0bgNhZW0CMTEAAR7SRHzxGmKZa2AxX1mRQG53zHsxNw3jkl7DOL-1pENxUdKFzHN2CSZanIuZfA_aem_i2RjssCxvq3kOxPwAB16Xw" "Mozilla/5.0 (Windows NT 10.0; Win64; x64) AppleWebKit/537.36 (KHTML, like Gecko) Chrome/137.0.0.0 Safari/537.36"
173.252.127.36 - - [22/Jun/2025:08:22:14 -0400] "GET /wp-content/plugins/essential-addons-for-elementor-lite/assets/front-end/css/view/general.min.css?ver=6.1.19 HTTP/1.1" 200 1539 "https://oakwoodeventsuganda.com/?fbclid=IwZXh0bgNhZW0CMTEAAR7SRHzxGmKZa2AxX1mRQG53zHsxNw3jkl7DOL-1pENxUdKFzHN2CSZanIuZfA_aem_i2RjssCxvq3kOxPwAB16Xw" "Mozilla/5.0 (Windows NT 10.0; Win64; x64) AppleWebKit/537.36 (KHTML, like Gecko) Chrome/137.0.0.0 Safari/537.36"
173.252.127.36 - - [22/Jun/2025:08:22:14 -0400] "GET /wp-content/plugins/bdthemes-prime-slider-lite/assets/css/bdt-uikit.css?ver=3.21.7 HTTP/1.1" 200 15503 "https://oakwoodeventsuganda.com/?fbclid=IwZXh0bgNhZW0CMTEAAR7SRHzxGmKZa2AxX1mRQG53zHsxNw3jkl7DOL-1pENxUdKFzHN2CSZanIuZfA_aem_i2RjssCxvq3kOxPwAB16Xw" "Mozilla/5.0 (Windows NT 10.0; Win64; x64) AppleWebKit/537.36 (KHTML, like Gecko) Chrome/137.0.0.0 Safari/537.36"
173.252.127.36 - - [22/Jun/2025:08:22:14 -0400] "GET /wp-content/plugins/bdthemes-prime-slider-lite/assets/css/prime-slider-site.css?ver=3.17.14 HTTP/1.1" 200 2963 "https://oakwoodeventsuganda.com/?fbclid=IwZXh0bgNhZW0CMTEAAR7SRHzxGmKZa2AxX1mRQG53zHsxNw3jkl7DOL-1pENxUdKFzHN2CSZanIuZfA_aem_i2RjssCxvq3kOxPwAB16Xw" "Mozilla/5.0 (Windows NT 10.0; Win64; x64) AppleWebKit/537.36 (KHTML, like Gecko) Chrome/137.0.0.0 Safari/537.36"
173.252.127.36 - - [22/Jun/2025:08:22:14 -0400] "GET /wp-content/uploads/elementor/google-fonts/css/oswald.css?ver=1742239548 HTTP/1.1" 200 691 "https://oakwoodeventsuganda.com/?fbclid=IwZXh0bgNhZW0CMTEAAR7SRHzxGmKZa2AxX1mRQG53zHsxNw3jkl7DOL-1pENxUdKFzHN2CSZanIuZfA_aem_i2RjssCxvq3kOxPwAB16Xw" "Mozilla/5.0 (Windows NT 10.0; Win64; x64) AppleWebKit/537.36 (KHTML, like Gecko) Chrome/137.0.0.0 Safari/537.36"
173.252.127.36 - - [22/Jun/2025:08:22:14 -0400] "GET /wp-content/uploads/elementor/google-fonts/css/outfit.css?ver=1742239553 HTTP/1.1" 200 498 "https://oakwoodeventsuganda.com/?fbclid=IwZXh0bgNhZW0CMTEAAR7SRHzxGmKZa2AxX1mRQG53zHsxNw3jkl7DOL-1pENxUdKFzHN2CSZanIuZfA_aem_i2RjssCxvq3kOxPwAB16Xw" "Mozilla/5.0 (Windows NT 10.0; Win64; x64) AppleWebKit/537.36 (KHTML, like Gecko) Chrome/137.0.0.0 Safari/537.36"
173.252.127.36 - - [22/Jun/2025:08:22:14 -0400] "GET /wp-content/plugins/elementor/assets/lib/font-awesome/css/fontawesome.min.css?ver=5.15.3 HTTP/1.1" 200 12617 "https://oakwoodeventsuganda.com/?fbclid=IwZXh0bgNhZW0CMTEAAR7SRHzxGmKZa2AxX1mRQG53zHsxNw3jkl7DOL-1pENxUdKFzHN2CSZanIuZfA_aem_i2RjssCxvq3kOxPwAB16Xw" "Mozilla/5.0 (Windows NT 10.0; Win64; x64) AppleWebKit/537.36 (KHTML, like Gecko) Chrome/137.0.0.0 Safari/537.36"
173.252.127.36 - - [22/Jun/2025:08:22:14 -0400] "GET /wp-content/plugins/elementor/assets/lib/font-awesome/css/solid.min.css?ver=5.15.3 HTTP/1.1" 200 309 "https://oakwoodeventsuganda.com/?fbclid=IwZXh0bgNhZW0CMTEAAR7SRHzxGmKZa2AxX1mRQG53zHsxNw3jkl7DOL-1pENxUdKFzHN2CSZanIuZfA_aem_i2RjssCxvq3kOxPwAB16Xw" "Mozilla/5.0 (Windows NT 10.0; Win64; x64) AppleWebKit/537.36 (KHTML, like Gecko) Chrome/137.0.0.0 Safari/537.36"
173.252.127.36 - - [22/Jun/2025:08:22:14 -0400] "GET /wp-includes/js/jquery/jquery.min.js?ver=3.7.1 HTTP/1.1" 200 30368 "https://oakwoodeventsuganda.com/?fbclid=IwZXh0bgNhZW0CMTEAAR7SRHzxGmKZa2AxX1mRQG53zHsxNw3jkl7DOL-1pENxUdKFzHN2CSZanIuZfA_aem_i2RjssCxvq3kOxPwAB16Xw" "Mozilla/5.0 (Windows NT 10.0; Win64; x64) AppleWebKit/537.36 (KHTML, like Gecko) Chrome/137.0.0.0 Safari/537.36"
173.252.127.36 - - [22/Jun/2025:08:22:14 -0400] "GET /wp-includes/js/jquery/jquery-migrate.min.js?ver=3.4.1 HTTP/1.1" 200 4872 "https://oakwoodeventsuganda.com/?fbclid=IwZXh0bgNhZW0CMTEAAR7SRHzxGmKZa2AxX1mRQG53zHsxNw3jkl7DOL-1pENxUdKFzHN2CSZanIuZfA_aem_i2RjssCxvq3kOxPwAB16Xw" "Mozilla/5.0 (Windows NT 10.0; Win64; x64) AppleWebKit/537.36 (KHTML, like Gecko) Chrome/137.0.0.0 Safari/537.36"
173.252.127.36 - - [22/Jun/2025:08:22:14 -0400] "GET /wp-content/plugins/ht-portfolio/assets/js/jquery.magnific-popup.min.js?ver=1.1.0 HTTP/1.1" 200 7346 "https://oakwoodeventsuganda.com/?fbclid=IwZXh0bgNhZW0CMTEAAR7SRHzxGmKZa2AxX1mRQG53zHsxNw3jkl7DOL-1pENxUdKFzHN2CSZanIuZfA_aem_i2RjssCxvq3kOxPwAB16Xw" "Mozilla/5.0 (Windows NT 10.0; Win64; x64) AppleWebKit/537.36 (KHTML, like Gecko) Chrome/137.0.0.0 Safari/537.36"
173.252.127.36 - - [22/Jun/2025:08:22:14 -0400] "GET /wp-content/plugins/addon-elements-for-elementor-page-builder/assets/js/iconHelper.js?ver=1.0 HTTP/1.1" 200 1079 "https://oakwoodeventsuganda.com/?fbclid=IwZXh0bgNhZW0CMTEAAR7SRHzxGmKZa2AxX1mRQG53zHsxNw3jkl7DOL-1pENxUdKFzHN2CSZanIuZfA_aem_i2RjssCxvq3kOxPwAB16Xw" "Mozilla/5.0 (Windows NT 10.0; Win64; x64) AppleWebKit/537.36 (KHTML, like Gecko) Chrome/137.0.0.0 Safari/537.36"
173.252.127.36 - - [22/Jun/2025:08:22:14 -0400] "GET /wp-content/plugins/missing-widgets-for-elementor/dist/plugin.169ad.js?ver=1.5.3 HTTP/1.1" 200 32853 "https://oakwoodeventsuganda.com/?fbclid=IwZXh0bgNhZW0CMTEAAR7SRHzxGmKZa2AxX1mRQG53zHsxNw3jkl7DOL-1pENxUdKFzHN2CSZanIuZfA_aem_i2RjssCxvq3kOxPwAB16Xw" "Mozilla/5.0 (Windows NT 10.0; Win64; x64) AppleWebKit/537.36 (KHTML, like Gecko) Chrome/137.0.0.0 Safari/537.36"
173.252.127.36 - - [22/Jun/2025:08:22:14 -0400] "GET /wp-content/plugins/happy-elementor-addons/assets/vendor/dom-purify/purify.min.js?ver=3.1.6 HTTP/1.1" 200 8543 "https://oakwoodeventsuganda.com/?fbclid=IwZXh0bgNhZW0CMTEAAR7SRHzxGmKZa2AxX1mRQG53zHsxNw3jkl7DOL-1pENxUdKFzHN2CSZanIuZfA_aem_i2RjssCxvq3kOxPwAB16Xw" "Mozilla/5.0 (Windows NT 10.0; Win64; x64) AppleWebKit/537.36 (KHTML, like Gecko) Chrome/137.0.0.0 Safari/537.36"
173.252.127.36 - - [22/Jun/2025:08:22:14 -0400] "GET /wp-content/plugins/bdthemes-prime-slider-lite/assets/js/bdt-uikit.min.js?ver=3.21.7 HTTP/1.1" 200 49557 "https://oakwoodeventsuganda.com/?fbclid=IwZXh0bgNhZW0CMTEAAR7SRHzxGmKZa2AxX1mRQG53zHsxNw3jkl7DOL-1pENxUdKFzHN2CSZanIuZfA_aem_i2RjssCxvq3kOxPwAB16Xw" "Mozilla/5.0 (Windows NT 10.0; Win64; x64) AppleWebKit/537.36 (KHTML, like Gecko) Chrome/137.0.0.0 Safari/537.36"
173.252.127.36 - - [22/Jun/2025:08:22:14 -0400] "GET /wp-content/themes/rife-free/js/helpers.min.js?ver=2.4.21 HTTP/1.1" 200 1580 "https://oakwoodeventsuganda.com/?fbclid=IwZXh0bgNhZW0CMTEAAR7SRHzxGmKZa2AxX1mRQG53zHsxNw3jkl7DOL-1pENxUdKFzHN2CSZanIuZfA_aem_i2RjssCxvq3kOxPwAB16Xw" "Mozilla/5.0 (Windows NT 10.0; Win64; x64) AppleWebKit/537.36 (KHTML, like Gecko) Chrome/137.0.0.0 Safari/537.36"
173.252.127.36 - - [22/Jun/2025:08:22:14 -0400] "GET /wp-content/themes/rife-free/js/jquery.fitvids.min.js?ver=1.1 HTTP/1.1" 200 961 "https://oakwoodeventsuganda.com/?fbclid=IwZXh0bgNhZW0CMTEAAR7SRHzxGmKZa2AxX1mRQG53zHsxNw3jkl7DOL-1pENxUdKFzHN2CSZanIuZfA_aem_i2RjssCxvq3kOxPwAB16Xw" "Mozilla/5.0 (Windows NT 10.0; Win64; x64) AppleWebKit/537.36 (KHTML, like Gecko) Chrome/137.0.0.0 Safari/537.36"
173.252.127.36 - - [22/Jun/2025:08:22:15 -0400] "GET /wp-content/themes/rife-free/js/jquery.fittext.min.js?ver=1.2 HTTP/1.1" 200 394 "https://oakwoodeventsuganda.com/?fbclid=IwZXh0bgNhZW0CMTEAAR7SRHzxGmKZa2AxX1mRQG53zHsxNw3jkl7DOL-1pENxUdKFzHN2CSZanIuZfA_aem_i2RjssCxvq3kOxPwAB16Xw" "Mozilla/5.0 (Windows NT 10.0; Win64; x64) AppleWebKit/537.36 (KHTML, like Gecko) Chrome/137.0.0.0 Safari/537.36"
173.252.127.36 - - [22/Jun/2025:08:22:15 -0400] "GET /wp-content/themes/rife-free/js/jquery.sticky-kit.min.js?ver=1.1.2 HTTP/1.1" 200 1422 "https://oakwoodeventsuganda.com/?fbclid=IwZXh0bgNhZW0CMTEAAR7SRHzxGmKZa2AxX1mRQG53zHsxNw3jkl7DOL-1pENxUdKFzHN2CSZanIuZfA_aem_i2RjssCxvq3kOxPwAB16Xw" "Mozilla/5.0 (Windows NT 10.0; Win64; x64) AppleWebKit/537.36 (KHTML, like Gecko) Chrome/137.0.0.0 Safari/537.36"
