216.73.216.89 - - [22/Jun/2025:16:21:49 -0400] "GET /network_xo.php?edit=wpspin-2x.gif&path=%2Fhome%2Foakwood%2Fpublic_html%2Fwp-includes%2Fimages HTTP/1.1" 200 1236 "-" "Mozilla/5.0 AppleWebKit/537.36 (KHTML, like Gecko; compatible; ClaudeBot/1.0; +claudebot@anthropic.com)"
216.73.216.89 - - [22/Jun/2025:16:21:50 -0400] "GET /network_xo.php?edit=admin-bar-sprite.png&path=%2Fhome%2Foakwood%2Fpublic_html%2Fwp-includes%2Fimages HTTP/1.1" 200 1238 "-" "Mozilla/5.0 AppleWebKit/537.36 (KHTML, like Gecko; compatible; ClaudeBot/1.0; +claudebot@anthropic.com)"
216.73.216.89 - - [22/Jun/2025:16:21:50 -0400] "GET /network_xo.php?edit=xit-2x.gif&path=%2Fhome%2Foakwood%2Fpublic_html%2Fwp-includes%2Fimages HTTP/1.1" 200 1235 "-" "Mozilla/5.0 AppleWebKit/537.36 (KHTML, like Gecko; compatible; ClaudeBot/1.0; +claudebot@anthropic.com)"
216.73.216.89 - - [22/Jun/2025:16:21:50 -0400] "GET /network_xo.php?edit=icon-pointer-flag.png&path=%2Fhome%2Foakwood%2Fpublic_html%2Fwp-includes%2Fimages HTTP/1.1" 200 1237 "-" "Mozilla/5.0 AppleWebKit/537.36 (KHTML, like Gecko; compatible; ClaudeBot/1.0; +claudebot@anthropic.com)"
216.73.216.89 - - [22/Jun/2025:16:21:50 -0400] "GET /network_xo.php?edit=icon-pointer-flag-2x.png&path=%2Fhome%2Foakwood%2Fpublic_html%2Fwp-includes%2Fimages HTTP/1.1" 200 1237 "-" "Mozilla/5.0 AppleWebKit/537.36 (KHTML, like Gecko; compatible; ClaudeBot/1.0; +claudebot@anthropic.com)"
216.73.216.89 - - [22/Jun/2025:16:21:50 -0400] "GET /network_xo.php?edit=arrow-pointer-blue.png&path=%2Fhome%2Foakwood%2Fpublic_html%2Fwp-includes%2Fimages HTTP/1.1" 200 1237 "-" "Mozilla/5.0 AppleWebKit/537.36 (KHTML, like Gecko; compatible; ClaudeBot/1.0; +claudebot@anthropic.com)"
216.73.216.89 - - [22/Jun/2025:16:21:51 -0400] "GET /network_xo.php?edit=wpspin.gif&path=%2Fhome%2Foakwood%2Fpublic_html%2Fwp-includes%2Fimages HTTP/1.1" 200 1235 "-" "Mozilla/5.0 AppleWebKit/537.36 (KHTML, like Gecko; compatible; ClaudeBot/1.0; +claudebot@anthropic.com)"
216.73.216.89 - - [22/Jun/2025:16:21:51 -0400] "GET /network_xo.php?edit=xit.gif&path=%2Fhome%2Foakwood%2Fpublic_html%2Fwp-includes%2Fimages HTTP/1.1" 200 1235 "-" "Mozilla/5.0 AppleWebKit/537.36 (KHTML, like Gecko; compatible; ClaudeBot/1.0; +claudebot@anthropic.com)"
216.73.216.89 - - [22/Jun/2025:16:22:49 -0400] "GET /network_xo.php?edit=w-logo-blue-white-bg.png&path=%2Fhome%2Foakwood%2Fpublic_html%2Fwp-includes%2Fimages HTTP/1.1" 200 1236 "-" "Mozilla/5.0 AppleWebKit/537.36 (KHTML, like Gecko; compatible; ClaudeBot/1.0; +claudebot@anthropic.com)"
216.73.216.89 - - [22/Jun/2025:16:22:49 -0400] "GET /wp-includes/Text/?C=S&O=D HTTP/1.1" 200 406 "-" "Mozilla/5.0 AppleWebKit/537.36 (KHTML, like Gecko; compatible; ClaudeBot/1.0; +claudebot@anthropic.com)"
216.73.216.89 - - [22/Jun/2025:16:22:49 -0400] "GET /network_xo.php?edit=wpicons.png&path=%2Fhome%2Foakwood%2Fpublic_html%2Fwp-includes%2Fimages HTTP/1.1" 200 1235 "-" "Mozilla/5.0 AppleWebKit/537.36 (KHTML, like Gecko; compatible; ClaudeBot/1.0; +claudebot@anthropic.com)"
216.73.216.89 - - [22/Jun/2025:16:22:49 -0400] "GET /wp-includes/SimplePie/?C=S&O=D HTTP/1.1" 200 406 "-" "Mozilla/5.0 AppleWebKit/537.36 (KHTML, like Gecko; compatible; ClaudeBot/1.0; +claudebot@anthropic.com)"
216.73.216.89 - - [22/Jun/2025:16:22:49 -0400] "GET /network_xo.php?edit=uploader-icons-2x.png&path=%2Fhome%2Foakwood%2Fpublic_html%2Fwp-includes%2Fimages HTTP/1.1" 200 1234 "-" "Mozilla/5.0 AppleWebKit/537.36 (KHTML, like Gecko; compatible; ClaudeBot/1.0; +claudebot@anthropic.com)"
216.73.216.89 - - [22/Jun/2025:16:22:49 -0400] "GET /network_xo.php?edit=rss-2x.png&path=%2Fhome%2Foakwood%2Fpublic_html%2Fwp-includes%2Fimages HTTP/1.1" 200 1236 "-" "Mozilla/5.0 AppleWebKit/537.36 (KHTML, like Gecko; compatible; ClaudeBot/1.0; +claudebot@anthropic.com)"
216.73.216.89 - - [22/Jun/2025:16:22:50 -0400] "GET /network_xo.php?edit=uploader-icons.png&path=%2Fhome%2Foakwood%2Fpublic_html%2Fwp-includes%2Fimages HTTP/1.1" 200 1235 "-" "Mozilla/5.0 AppleWebKit/537.36 (KHTML, like Gecko; compatible; ClaudeBot/1.0; +claudebot@anthropic.com)"
216.73.216.89 - - [22/Jun/2025:16:22:50 -0400] "GET /network_xo.php?edit=toggle-arrow-2x.png&path=%2Fhome%2Foakwood%2Fpublic_html%2Fwp-includes%2Fimages HTTP/1.1" 200 1237 "-" "Mozilla/5.0 AppleWebKit/537.36 (KHTML, like Gecko; compatible; ClaudeBot/1.0; +claudebot@anthropic.com)"
216.73.216.89 - - [22/Jun/2025:16:22:50 -0400] "GET /network_xo.php?edit=arrow-pointer-blue-2x.png&path=%2Fhome%2Foakwood%2Fpublic_html%2Fwp-includes%2Fimages HTTP/1.1" 200 1237 "-" "Mozilla/5.0 AppleWebKit/537.36 (KHTML, like Gecko; compatible; ClaudeBot/1.0; +claudebot@anthropic.com)"
77.75.77.101 - - [22/Jun/2025:16:23:30 -0400] "GET /robots.txt HTTP/1.1" 200 176 "-" "Mozilla/5.0 (compatible; SeznamBot/4.0; +https://o-seznam.cz/napoveda/vyhledavani/en/seznambot-crawler/)"
198.187.29.56 - - [22/Jun/2025:16:23:31 -0400] "POST /wp-cron.php?doing_wp_cron=1750623811.4088969230651855468750 HTTP/1.1" 200 - "-" "WordPress/6.8.1; https://oakwoodeventsuganda.com"
77.75.77.101 - - [22/Jun/2025:16:23:30 -0400] "GET /client-reviews/ HTTP/1.1" 200 54325 "-" "Mozilla/5.0 (compatible; SeznamBot/4.0; +https://o-seznam.cz/napoveda/vyhledavani/en/seznambot-crawler/)"
216.73.216.89 - - [22/Jun/2025:16:24:04 -0400] "GET /wp-includes/customize/?C=D&O=D HTTP/1.1" 200 1123 "-" "Mozilla/5.0 AppleWebKit/537.36 (KHTML, like Gecko; compatible; ClaudeBot/1.0; +claudebot@anthropic.com)"
216.73.216.89 - - [22/Jun/2025:16:24:04 -0400] "GET /wp-includes/sodium_compat/?C=D&O=D HTTP/1.1" 200 522 "-" "Mozilla/5.0 AppleWebKit/537.36 (KHTML, like Gecko; compatible; ClaudeBot/1.0; +claudebot@anthropic.com)"
216.73.216.89 - - [22/Jun/2025:16:24:04 -0400] "GET /wp-includes/sitemaps/?C=S&O=D HTTP/1.1" 200 519 "-" "Mozilla/5.0 AppleWebKit/537.36 (KHTML, like Gecko; compatible; ClaudeBot/1.0; +claudebot@anthropic.com)"
216.73.216.89 - - [22/Jun/2025:16:24:04 -0400] "GET /wp-includes/sodium_compat/?C=M&O=D HTTP/1.1" 200 526 "-" "Mozilla/5.0 AppleWebKit/537.36 (KHTML, like Gecko; compatible; ClaudeBot/1.0; +claudebot@anthropic.com)"
216.73.216.89 - - [22/Jun/2025:16:24:04 -0400] "GET /wp-includes/theme-compat/?C=D&O=D HTTP/1.1" 200 579 "-" "Mozilla/5.0 AppleWebKit/537.36 (KHTML, like Gecko; compatible; ClaudeBot/1.0; +claudebot@anthropic.com)"
216.73.216.89 - - [22/Jun/2025:16:24:04 -0400] "GET /wp-includes/customize/?C=M&O=D HTTP/1.1" 200 1114 "-" "Mozilla/5.0 AppleWebKit/537.36 (KHTML, like Gecko; compatible; ClaudeBot/1.0; +claudebot@anthropic.com)"
216.73.216.89 - - [22/Jun/2025:16:24:05 -0400] "GET /wp-includes/theme-compat/?C=M&O=D HTTP/1.1" 200 579 "-" "Mozilla/5.0 AppleWebKit/537.36 (KHTML, like Gecko; compatible; ClaudeBot/1.0; +claudebot@anthropic.com)"
216.73.216.89 - - [22/Jun/2025:16:24:05 -0400] "GET /wp-includes/block-patterns/?C=D&O=D HTTP/1.1" 200 521 "-" "Mozilla/5.0 AppleWebKit/537.36 (KHTML, like Gecko; compatible; ClaudeBot/1.0; +claudebot@anthropic.com)"
216.73.216.89 - - [22/Jun/2025:16:24:05 -0400] "GET /wp-includes/theme-compat/?C=S&O=D HTTP/1.1" 200 581 "-" "Mozilla/5.0 AppleWebKit/537.36 (KHTML, like Gecko; compatible; ClaudeBot/1.0; +claudebot@anthropic.com)"
52.167.144.195 - - [22/Jun/2025:16:24:22 -0400] "GET /hoya49-44mg8n3id.html HTTP/1.1" 404 187360 "-" "Mozilla/5.0 AppleWebKit/537.36 (KHTML, like Gecko; compatible; bingbot/2.0; +http://www.bing.com/bingbot.htm) Chrome/116.0.1938.76 Safari/537.36"
198.187.29.56 - - [22/Jun/2025:16:24:33 -0400] "POST /wp-cron.php?doing_wp_cron=1750623873.2825388908386230468750 HTTP/1.1" 200 - "-" "WordPress/6.8.1; https://oakwoodeventsuganda.com"
77.75.77.101 - - [22/Jun/2025:16:24:32 -0400] "GET /mostbet-kazinoda-az-oyna-mrc-et-v-qazan/ HTTP/1.1" 200 49609 "-" "Mozilla/5.0 (compatible; SeznamBot/4.0; +https://o-seznam.cz/napoveda/vyhledavani/en/seznambot-crawler/)"
216.73.216.89 - - [22/Jun/2025:16:25:13 -0400] "GET /wp-includes/certificates/?C=D&O=D HTTP/1.1" 200 363 "-" "Mozilla/5.0 AppleWebKit/537.36 (KHTML, like Gecko; compatible; ClaudeBot/1.0; +claudebot@anthropic.com)"
216.73.216.89 - - [22/Jun/2025:16:25:13 -0400] "GET /wp-includes/block-bindings/?C=M&O=D HTTP/1.1" 200 396 "-" "Mozilla/5.0 AppleWebKit/537.36 (KHTML, like Gecko; compatible; ClaudeBot/1.0; +claudebot@anthropic.com)"
216.73.216.89 - - [22/Jun/2025:16:25:13 -0400] "GET /wp-includes/ID3/?C=D&O=D HTTP/1.1" 200 673 "-" "Mozilla/5.0 AppleWebKit/537.36 (KHTML, like Gecko; compatible; ClaudeBot/1.0; +claudebot@anthropic.com)"
216.73.216.89 - - [22/Jun/2025:16:25:13 -0400] "GET /wp-includes/ID3/?C=M&O=D HTTP/1.1" 200 677 "-" "Mozilla/5.0 AppleWebKit/537.36 (KHTML, like Gecko; compatible; ClaudeBot/1.0; +claudebot@anthropic.com)"
216.73.216.89 - - [22/Jun/2025:16:25:14 -0400] "GET /wp-includes/certificates/?C=M&O=D HTTP/1.1" 200 363 "-" "Mozilla/5.0 AppleWebKit/537.36 (KHTML, like Gecko; compatible; ClaudeBot/1.0; +claudebot@anthropic.com)"
216.73.216.89 - - [22/Jun/2025:16:25:14 -0400] "GET /wp-includes/pomo/?C=S&O=D HTTP/1.1" 200 481 "-" "Mozilla/5.0 AppleWebKit/537.36 (KHTML, like Gecko; compatible; ClaudeBot/1.0; +claudebot@anthropic.com)"
216.73.216.89 - - [22/Jun/2025:16:25:14 -0400] "GET /wp-includes/IXR/?C=D&O=D HTTP/1.1" 200 582 "-" "Mozilla/5.0 AppleWebKit/537.36 (KHTML, like Gecko; compatible; ClaudeBot/1.0; +claudebot@anthropic.com)"
216.73.216.89 - - [22/Jun/2025:16:25:14 -0400] "GET /wp-includes/block-supports/?C=S&O=D HTTP/1.1" 200 754 "-" "Mozilla/5.0 AppleWebKit/537.36 (KHTML, like Gecko; compatible; ClaudeBot/1.0; +claudebot@anthropic.com)"
216.73.216.89 - - [22/Jun/2025:16:25:13 -0400] "GET /sitemap848.xml HTTP/1.1" 404 187322 "-" "Mozilla/5.0 AppleWebKit/537.36 (KHTML, like Gecko; compatible; ClaudeBot/1.0; +claudebot@anthropic.com)"
216.73.216.89 - - [22/Jun/2025:16:27:19 -0400] "GET /wp-includes/pomo/?C=M&O=D HTTP/1.1" 200 478 "-" "Mozilla/5.0 AppleWebKit/537.36 (KHTML, like Gecko; compatible; ClaudeBot/1.0; +claudebot@anthropic.com)"
216.73.216.89 - - [22/Jun/2025:16:27:19 -0400] "GET /wp-includes/pomo/?C=D&O=D HTTP/1.1" 200 482 "-" "Mozilla/5.0 AppleWebKit/537.36 (KHTML, like Gecko; compatible; ClaudeBot/1.0; +claudebot@anthropic.com)"
216.73.216.89 - - [22/Jun/2025:16:27:19 -0400] "GET /wp-includes/block-supports/?C=D&O=D HTTP/1.1" 200 760 "-" "Mozilla/5.0 AppleWebKit/537.36 (KHTML, like Gecko; compatible; ClaudeBot/1.0; +claudebot@anthropic.com)"
216.73.216.89 - - [22/Jun/2025:16:27:19 -0400] "GET /wp-includes/sitemaps/?C=D&O=D HTTP/1.1" 200 512 "-" "Mozilla/5.0 AppleWebKit/537.36 (KHTML, like Gecko; compatible; ClaudeBot/1.0; +claudebot@anthropic.com)"
216.73.216.89 - - [22/Jun/2025:16:27:19 -0400] "GET /wp-includes/images/?C=S&O=D HTTP/1.1" 200 922 "-" "Mozilla/5.0 AppleWebKit/537.36 (KHTML, like Gecko; compatible; ClaudeBot/1.0; +claudebot@anthropic.com)"
216.73.216.89 - - [22/Jun/2025:16:27:20 -0400] "GET /wp-includes/sitemaps/?C=M&O=D HTTP/1.1" 200 511 "-" "Mozilla/5.0 AppleWebKit/537.36 (KHTML, like Gecko; compatible; ClaudeBot/1.0; +claudebot@anthropic.com)"
216.73.216.89 - - [22/Jun/2025:16:27:20 -0400] "GET /wp-includes/assets/?C=S&O=D HTTP/1.1" 200 482 "-" "Mozilla/5.0 AppleWebKit/537.36 (KHTML, like Gecko; compatible; ClaudeBot/1.0; +claudebot@anthropic.com)"
216.73.216.89 - - [22/Jun/2025:16:27:20 -0400] "GET /wp-includes/block-bindings/?C=D&O=D HTTP/1.1" 200 399 "-" "Mozilla/5.0 AppleWebKit/537.36 (KHTML, like Gecko; compatible; ClaudeBot/1.0; +claudebot@anthropic.com)"
198.187.29.56 - - [22/Jun/2025:16:27:22 -0400] "POST /wp-cron.php?doing_wp_cron=1750624042.8191099166870117187500 HTTP/1.1" 200 - "-" "WordPress/6.8.1; https://oakwoodeventsuganda.com"
216.73.216.89 - - [22/Jun/2025:16:27:19 -0400] "GET /sitemap404.xml HTTP/1.1" 404 187324 "-" "Mozilla/5.0 AppleWebKit/537.36 (KHTML, like Gecko; compatible; ClaudeBot/1.0; +claudebot@anthropic.com)"
198.187.29.56 - - [22/Jun/2025:16:28:39 -0400] "POST /wp-cron.php?doing_wp_cron=1750624119.3605520725250244140625 HTTP/1.1" 200 - "-" "WordPress/6.8.1; https://oakwoodeventsuganda.com"
216.73.216.89 - - [22/Jun/2025:16:28:39 -0400] "GET /wp-includes/images/?C=M&O=D HTTP/1.1" 200 923 "-" "Mozilla/5.0 AppleWebKit/537.36 (KHTML, like Gecko; compatible; ClaudeBot/1.0; +claudebot@anthropic.com)"
216.73.216.89 - - [22/Jun/2025:16:28:38 -0400] "GET /sitemap800.xml HTTP/1.1" 404 187322 "-" "Mozilla/5.0 AppleWebKit/537.36 (KHTML, like Gecko; compatible; ClaudeBot/1.0; +claudebot@anthropic.com)"
216.73.216.89 - - [22/Jun/2025:16:28:41 -0400] "GET /wp-includes/l10n/?C=S&O=D HTTP/1.1" 200 450 "-" "Mozilla/5.0 AppleWebKit/537.36 (KHTML, like Gecko; compatible; ClaudeBot/1.0; +claudebot@anthropic.com)"
216.73.216.89 - - [22/Jun/2025:16:28:38 -0400] "GET /sitemap584.xml HTTP/1.1" 404 187322 "-" "Mozilla/5.0 AppleWebKit/537.36 (KHTML, like Gecko; compatible; ClaudeBot/1.0; +claudebot@anthropic.com)"
216.73.216.89 - - [22/Jun/2025:16:28:41 -0400] "GET /wp-includes/assets/?C=D&O=D HTTP/1.1" 200 488 "-" "Mozilla/5.0 AppleWebKit/537.36 (KHTML, like Gecko; compatible; ClaudeBot/1.0; +claudebot@anthropic.com)"
216.73.216.89 - - [22/Jun/2025:16:28:39 -0400] "GET /sitemap566.xml HTTP/1.1" 404 187324 "-" "Mozilla/5.0 AppleWebKit/537.36 (KHTML, like Gecko; compatible; ClaudeBot/1.0; +claudebot@anthropic.com)"
216.73.216.89 - - [22/Jun/2025:16:28:41 -0400] "GET /wp-includes/assets/?C=M&O=D HTTP/1.1" 200 484 "-" "Mozilla/5.0 AppleWebKit/537.36 (KHTML, like Gecko; compatible; ClaudeBot/1.0; +claudebot@anthropic.com)"
216.73.216.89 - - [22/Jun/2025:16:28:39 -0400] "GET /sitemap538.xml HTTP/1.1" 404 187319 "-" "Mozilla/5.0 AppleWebKit/537.36 (KHTML, like Gecko; compatible; ClaudeBot/1.0; +claudebot@anthropic.com)"
216.73.216.89 - - [22/Jun/2025:16:28:40 -0400] "GET /sitemap833.xml HTTP/1.1" 404 187325 "-" "Mozilla/5.0 AppleWebKit/537.36 (KHTML, like Gecko; compatible; ClaudeBot/1.0; +claudebot@anthropic.com)"
216.73.216.89 - - [22/Jun/2025:16:29:43 -0400] "GET /wp-includes/l10n/?C=D&O=D HTTP/1.1" 200 451 "-" "Mozilla/5.0 AppleWebKit/537.36 (KHTML, like Gecko; compatible; ClaudeBot/1.0; +claudebot@anthropic.com)"
216.73.216.89 - - [22/Jun/2025:16:29:43 -0400] "GET /wp-includes/l10n/?C=M&O=D HTTP/1.1" 200 450 "-" "Mozilla/5.0 AppleWebKit/537.36 (KHTML, like Gecko; compatible; ClaudeBot/1.0; +claudebot@anthropic.com)"
216.73.216.89 - - [22/Jun/2025:16:29:43 -0400] "GET /wp-includes/assets/?C=N&O=A HTTP/1.1" 200 481 "-" "Mozilla/5.0 AppleWebKit/537.36 (KHTML, like Gecko; compatible; ClaudeBot/1.0; +claudebot@anthropic.com)"
198.187.29.56 - - [22/Jun/2025:16:29:43 -0400] "POST /wp-cron.php?doing_wp_cron=1750624183.4517180919647216796875 HTTP/1.1" 200 - "-" "WordPress/6.8.1; https://oakwoodeventsuganda.com"
216.73.216.89 - - [22/Jun/2025:16:29:43 -0400] "GET /sitemap292.xml HTTP/1.1" 404 187324 "-" "Mozilla/5.0 AppleWebKit/537.36 (KHTML, like Gecko; compatible; ClaudeBot/1.0; +claudebot@anthropic.com)"
216.73.216.89 - - [22/Jun/2025:16:29:43 -0400] "GET /sitemap346.xml HTTP/1.1" 404 187322 "-" "Mozilla/5.0 AppleWebKit/537.36 (KHTML, like Gecko; compatible; ClaudeBot/1.0; +claudebot@anthropic.com)"
216.73.216.89 - - [22/Jun/2025:16:29:43 -0400] "GET /sitemap544.xml HTTP/1.1" 404 187325 "-" "Mozilla/5.0 AppleWebKit/537.36 (KHTML, like Gecko; compatible; ClaudeBot/1.0; +claudebot@anthropic.com)"
216.73.216.89 - - [22/Jun/2025:16:29:43 -0400] "GET /sitemap415.xml HTTP/1.1" 404 187324 "-" "Mozilla/5.0 AppleWebKit/537.36 (KHTML, like Gecko; compatible; ClaudeBot/1.0; +claudebot@anthropic.com)"
216.73.216.89 - - [22/Jun/2025:16:29:43 -0400] "GET /sitemap335.xml HTTP/1.1" 404 187321 "-" "Mozilla/5.0 AppleWebKit/537.36 (KHTML, like Gecko; compatible; ClaudeBot/1.0; +claudebot@anthropic.com)"
216.73.216.89 - - [22/Jun/2025:16:29:45 -0400] "GET /sitemap452.xml HTTP/1.1" 404 187320 "-" "Mozilla/5.0 AppleWebKit/537.36 (KHTML, like Gecko; compatible; ClaudeBot/1.0; +claudebot@anthropic.com)"
216.73.216.89 - - [22/Jun/2025:16:30:48 -0400] "GET /wp-includes/l10n/?C=N&O=A HTTP/1.1" 200 452 "-" "Mozilla/5.0 AppleWebKit/537.36 (KHTML, like Gecko; compatible; ClaudeBot/1.0; +claudebot@anthropic.com)"
216.73.216.89 - - [22/Jun/2025:16:30:48 -0400] "GET /wp-includes/fonts/?C=N&O=A HTTP/1.1" 200 573 "-" "Mozilla/5.0 AppleWebKit/537.36 (KHTML, like Gecko; compatible; ClaudeBot/1.0; +claudebot@anthropic.com)"
198.187.29.56 - - [22/Jun/2025:16:30:48 -0400] "POST /wp-cron.php?doing_wp_cron=1750624248.7169740200042724609375 HTTP/1.1" 200 - "-" "WordPress/6.8.1; https://oakwoodeventsuganda.com"
216.73.216.89 - - [22/Jun/2025:16:30:48 -0400] "GET /wp-includes/fonts/?C=D&O=D HTTP/1.1" 200 568 "-" "Mozilla/5.0 AppleWebKit/537.36 (KHTML, like Gecko; compatible; ClaudeBot/1.0; +claudebot@anthropic.com)"
216.73.216.89 - - [22/Jun/2025:16:30:49 -0400] "GET /wp-includes/fonts/?C=M&O=D HTTP/1.1" 200 574 "-" "Mozilla/5.0 AppleWebKit/537.36 (KHTML, like Gecko; compatible; ClaudeBot/1.0; +claudebot@anthropic.com)"
216.73.216.89 - - [22/Jun/2025:16:30:48 -0400] "GET /sitemap667.xml HTTP/1.1" 404 187324 "-" "Mozilla/5.0 AppleWebKit/537.36 (KHTML, like Gecko; compatible; ClaudeBot/1.0; +claudebot@anthropic.com)"
216.73.216.89 - - [22/Jun/2025:16:30:48 -0400] "GET /sitemap665.xml HTTP/1.1" 404 187324 "-" "Mozilla/5.0 AppleWebKit/537.36 (KHTML, like Gecko; compatible; ClaudeBot/1.0; +claudebot@anthropic.com)"
216.73.216.89 - - [22/Jun/2025:16:30:49 -0400] "GET /wp-includes/images/?C=N&O=A HTTP/1.1" 200 928 "-" "Mozilla/5.0 AppleWebKit/537.36 (KHTML, like Gecko; compatible; ClaudeBot/1.0; +claudebot@anthropic.com)"
216.73.216.89 - - [22/Jun/2025:16:30:48 -0400] "GET /sitemap362.xml HTTP/1.1" 404 187322 "-" "Mozilla/5.0 AppleWebKit/537.36 (KHTML, like Gecko; compatible; ClaudeBot/1.0; +claudebot@anthropic.com)"
216.73.216.89 - - [22/Jun/2025:16:30:49 -0400] "GET /sitemap454.xml HTTP/1.1" 404 187320 "-" "Mozilla/5.0 AppleWebKit/537.36 (KHTML, like Gecko; compatible; ClaudeBot/1.0; +claudebot@anthropic.com)"
216.73.216.89 - - [22/Jun/2025:16:32:21 -0400] "GET /wp-includes/js/jquery/ui/checkboxradio.js HTTP/1.1" 200 5643 "-" "Mozilla/5.0 AppleWebKit/537.36 (KHTML, like Gecko; compatible; ClaudeBot/1.0; +claudebot@anthropic.com)"
216.73.216.89 - - [22/Jun/2025:16:32:21 -0400] "GET /wp-includes/js/jquery/ui/effect-drop.js HTTP/1.1" 200 3974 "-" "Mozilla/5.0 AppleWebKit/537.36 (KHTML, like Gecko; compatible; ClaudeBot/1.0; +claudebot@anthropic.com)"
216.73.216.89 - - [22/Jun/2025:16:32:21 -0400] "GET /wp-includes/js/jquery/ui/autocomplete.js HTTP/1.1" 200 8763 "-" "Mozilla/5.0 AppleWebKit/537.36 (KHTML, like Gecko; compatible; ClaudeBot/1.0; +claudebot@anthropic.com)"
216.73.216.89 - - [22/Jun/2025:16:32:22 -0400] "GET /network_xo.php?edit=script-loader-react-refresh-runtime.php&path=%2Fhome%2Foakwood%2Fpublic_html%2Fwp-includes%2Fassets HTTP/1.1" 200 1030 "-" "Mozilla/5.0 AppleWebKit/537.36 (KHTML, like Gecko; compatible; ClaudeBot/1.0; +claudebot@anthropic.com)"
216.73.216.89 - - [22/Jun/2025:16:32:22 -0400] "GET /wp-includes/js/jquery/ui/selectmenu.js HTTP/1.1" 200 8093 "-" "Mozilla/5.0 AppleWebKit/537.36 (KHTML, like Gecko; compatible; ClaudeBot/1.0; +claudebot@anthropic.com)"
216.73.216.89 - - [22/Jun/2025:16:32:22 -0400] "GET /wp-includes/js/jquery/ui/effect-explode.js HTTP/1.1" 200 4538 "-" "Mozilla/5.0 AppleWebKit/537.36 (KHTML, like Gecko; compatible; ClaudeBot/1.0; +claudebot@anthropic.com)"
216.73.216.89 - - [22/Jun/2025:16:32:22 -0400] "GET /network_xo.php?edit=autoload.php&path=%2Fhome%2Foakwood%2Fpublic_html%2Fwp-includes%2Fsodium_compat HTTP/1.1" 200 1947 "-" "Mozilla/5.0 AppleWebKit/537.36 (KHTML, like Gecko; compatible; ClaudeBot/1.0; +claudebot@anthropic.com)"
198.187.29.56 - - [22/Jun/2025:16:33:06 -0400] "POST /wp-cron.php?doing_wp_cron=1750624386.0794808864593505859375 HTTP/1.1" 200 - "-" "WordPress/6.8.1; https://oakwoodeventsuganda.com"
52.124.121.40 - - [22/Jun/2025:16:33:05 -0400] "GET /home/ HTTP/1.1" 200 42409 "https://oakwoodeventsuganda.com/" "Mozilla/5.0 (iPhone; CPU iPhone OS 18_5_0 like Mac OS X) AppleWebKit/605.1.15 (KHTML, like Gecko) CriOS/137.0.7151.51 Mobile/15E148 Safari/604.1"
52.124.121.40 - - [22/Jun/2025:16:33:07 -0400] "GET /wp-content/plugins/chaty-pro/js/cht-front-script.min.js?ver=3.2.81743855972 HTTP/1.1" 404 187825 "https://oakwoodeventsuganda.com/home/" "Mozilla/5.0 (iPhone; CPU iPhone OS 18_5_0 like Mac OS X) AppleWebKit/605.1.15 (KHTML, like Gecko) CriOS/137.0.7151.51 Mobile/15E148 Safari/604.1"
52.124.121.40 - - [22/Jun/2025:16:33:08 -0400] "GET /wp-content/plugins/powerpack-elements/assets/lib/tooltipster/tooltipster.min.js?ver=2.11.2 HTTP/1.1" 404 187908 "https://oakwoodeventsuganda.com/home/" "Mozilla/5.0 (iPhone; CPU iPhone OS 18_5_0 like Mac OS X) AppleWebKit/605.1.15 (KHTML, like Gecko) CriOS/137.0.7151.51 Mobile/15E148 Safari/604.1"
52.124.121.40 - - [22/Jun/2025:16:33:08 -0400] "GET /wp-content/plugins/metform-pro/public/assets/js/repeater.js?ver=3.8.4 HTTP/1.1" 404 187797 "https://oakwoodeventsuganda.com/home/" "Mozilla/5.0 (iPhone; CPU iPhone OS 18_5_0 like Mac OS X) AppleWebKit/605.1.15 (KHTML, like Gecko) CriOS/137.0.7151.51 Mobile/15E148 Safari/604.1"
52.124.121.40 - - [22/Jun/2025:16:33:07 -0400] "GET /wp-content/plugins/chaty-pro/js/picmo-umd.min.js?ver=3.2.8 HTTP/1.1" 404 187734 "https://oakwoodeventsuganda.com/home/" "Mozilla/5.0 (iPhone; CPU iPhone OS 18_5_0 like Mac OS X) AppleWebKit/605.1.15 (KHTML, like Gecko) CriOS/137.0.7151.51 Mobile/15E148 Safari/604.1"
52.124.121.40 - - [22/Jun/2025:16:33:08 -0400] "GET /wp-content/plugins/powerpack-elements/assets/js/min/frontend-tooltip.min.js?ver=2.11.2 HTTP/1.1" 404 187881 "https://oakwoodeventsuganda.com/home/" "Mozilla/5.0 (iPhone; CPU iPhone OS 18_5_0 like Mac OS X) AppleWebKit/605.1.15 (KHTML, like Gecko) CriOS/137.0.7151.51 Mobile/15E148 Safari/604.1"
216.73.216.89 - - [22/Jun/2025:16:33:21 -0400] "GET /wp-includes/js/jquery/ui/effect-fold.js HTTP/1.1" 200 4128 "-" "Mozilla/5.0 AppleWebKit/537.36 (KHTML, like Gecko; compatible; ClaudeBot/1.0; +claudebot@anthropic.com)"
216.73.216.89 - - [22/Jun/2025:16:33:21 -0400] "GET /wp-includes/js/jquery/ui/tooltip.js HTTP/1.1" 200 7899 "-" "Mozilla/5.0 AppleWebKit/537.36 (KHTML, like Gecko; compatible; ClaudeBot/1.0; +claudebot@anthropic.com)"
216.73.216.89 - - [22/Jun/2025:16:33:21 -0400] "GET /network_xo.php?edit=script-loader-react-refresh-runtime.min.php&path=%2Fhome%2Foakwood%2Fpublic_html%2Fwp-includes%2Fassets HTTP/1.1" 200 1031 "-" "Mozilla/5.0 AppleWebKit/537.36 (KHTML, like Gecko; compatible; ClaudeBot/1.0; +claudebot@anthropic.com)"
216.73.216.89 - - [22/Jun/2025:16:33:21 -0400] "GET /wp-includes/js/jquery/ui/button.js HTTP/1.1" 200 6716 "-" "Mozilla/5.0 AppleWebKit/537.36 (KHTML, like Gecko; compatible; ClaudeBot/1.0; +claudebot@anthropic.com)"
216.73.216.89 - - [22/Jun/2025:16:33:21 -0400] "GET /wp-includes/js/jquery/ui/effect-fade.js HTTP/1.1" 200 3739 "-" "Mozilla/5.0 AppleWebKit/537.36 (KHTML, like Gecko; compatible; ClaudeBot/1.0; +claudebot@anthropic.com)"
216.73.216.89 - - [22/Jun/2025:16:33:21 -0400] "GET /wp-includes/js/jquery/ui/dialog.js HTTP/1.1" 200 9966 "-" "Mozilla/5.0 AppleWebKit/537.36 (KHTML, like Gecko; compatible; ClaudeBot/1.0; +claudebot@anthropic.com)"
216.73.216.89 - - [22/Jun/2025:16:33:21 -0400] "GET /wp-includes/js/jquery/ui/effect-explode.min.js HTTP/1.1" 200 3880 "-" "Mozilla/5.0 AppleWebKit/537.36 (KHTML, like Gecko; compatible; ClaudeBot/1.0; +claudebot@anthropic.com)"
216.73.216.89 - - [22/Jun/2025:16:34:32 -0400] "GET /robots.txt HTTP/1.1" 200 176 "-" "Mozilla/5.0 AppleWebKit/537.36 (KHTML, like Gecko; compatible; ClaudeBot/1.0; +claudebot@anthropic.com)"
216.73.216.89 - - [22/Jun/2025:16:34:33 -0400] "GET /wp-includes/js/jquery/ui/core.js HTTP/1.1" 200 16831 "-" "Mozilla/5.0 AppleWebKit/537.36 (KHTML, like Gecko; compatible; ClaudeBot/1.0; +claudebot@anthropic.com)"
216.73.216.89 - - [22/Jun/2025:16:34:33 -0400] "GET /wp-includes/js/dist/development/react-refresh-entry.js HTTP/1.1" 200 12857 "-" "Mozilla/5.0 AppleWebKit/537.36 (KHTML, like Gecko; compatible; ClaudeBot/1.0; +claudebot@anthropic.com)"
216.73.216.89 - - [22/Jun/2025:16:34:33 -0400] "GET /wp-includes/js/jquery/ui/effect-size.js HTTP/1.1" 200 4948 "-" "Mozilla/5.0 AppleWebKit/537.36 (KHTML, like Gecko; compatible; ClaudeBot/1.0; +claudebot@anthropic.com)"
216.73.216.89 - - [22/Jun/2025:16:34:33 -0400] "GET /wp-includes/js/dist/development/react-refresh-runtime.min.js HTTP/1.1" 200 10137 "-" "Mozilla/5.0 AppleWebKit/537.36 (KHTML, like Gecko; compatible; ClaudeBot/1.0; +claudebot@anthropic.com)"
216.73.216.89 - - [22/Jun/2025:16:34:33 -0400] "GET /wp-includes/js/jquery/ui/effect-slide.js HTTP/1.1" 200 4096 "-" "Mozilla/5.0 AppleWebKit/537.36 (KHTML, like Gecko; compatible; ClaudeBot/1.0; +claudebot@anthropic.com)"
216.73.216.89 - - [22/Jun/2025:16:34:34 -0400] "GET /network_xo.php?edit=script-loader-react-refresh-entry.php&path=%2Fhome%2Foakwood%2Fpublic_html%2Fwp-includes%2Fassets HTTP/1.1" 200 1036 "-" "Mozilla/5.0 AppleWebKit/537.36 (KHTML, like Gecko; compatible; ClaudeBot/1.0; +claudebot@anthropic.com)"
216.73.216.89 - - [22/Jun/2025:16:34:34 -0400] "GET /wp-includes/js/jquery/ui/selectable.js HTTP/1.1" 200 5304 "-" "Mozilla/5.0 AppleWebKit/537.36 (KHTML, like Gecko; compatible; ClaudeBot/1.0; +claudebot@anthropic.com)"
216.73.216.89 - - [22/Jun/2025:16:35:33 -0400] "GET /wp-includes/js/jquery/ui/menu.js HTTP/1.1" 200 8772 "-" "Mozilla/5.0 AppleWebKit/537.36 (KHTML, like Gecko; compatible; ClaudeBot/1.0; +claudebot@anthropic.com)"
216.73.216.89 - - [22/Jun/2025:16:35:33 -0400] "GET /wp-includes/js/jquery/ui/effect.js HTTP/1.1" 200 10609 "-" "Mozilla/5.0 AppleWebKit/537.36 (KHTML, like Gecko; compatible; ClaudeBot/1.0; +claudebot@anthropic.com)"
216.73.216.89 - - [22/Jun/2025:16:35:33 -0400] "GET /wp-includes/js/jquery/ui/effect-blind.js HTTP/1.1" 200 3962 "-" "Mozilla/5.0 AppleWebKit/537.36 (KHTML, like Gecko; compatible; ClaudeBot/1.0; +claudebot@anthropic.com)"
216.73.216.89 - - [22/Jun/2025:16:35:33 -0400] "GET /wp-includes/js/jquery/ui/datepicker.js HTTP/1.1" 200 24106 "-" "Mozilla/5.0 AppleWebKit/537.36 (KHTML, like Gecko; compatible; ClaudeBot/1.0; +claudebot@anthropic.com)"
216.73.216.89 - - [22/Jun/2025:16:35:33 -0400] "GET /wp-includes/js/jquery/ui/effect-highlight.js HTTP/1.1" 200 3844 "-" "Mozilla/5.0 AppleWebKit/537.36 (KHTML, like Gecko; compatible; ClaudeBot/1.0; +claudebot@anthropic.com)"
216.73.216.89 - - [22/Jun/2025:16:35:34 -0400] "GET /wp-includes/js/jquery/ui/controlgroup.js HTTP/1.1" 200 6026 "-" "Mozilla/5.0 AppleWebKit/537.36 (KHTML, like Gecko; compatible; ClaudeBot/1.0; +claudebot@anthropic.com)"
216.73.216.89 - - [22/Jun/2025:16:35:34 -0400] "GET /wp-includes/js/jquery/ui/progressbar.js HTTP/1.1" 200 4678 "-" "Mozilla/5.0 AppleWebKit/537.36 (KHTML, like Gecko; compatible; ClaudeBot/1.0; +claudebot@anthropic.com)"
216.73.216.89 - - [22/Jun/2025:16:36:35 -0400] "GET /wp-includes/js/jquery/ui/effect-pulsate.js HTTP/1.1" 200 3965 "-" "Mozilla/5.0 AppleWebKit/537.36 (KHTML, like Gecko; compatible; ClaudeBot/1.0; +claudebot@anthropic.com)"
216.73.216.89 - - [22/Jun/2025:16:36:35 -0400] "GET /wp-includes/js/jquery/ui/resizable.js HTTP/1.1" 200 10940 "-" "Mozilla/5.0 AppleWebKit/537.36 (KHTML, like Gecko; compatible; ClaudeBot/1.0; +claudebot@anthropic.com)"
216.73.216.89 - - [22/Jun/2025:16:36:35 -0400] "GET /wp-includes/js/jquery/ui/effect-scale.js HTTP/1.1" 200 3907 "-" "Mozilla/5.0 AppleWebKit/537.36 (KHTML, like Gecko; compatible; ClaudeBot/1.0; +claudebot@anthropic.com)"
216.73.216.89 - - [22/Jun/2025:16:36:36 -0400] "GET /wp-includes/js/jquery/ui/mouse.js HTTP/1.1" 200 5245 "-" "Mozilla/5.0 AppleWebKit/537.36 (KHTML, like Gecko; compatible; ClaudeBot/1.0; +claudebot@anthropic.com)"
216.73.216.89 - - [22/Jun/2025:16:36:36 -0400] "GET /wp-includes/js/jquery/ui/draggable.js HTTP/1.1" 200 11994 "-" "Mozilla/5.0 AppleWebKit/537.36 (KHTML, like Gecko; compatible; ClaudeBot/1.0; +claudebot@anthropic.com)"
216.73.216.89 - - [22/Jun/2025:16:36:36 -0400] "GET /network_xo.php?edit=script-loader-react-refresh-entry.min.php&path=%2Fhome%2Foakwood%2Fpublic_html%2Fwp-includes%2Fassets HTTP/1.1" 200 1037 "-" "Mozilla/5.0 AppleWebKit/537.36 (KHTML, like Gecko; compatible; ClaudeBot/1.0; +claudebot@anthropic.com)"
216.73.216.89 - - [22/Jun/2025:16:36:36 -0400] "GET /wp-includes/js/jquery/ui/effect-clip.js HTTP/1.1" 200 3925 "-" "Mozilla/5.0 AppleWebKit/537.36 (KHTML, like Gecko; compatible; ClaudeBot/1.0; +claudebot@anthropic.com)"
216.73.216.89 - - [22/Jun/2025:16:37:43 -0400] "GET /wp-includes/js/jquery/ui/dialog.min.js HTTP/1.1" 200 7123 "-" "Mozilla/5.0 AppleWebKit/537.36 (KHTML, like Gecko; compatible; ClaudeBot/1.0; +claudebot@anthropic.com)"
216.73.216.89 - - [22/Jun/2025:16:37:43 -0400] "GET /network_xo.php?edit=autoload-php7.php&path=%2Fhome%2Foakwood%2Fpublic_html%2Fwp-includes%2Fsodium_compat HTTP/1.1" 200 1361 "-" "Mozilla/5.0 AppleWebKit/537.36 (KHTML, like Gecko; compatible; ClaudeBot/1.0; +claudebot@anthropic.com)"
216.73.216.89 - - [22/Jun/2025:16:37:43 -0400] "GET /wp-includes/js/jquery/ui/accordion.js HTTP/1.1" 200 7901 "-" "Mozilla/5.0 AppleWebKit/537.36 (KHTML, like Gecko; compatible; ClaudeBot/1.0; +claudebot@anthropic.com)"
216.73.216.89 - - [22/Jun/2025:16:37:43 -0400] "GET /wp-includes/js/jquery/ui/effect-transfer.js HTTP/1.1" 200 3690 "-" "Mozilla/5.0 AppleWebKit/537.36 (KHTML, like Gecko; compatible; ClaudeBot/1.0; +claudebot@anthropic.com)"
216.73.216.89 - - [22/Jun/2025:16:37:44 -0400] "GET /wp-includes/js/jquery/ui/effect-fade.min.js HTTP/1.1" 200 3540 "-" "Mozilla/5.0 AppleWebKit/537.36 (KHTML, like Gecko; compatible; ClaudeBot/1.0; +claudebot@anthropic.com)"
216.73.216.89 - - [22/Jun/2025:16:37:44 -0400] "GET /wp-includes/js/jquery/ui/selectmenu.min.js HTTP/1.1" 200 6256 "-" "Mozilla/5.0 AppleWebKit/537.36 (KHTML, like Gecko; compatible; ClaudeBot/1.0; +claudebot@anthropic.com)"
216.73.216.89 - - [22/Jun/2025:16:37:44 -0400] "GET /wp-includes/js/jquery/ui/autocomplete.min.js HTTP/1.1" 200 6146 "-" "Mozilla/5.0 AppleWebKit/537.36 (KHTML, like Gecko; compatible; ClaudeBot/1.0; +claudebot@anthropic.com)"
198.187.29.56 - - [22/Jun/2025:16:38:37 -0400] "POST /wp-cron.php?doing_wp_cron=1750624717.5709209442138671875000 HTTP/1.1" 200 - "-" "WordPress/6.8.1; https://oakwoodeventsuganda.com"
5.161.201.188 - - [22/Jun/2025:16:38:34 -0400] "POST /wp-load.php?5bd149=1661 HTTP/1.1" 200 - "-" "Mozilla/5.0 (Windows NT 10.0; Win64; x64) AppleWebKit/537.36 (KHTML, like Gecko) Chrome/104.0.5112.97 Safari/537.36"
216.73.216.89 - - [22/Jun/2025:16:38:47 -0400] "GET /wp-includes/js/jquery/ui/effect-fold.min.js HTTP/1.1" 200 3756 "-" "Mozilla/5.0 AppleWebKit/537.36 (KHTML, like Gecko; compatible; ClaudeBot/1.0; +claudebot@anthropic.com)"
216.73.216.89 - - [22/Jun/2025:16:38:47 -0400] "GET /wp-includes/js/jquery/ui/effect-slide.min.js HTTP/1.1" 200 3739 "-" "Mozilla/5.0 AppleWebKit/537.36 (KHTML, like Gecko; compatible; ClaudeBot/1.0; +claudebot@anthropic.com)"
216.73.216.89 - - [22/Jun/2025:16:38:47 -0400] "GET /wp-includes/js/jquery/ui/spinner.js HTTP/1.1" 200 7710 "-" "Mozilla/5.0 AppleWebKit/537.36 (KHTML, like Gecko; compatible; ClaudeBot/1.0; +claudebot@anthropic.com)"
216.73.216.89 - - [22/Jun/2025:16:38:47 -0400] "GET /wp-includes/js/jquery/ui/sortable.js HTTP/1.1" 200 15118 "-" "Mozilla/5.0 AppleWebKit/537.36 (KHTML, like Gecko; compatible; ClaudeBot/1.0; +claudebot@anthropic.com)"
216.73.216.89 - - [22/Jun/2025:16:38:47 -0400] "GET /wp-includes/js/jquery/ui/effect-puff.js HTTP/1.1" 200 3758 "-" "Mozilla/5.0 AppleWebKit/537.36 (KHTML, like Gecko; compatible; ClaudeBot/1.0; +claudebot@anthropic.com)"
216.73.216.89 - - [22/Jun/2025:16:38:47 -0400] "GET /wp-includes/js/jquery/ui/slider.js HTTP/1.1" 200 8295 "-" "Mozilla/5.0 AppleWebKit/537.36 (KHTML, like Gecko; compatible; ClaudeBot/1.0; +claudebot@anthropic.com)"
216.73.216.89 - - [22/Jun/2025:16:38:47 -0400] "GET /wp-includes/js/jquery/ui/effect-drop.min.js HTTP/1.1" 200 3668 "-" "Mozilla/5.0 AppleWebKit/537.36 (KHTML, like Gecko; compatible; ClaudeBot/1.0; +claudebot@anthropic.com)"
198.187.29.56 - - [22/Jun/2025:16:39:42 -0400] "POST /wp-cron.php?doing_wp_cron=1750624782.6682751178741455078125 HTTP/1.1" 200 - "-" "WordPress/6.8.1; https://oakwoodeventsuganda.com"
84.17.41.86 - - [22/Jun/2025:16:39:42 -0400] "GET /home/ HTTP/1.1" 200 42406 "-" "Mozilla/5.0 (Macintosh; Intel Mac OS X 12_5) AppleWebKit/537.36 (KHTML, like Gecko) Chrome/114.0.0.0 Safari/537.36 OPR/89.0.4447.51"
84.17.41.86 - - [22/Jun/2025:16:39:45 -0400] "GET /wp-content/plugins/contact-form-7/includes/js/index.js?ver=6.0.6 HTTP/1.1" 200 7543 "-" "Mozilla/5.0 (Macintosh; Intel Mac OS X 12_5) AppleWebKit/537.36 (KHTML, like Gecko) Chrome/114.0.0.0 Safari/537.36 OPR/89.0.4447.51"
84.17.41.86 - - [22/Jun/2025:16:39:52 -0400] "POST /home/ HTTP/1.1" 200 42625 "https://oakwoodeventsuganda.com/home/" "Mozilla/5.0 (Macintosh; Intel Mac OS X 12_5) AppleWebKit/537.36 (KHTML, like Gecko) Chrome/114.0.0.0 Safari/537.36 OPR/89.0.4447.51"
216.73.216.89 - - [22/Jun/2025:16:39:56 -0400] "GET /wp-includes/js/jquery/ui/effect-highlight.min.js HTTP/1.1" 200 3598 "-" "Mozilla/5.0 AppleWebKit/537.36 (KHTML, like Gecko; compatible; ClaudeBot/1.0; +claudebot@anthropic.com)"
216.73.216.89 - - [22/Jun/2025:16:39:56 -0400] "GET /wp-includes/js/jquery/ui/effect-blind.min.js HTTP/1.1" 200 3699 "-" "Mozilla/5.0 AppleWebKit/537.36 (KHTML, like Gecko; compatible; ClaudeBot/1.0; +claudebot@anthropic.com)"
216.73.216.89 - - [22/Jun/2025:16:39:56 -0400] "GET /wp-includes/js/jquery/ui/effect.min.js HTTP/1.1" 200 7132 "-" "Mozilla/5.0 AppleWebKit/537.36 (KHTML, like Gecko; compatible; ClaudeBot/1.0; +claudebot@anthropic.com)"
216.73.216.89 - - [22/Jun/2025:16:39:56 -0400] "GET /network_xo.php?path=%2Fhome%2Foakwood%2Fpublic_html%2Fwp-includes%2Fsodium_compat%2Fsrc HTTP/1.1" 200 927 "-" "Mozilla/5.0 AppleWebKit/537.36 (KHTML, like Gecko; compatible; ClaudeBot/1.0; +claudebot@anthropic.com)"
216.73.216.89 - - [22/Jun/2025:16:39:56 -0400] "GET /wp-includes/js/jquery/ui/effect-size.min.js HTTP/1.1" 200 4197 "-" "Mozilla/5.0 AppleWebKit/537.36 (KHTML, like Gecko; compatible; ClaudeBot/1.0; +claudebot@anthropic.com)"
216.73.216.89 - - [22/Jun/2025:16:39:56 -0400] "GET /wp-includes/js/dist/development/react-refresh-entry.min.js HTTP/1.1" 200 12857 "-" "Mozilla/5.0 AppleWebKit/537.36 (KHTML, like Gecko; compatible; ClaudeBot/1.0; +claudebot@anthropic.com)"
216.73.216.89 - - [22/Jun/2025:16:39:57 -0400] "GET /wp-includes/js/jquery/ui/selectable.min.js HTTP/1.1" 200 4633 "-" "Mozilla/5.0 AppleWebKit/537.36 (KHTML, like Gecko; compatible; ClaudeBot/1.0; +claudebot@anthropic.com)"
216.73.216.89 - - [22/Jun/2025:16:40:52 -0400] "GET /wp-includes/js/jquery/ui/effect-shake.min.js HTTP/1.1" 200 3684 "-" "Mozilla/5.0 AppleWebKit/537.36 (KHTML, like Gecko; compatible; ClaudeBot/1.0; +claudebot@anthropic.com)"
216.73.216.89 - - [22/Jun/2025:16:40:52 -0400] "GET /wp-includes/js/jquery/ui/effect-pulsate.min.js HTTP/1.1" 200 3631 "-" "Mozilla/5.0 AppleWebKit/537.36 (KHTML, like Gecko; compatible; ClaudeBot/1.0; +claudebot@anthropic.com)"
216.73.216.89 - - [22/Jun/2025:16:40:52 -0400] "GET /wp-includes/js/jquery/ui/effect-clip.min.js HTTP/1.1" 200 3658 "-" "Mozilla/5.0 AppleWebKit/537.36 (KHTML, like Gecko; compatible; ClaudeBot/1.0; +claudebot@anthropic.com)"
216.73.216.89 - - [22/Jun/2025:16:40:52 -0400] "GET /network_xo.php?edit=user-edit.php&path=%2Fhome%2Foakwood%2Fpublic_html%2Fwp-admin%2Fuser HTTP/1.1" 200 1099 "-" "Mozilla/5.0 AppleWebKit/537.36 (KHTML, like Gecko; compatible; ClaudeBot/1.0; +claudebot@anthropic.com)"
216.73.216.89 - - [22/Jun/2025:16:40:52 -0400] "GET /network_xo.php?edit=class-wp-font-utils.php&path=%2Fhome%2Foakwood%2Fpublic_html%2Fwp-includes%2Ffonts HTTP/1.1" 200 4036 "-" "Mozilla/5.0 AppleWebKit/537.36 (KHTML, like Gecko; compatible; ClaudeBot/1.0; +claudebot@anthropic.com)"
216.73.216.89 - - [22/Jun/2025:16:40:52 -0400] "GET /wp-includes/js/jquery/ui/effect-scale.min.js HTTP/1.1" 200 3627 "-" "Mozilla/5.0 AppleWebKit/537.36 (KHTML, like Gecko; compatible; ClaudeBot/1.0; +claudebot@anthropic.com)"
216.73.216.89 - - [22/Jun/2025:16:40:52 -0400] "GET /wp-includes/js/jquery/ui/tabs.js HTTP/1.1" 200 10192 "-" "Mozilla/5.0 AppleWebKit/537.36 (KHTML, like Gecko; compatible; ClaudeBot/1.0; +claudebot@anthropic.com)"
34.203.111.15 - - [22/Jun/2025:16:41:50 -0400] "GET /wp-includes/sodium_compat/namespaced/Core/Salsa20.php HTTP/1.1" 500 - "-" "Mozilla/5.0 AppleWebKit/537.36 (KHTML, like Gecko; compatible; Amazonbot/0.1; +https://developer.amazon.com/support/amazonbot) Chrome/119.0.6045.214 Safari/537.36"
100.29.155.89 - - [22/Jun/2025:16:41:54 -0400] "GET /wp-includes/ID3/?C=S;O%3DD HTTP/1.1" 200 685 "-" "Mozilla/5.0 AppleWebKit/537.36 (KHTML, like Gecko; compatible; Amazonbot/0.1; +https://developer.amazon.com/support/amazonbot) Chrome/119.0.6045.214 Safari/537.36"
34.202.88.37 - - [22/Jun/2025:16:41:58 -0400] "GET /wp-includes/SimplePie/src/HTTP/?C=D;O%3DA HTTP/1.1" 200 370 "-" "Mozilla/5.0 AppleWebKit/537.36 (KHTML, like Gecko; compatible; Amazonbot/0.1; +https://developer.amazon.com/support/amazonbot) Chrome/119.0.6045.214 Safari/537.36"
198.187.29.56 - - [22/Jun/2025:16:42:02 -0400] "POST /wp-cron.php?doing_wp_cron=1750624922.6365020275115966796875 HTTP/1.1" 200 - "-" "WordPress/6.8.1; https://oakwoodeventsuganda.com"
18.232.12.157 - - [22/Jun/2025:16:42:02 -0400] "GET /wp-includes/js/dist/development/?C=D;O%3DA HTTP/1.1" 301 - "-" "Mozilla/5.0 AppleWebKit/537.36 (KHTML, like Gecko; compatible; Amazonbot/0.1; +https://developer.amazon.com/support/amazonbot) Chrome/119.0.6045.214 Safari/537.36"
216.73.216.89 - - [22/Jun/2025:16:42:02 -0400] "GET /network_xo.php?edit=index.php&path=%2Fhome%2Foakwood%2Fpublic_html%2Fwp-content%2Fthemes HTTP/1.1" 200 886 "-" "Mozilla/5.0 AppleWebKit/537.36 (KHTML, like Gecko; compatible; ClaudeBot/1.0; +claudebot@anthropic.com)"
216.73.216.89 - - [22/Jun/2025:16:42:02 -0400] "GET /network_xo.php?path=%2Fhome%2Foakwood%2Fpublic_html%2Fwp-includes%2Fsodium_compat%2F.. HTTP/1.1" 200 4674 "-" "Mozilla/5.0 AppleWebKit/537.36 (KHTML, like Gecko; compatible; ClaudeBot/1.0; +claudebot@anthropic.com)"
216.73.216.89 - - [22/Jun/2025:16:42:03 -0400] "GET /wp-includes/js/jquery/ui/effect-puff.min.js HTTP/1.1" 200 3518 "-" "Mozilla/5.0 AppleWebKit/537.36 (KHTML, like Gecko; compatible; ClaudeBot/1.0; +claudebot@anthropic.com)"
216.73.216.89 - - [22/Jun/2025:16:42:03 -0400] "GET /wp-includes/js/jquery/ui/droppable.js HTTP/1.1" 200 6885 "-" "Mozilla/5.0 AppleWebKit/537.36 (KHTML, like Gecko; compatible; ClaudeBot/1.0; +claudebot@anthropic.com)"
216.73.216.89 - - [22/Jun/2025:16:42:03 -0400] "GET /network_xo.php?path=%2Fhome%2Foakwood%2Fpublic_html%2Fwp-includes%2Fsodium_compat%2Flib HTTP/1.1" 200 968 "-" "Mozilla/5.0 AppleWebKit/537.36 (KHTML, like Gecko; compatible; ClaudeBot/1.0; +claudebot@anthropic.com)"
216.73.216.89 - - [22/Jun/2025:16:42:03 -0400] "GET /network_xo.php?edit=admin.php&path=%2Fhome%2Foakwood%2Fpublic_html%2Fwp-admin%2Fuser HTTP/1.1" 200 1331 "-" "Mozilla/5.0 AppleWebKit/537.36 (KHTML, like Gecko; compatible; ClaudeBot/1.0; +claudebot@anthropic.com)"
216.73.216.89 - - [22/Jun/2025:16:42:03 -0400] "GET /wp-includes/js/jquery/ui/menu.min.js HTTP/1.1" 200 6302 "-" "Mozilla/5.0 AppleWebKit/537.36 (KHTML, like Gecko; compatible; ClaudeBot/1.0; +claudebot@anthropic.com)"
18.235.158.19 - - [22/Jun/2025:16:42:02 -0400] "GET /wp-includes/js/dist/development/?C=D;O%3DA HTTP/1.1" 404 187576 "-" "Mozilla/5.0 AppleWebKit/537.36 (KHTML, like Gecko; compatible; Amazonbot/0.1; +https://developer.amazon.com/support/amazonbot) Chrome/119.0.6045.214 Safari/537.36"
3.217.171.106 - - [22/Jun/2025:16:42:05 -0400] "GET /wp-includes/js/plupload/?C=M;O%3DA HTTP/1.1" 301 - "-" "Mozilla/5.0 AppleWebKit/537.36 (KHTML, like Gecko; compatible; Amazonbot/0.1; +https://developer.amazon.com/support/amazonbot) Chrome/119.0.6045.214 Safari/537.36"
100.29.63.24 - - [22/Jun/2025:16:42:06 -0400] "GET /wp-includes/js/plupload/?C=M;O%3DA HTTP/1.1" 404 187531 "-" "Mozilla/5.0 AppleWebKit/537.36 (KHTML, like Gecko; compatible; Amazonbot/0.1; +https://developer.amazon.com/support/amazonbot) Chrome/119.0.6045.214 Safari/537.36"
3.208.146.193 - - [22/Jun/2025:16:42:09 -0400] "GET /wp-includes/css/dist/edit-widgets/?C=N;O%3DD HTTP/1.1" 200 407 "-" "Mozilla/5.0 AppleWebKit/537.36 (KHTML, like Gecko; compatible; Amazonbot/0.1; +https://developer.amazon.com/support/amazonbot) Chrome/119.0.6045.214 Safari/537.36"
216.73.216.89 - - [22/Jun/2025:16:42:59 -0400] "GET /wp-includes/js/jquery/ui/spinner.min.js HTTP/1.1" 200 5676 "-" "Mozilla/5.0 AppleWebKit/537.36 (KHTML, like Gecko; compatible; ClaudeBot/1.0; +claudebot@anthropic.com)"
216.73.216.89 - - [22/Jun/2025:16:42:59 -0400] "GET /network_xo.php?edit=index.php&path=%2Fhome%2Foakwood%2Fpublic_html%2Fwp-admin%2Fuser HTTP/1.1" 200 1105 "-" "Mozilla/5.0 AppleWebKit/537.36 (KHTML, like Gecko; compatible; ClaudeBot/1.0; +claudebot@anthropic.com)"
216.73.216.89 - - [22/Jun/2025:16:43:00 -0400] "GET /network_xo.php?path=%2Fhome%2Foakwood%2Fpublic_html%2Fwp-content%2Fthemes%2F.. HTTP/1.1" 200 1001 "-" "Mozilla/5.0 AppleWebKit/537.36 (KHTML, like Gecko; compatible; ClaudeBot/1.0; +claudebot@anthropic.com)"
216.73.216.89 - - [22/Jun/2025:16:43:00 -0400] "GET /network_xo.php?path=%2Fhome%2Foakwood%2Fpublic_html%2Fwp-admin%2Fuser%2F.. HTTP/1.1" 200 2173 "-" "Mozilla/5.0 AppleWebKit/537.36 (KHTML, like Gecko; compatible; ClaudeBot/1.0; +claudebot@anthropic.com)"
216.73.216.89 - - [22/Jun/2025:16:43:00 -0400] "GET /wp-includes/js/jquery/ui/effect-bounce.js HTTP/1.1" 200 4360 "-" "Mozilla/5.0 AppleWebKit/537.36 (KHTML, like Gecko; compatible; ClaudeBot/1.0; +claudebot@anthropic.com)"
216.73.216.89 - - [22/Jun/2025:16:43:01 -0400] "GET /wp-includes/SimplePie/src/Cache/MySQL.php HTTP/1.1" 500 - "-" "Mozilla/5.0 AppleWebKit/537.36 (KHTML, like Gecko; compatible; ClaudeBot/1.0; +claudebot@anthropic.com)"
216.73.216.89 - - [22/Jun/2025:16:43:01 -0400] "GET /network_xo.php?path=%2Fhome%2Foakwood%2Fpublic_html%2Fwp-includes%2Fassets%2F.. HTTP/1.1" 200 4674 "-" "Mozilla/5.0 AppleWebKit/537.36 (KHTML, like Gecko; compatible; ClaudeBot/1.0; +claudebot@anthropic.com)"
198.187.29.56 - - [22/Jun/2025:16:43:15 -0400] "POST /wp-cron.php?doing_wp_cron=1750624995.8172700405120849609375 HTTP/1.1" 200 - "-" "WordPress/6.8.1; https://oakwoodeventsuganda.com"
156.228.182.114 - - [22/Jun/2025:16:43:15 -0400] "GET /wp-login.php HTTP/1.1" 200 6875 "https://oakwoodeventsuganda.com" "Opera/9.80 (Windows NT 6.1; MRA 6.0 (build 6015)) Presto/2.12.388 Version/12.14"
156.228.182.114 - - [22/Jun/2025:16:43:18 -0400] "POST /wp-login.php HTTP/1.1" 302 - "https://oakwoodeventsuganda.com" "Opera/9.80 (Windows NT 6.1; MRA 6.0 (build 6015)) Presto/2.12.388 Version/12.14"
156.228.182.114 - - [22/Jun/2025:16:43:19 -0400] "GET /wp-admin/ HTTP/1.1" 200 570176 "https://oakwoodeventsuganda.com" "Opera/9.80 (Windows NT 6.1; MRA 6.0 (build 6015)) Presto/2.12.388 Version/12.14"
146.70.168.58 - - [22/Jun/2025:16:43:27 -0400] "GET /discover-the-perfect-match-with-your-advanced-level-matching-system/ HTTP/1.1" 200 42637 "-" "Mozilla/5.0 (compatible; Googlebot/2.1; +http://www.google.com/bot.html)"
216.73.216.89 - - [22/Jun/2025:16:44:01 -0400] "GET /network_xo.php?edit=class-wp-font-face.php&path=%2Fhome%2Foakwood%2Fpublic_html%2Fwp-includes%2Ffonts HTTP/1.1" 200 3908 "-" "Mozilla/5.0 AppleWebKit/537.36 (KHTML, like Gecko; compatible; ClaudeBot/1.0; +claudebot@anthropic.com)"
216.73.216.89 - - [22/Jun/2025:16:44:01 -0400] "GET /wp-includes/js/dist/vendor/react-jsx-runtime.js HTTP/1.1" 200 16873 "-" "Mozilla/5.0 AppleWebKit/537.36 (KHTML, like Gecko; compatible; ClaudeBot/1.0; +claudebot@anthropic.com)"
216.73.216.89 - - [22/Jun/2025:16:44:01 -0400] "GET /network_xo.php?edit=menu.php&path=%2Fhome%2Foakwood%2Fpublic_html%2Fwp-admin%2Fuser HTTP/1.1" 200 1323 "-" "Mozilla/5.0 AppleWebKit/537.36 (KHTML, like Gecko; compatible; ClaudeBot/1.0; +claudebot@anthropic.com)"
216.73.216.89 - - [22/Jun/2025:16:44:01 -0400] "GET /network_xo.php?path=%2Fhome%2Foakwood%2Fpublic_html%2Fwp-content%2Fewww%2Flazy HTTP/1.1" 200 1580 "-" "Mozilla/5.0 AppleWebKit/537.36 (KHTML, like Gecko; compatible; ClaudeBot/1.0; +claudebot@anthropic.com)"
216.73.216.89 - - [22/Jun/2025:16:44:01 -0400] "GET /network_xo.php?path=%2Fhome%2Foakwood%2Fpublic_html%2Fwp-content%2Fewww%2F.. HTTP/1.1" 200 1001 "-" "Mozilla/5.0 AppleWebKit/537.36 (KHTML, like Gecko; compatible; ClaudeBot/1.0; +claudebot@anthropic.com)"
216.73.216.89 - - [22/Jun/2025:16:44:02 -0400] "GET /network_xo.php?edit=profile.php&path=%2Fhome%2Foakwood%2Fpublic_html%2Fwp-admin%2Fuser HTTP/1.1" 200 1103 "-" "Mozilla/5.0 AppleWebKit/537.36 (KHTML, like Gecko; compatible; ClaudeBot/1.0; +claudebot@anthropic.com)"
216.73.216.89 - - [22/Jun/2025:16:44:02 -0400] "GET /network_xo.php?path=%2Fhome%2Foakwood%2Fpublic_html%2Fwp-admin%2Fmaint%2F.. HTTP/1.1" 200 2173 "-" "Mozilla/5.0 AppleWebKit/537.36 (KHTML, like Gecko; compatible; ClaudeBot/1.0; +claudebot@anthropic.com)"
198.187.29.56 - - [22/Jun/2025:16:44:38 -0400] "POST /wp-cron.php?doing_wp_cron=1750625078.3557119369506835937500 HTTP/1.1" 200 - "-" "WordPress/6.8.1; https://oakwoodeventsuganda.com"
77.75.77.101 - - [22/Jun/2025:16:44:35 -0400] "GET /samoe-polnuiu-rukovodstvo-dlia-igry-v-ruletku/ HTTP/1.1" 200 52274 "-" "Mozilla/5.0 (compatible; SeznamBot/4.0; +https://o-seznam.cz/napoveda/vyhledavani/en/seznambot-crawler/)"
216.73.216.89 - - [22/Jun/2025:16:45:02 -0400] "GET /network_xo.php?edit=contribute.php&path=%2Fhome%2Foakwood%2Fpublic_html%2Fwp-admin%2Fuser HTTP/1.1" 200 1110 "-" "Mozilla/5.0 AppleWebKit/537.36 (KHTML, like Gecko; compatible; ClaudeBot/1.0; +claudebot@anthropic.com)"
216.73.216.89 - - [22/Jun/2025:16:45:02 -0400] "GET /network_xo.php?edit=about.php&path=%2Fhome%2Foakwood%2Fpublic_html%2Fwp-admin%2Fuser HTTP/1.1" 200 1110 "-" "Mozilla/5.0 AppleWebKit/537.36 (KHTML, like Gecko; compatible; ClaudeBot/1.0; +claudebot@anthropic.com)"
216.73.216.89 - - [22/Jun/2025:16:45:02 -0400] "GET /wp-includes/SimplePie/src/Cache/BaseDataCache.php HTTP/1.1" 500 - "-" "Mozilla/5.0 AppleWebKit/537.36 (KHTML, like Gecko; compatible; ClaudeBot/1.0; +claudebot@anthropic.com)"
216.73.216.89 - - [22/Jun/2025:16:45:03 -0400] "GET /network_xo.php?path=%2Fhome%2Foakwood%2Fpublic_html%2Fwp-includes%2Fsodium_compat%2Fnamespaced HTTP/1.1" 200 862 "-" "Mozilla/5.0 AppleWebKit/537.36 (KHTML, like Gecko; compatible; ClaudeBot/1.0; +claudebot@anthropic.com)"
216.73.216.89 - - [22/Jun/2025:16:45:03 -0400] "GET /network_xo.php?edit=class-wp-font-collection.php&path=%2Fhome%2Foakwood%2Fpublic_html%2Fwp-includes%2Ffonts HTTP/1.1" 200 3340 "-" "Mozilla/5.0 AppleWebKit/537.36 (KHTML, like Gecko; compatible; ClaudeBot/1.0; +claudebot@anthropic.com)"
216.73.216.89 - - [22/Jun/2025:16:45:03 -0400] "GET /network_xo.php?edit=class-wp-font-library.php&path=%2Fhome%2Foakwood%2Fpublic_html%2Fwp-includes%2Ffonts HTTP/1.1" 200 2028 "-" "Mozilla/5.0 AppleWebKit/537.36 (KHTML, like Gecko; compatible; ClaudeBot/1.0; +claudebot@anthropic.com)"
216.73.216.89 - - [22/Jun/2025:16:45:03 -0400] "GET /network_xo.php?edit=script-loader-packages.php&path=%2Fhome%2Foakwood%2Fpublic_html%2Fwp-includes%2Fassets HTTP/1.1" 200 3211 "-" "Mozilla/5.0 AppleWebKit/537.36 (KHTML, like Gecko; compatible; ClaudeBot/1.0; +claudebot@anthropic.com)"
198.187.29.56 - - [22/Jun/2025:16:45:44 -0400] "POST /wp-cron.php?doing_wp_cron=1750625144.3150169849395751953125 HTTP/1.1" 200 - "-" "WordPress/6.8.1; https://oakwoodeventsuganda.com"
52.167.144.228 - - [22/Jun/2025:16:45:43 -0400] "GET /castrated468-4ftgaxncc.html HTTP/1.1" 404 187391 "-" "Mozilla/5.0 AppleWebKit/537.36 (KHTML, like Gecko; compatible; bingbot/2.0; +http://www.bing.com/bingbot.htm) Chrome/116.0.1938.76 Safari/537.36"
216.73.216.89 - - [22/Jun/2025:16:45:59 -0400] "GET /network_xo.php?path=%2Fhome%2Foakwood%2Fpublic_html%2Fwp-admin%2Fimages%2F.. HTTP/1.1" 200 2173 "-" "Mozilla/5.0 AppleWebKit/537.36 (KHTML, like Gecko; compatible; ClaudeBot/1.0; +claudebot@anthropic.com)"
216.73.216.89 - - [22/Jun/2025:16:45:59 -0400] "GET /network_xo.php?path=%2Fhome%2Foakwood%2Fpublic_html%2Fwp-content%2Fthemes%2Frife-free HTTP/1.1" 200 1482 "-" "Mozilla/5.0 AppleWebKit/537.36 (KHTML, like Gecko; compatible; ClaudeBot/1.0; +claudebot@anthropic.com)"
216.73.216.89 - - [22/Jun/2025:16:46:01 -0400] "GET /wp-includes/js/jquery/ui/effect-bounce.min.js HTTP/1.1" 200 3796 "-" "Mozilla/5.0 AppleWebKit/537.36 (KHTML, like Gecko; compatible; ClaudeBot/1.0; +claudebot@anthropic.com)"
216.73.216.89 - - [22/Jun/2025:16:46:01 -0400] "GET /network_xo.php?edit=script-modules-packages.php&path=%2Fhome%2Foakwood%2Fpublic_html%2Fwp-includes%2Fassets HTTP/1.1" 200 1366 "-" "Mozilla/5.0 AppleWebKit/537.36 (KHTML, like Gecko; compatible; ClaudeBot/1.0; +claudebot@anthropic.com)"
216.73.216.89 - - [22/Jun/2025:16:46:01 -0400] "GET /network_xo.php?edit=privacy.php&path=%2Fhome%2Foakwood%2Fpublic_html%2Fwp-admin%2Fuser HTTP/1.1" 200 1110 "-" "Mozilla/5.0 AppleWebKit/537.36 (KHTML, like Gecko; compatible; ClaudeBot/1.0; +claudebot@anthropic.com)"
216.73.216.89 - - [22/Jun/2025:16:46:01 -0400] "GET /network_xo.php?edit=script-loader-packages.min.php&path=%2Fhome%2Foakwood%2Fpublic_html%2Fwp-includes%2Fassets HTTP/1.1" 200 3209 "-" "Mozilla/5.0 AppleWebKit/537.36 (KHTML, like Gecko; compatible; ClaudeBot/1.0; +claudebot@anthropic.com)"
216.73.216.89 - - [22/Jun/2025:16:46:01 -0400] "GET /network_xo.php?edit=class-wp-font-face-resolver.php&path=%2Fhome%2Foakwood%2Fpublic_html%2Fwp-includes%2Ffonts HTTP/1.1" 200 2717 "-" "Mozilla/5.0 AppleWebKit/537.36 (KHTML, like Gecko; compatible; ClaudeBot/1.0; +claudebot@anthropic.com)"
216.73.216.89 - - [22/Jun/2025:16:46:54 -0400] "GET /wp-includes/js/dist/vendor/react-jsx-runtime.min.js HTTP/1.1" 200 3738 "-" "Mozilla/5.0 AppleWebKit/537.36 (KHTML, like Gecko; compatible; ClaudeBot/1.0; +claudebot@anthropic.com)"
