216.73.216.89 - - [22/Jun/2025:11:03:47 -0400] "GET /wp-includes/images/icon-pointer-flag-2x.png HTTP/1.1" 200 1369 "-" "Mozilla/5.0 AppleWebKit/537.36 (KHTML, like Gecko; compatible; ClaudeBot/1.0; +claudebot@anthropic.com)"
216.73.216.89 - - [22/Jun/2025:11:03:47 -0400] "GET /wp-includes/theme-compat/?C=S&O=A HTTP/1.1" 200 577 "-" "Mozilla/5.0 AppleWebKit/537.36 (KHTML, like Gecko; compatible; ClaudeBot/1.0; +claudebot@anthropic.com)"
216.73.216.89 - - [22/Jun/2025:11:03:48 -0400] "GET /wp-includes/block-patterns/?C=D&O=A HTTP/1.1" 200 519 "-" "Mozilla/5.0 AppleWebKit/537.36 (KHTML, like Gecko; compatible; ClaudeBot/1.0; +claudebot@anthropic.com)"
216.73.216.89 - - [22/Jun/2025:11:04:38 -0400] "GET /wp-includes/images/admin-bar-sprite-2x.png HTTP/1.1" 200 3999 "-" "Mozilla/5.0 AppleWebKit/537.36 (KHTML, like Gecko; compatible; ClaudeBot/1.0; +claudebot@anthropic.com)"
216.73.216.89 - - [22/Jun/2025:11:04:38 -0400] "GET /wp-includes/customize/?C=S&O=A HTTP/1.1" 200 1113 "-" "Mozilla/5.0 AppleWebKit/537.36 (KHTML, like Gecko; compatible; ClaudeBot/1.0; +claudebot@anthropic.com)"
216.73.216.89 - - [22/Jun/2025:11:04:38 -0400] "GET /wp-includes/sitemaps/?C=N&O=D HTTP/1.1" 200 512 "-" "Mozilla/5.0 AppleWebKit/537.36 (KHTML, like Gecko; compatible; ClaudeBot/1.0; +claudebot@anthropic.com)"
216.73.216.89 - - [22/Jun/2025:11:05:27 -0400] "GET /wp-includes/images/arrow-pointer-blue.png HTTP/1.1" 200 793 "-" "Mozilla/5.0 AppleWebKit/537.36 (KHTML, like Gecko; compatible; ClaudeBot/1.0; +claudebot@anthropic.com)"
216.73.216.89 - - [22/Jun/2025:11:05:27 -0400] "GET /wp-includes/PHPMailer/?C=M&O=A HTTP/1.1" 200 412 "-" "Mozilla/5.0 AppleWebKit/537.36 (KHTML, like Gecko; compatible; ClaudeBot/1.0; +claudebot@anthropic.com)"
216.73.216.89 - - [22/Jun/2025:11:05:27 -0400] "GET /wp-includes/sodium_compat/?C=S&O=A HTTP/1.1" 200 525 "-" "Mozilla/5.0 AppleWebKit/537.36 (KHTML, like Gecko; compatible; ClaudeBot/1.0; +claudebot@anthropic.com)"
198.187.29.56 - - [22/Jun/2025:11:05:43 -0400] "POST /wp-cron.php?doing_wp_cron=1750604743.7153611183166503906250 HTTP/1.1" 200 - "-" "WordPress/6.8.1; https://oakwoodeventsuganda.com"
185.191.171.12 - - [22/Jun/2025:11:05:40 -0400] "GET /category/9600-sat2/ HTTP/1.1" 200 36316 "-" "Mozilla/5.0 (compatible; SemrushBot/7~bl; +http://www.semrush.com/bot.html)"
66.249.74.74 - - [22/Jun/2025:11:06:08 -0400] "GET /shopdetail/15062762/ HTTP/1.1" 404 187355 "-" "Mozilla/5.0 (Linux; Android 6.0.1; Nexus 5X Build/MMB29P) AppleWebKit/537.36 (KHTML, like Gecko) Chrome/137.0.7151.103 Mobile Safari/537.36 (compatible; GoogleOther)"
216.73.216.89 - - [22/Jun/2025:11:06:19 -0400] "GET /wp-includes/PHPMailer/?C=D&O=A HTTP/1.1" 200 409 "-" "Mozilla/5.0 AppleWebKit/537.36 (KHTML, like Gecko; compatible; ClaudeBot/1.0; +claudebot@anthropic.com)"
216.73.216.89 - - [22/Jun/2025:11:06:19 -0400] "GET /wp-includes/IXR/?C=S&O=A HTTP/1.1" 200 584 "-" "Mozilla/5.0 AppleWebKit/537.36 (KHTML, like Gecko; compatible; ClaudeBot/1.0; +claudebot@anthropic.com)"
216.73.216.89 - - [22/Jun/2025:11:06:19 -0400] "GET /wp-includes/block-supports/?C=N&O=D HTTP/1.1" 200 760 "-" "Mozilla/5.0 AppleWebKit/537.36 (KHTML, like Gecko; compatible; ClaudeBot/1.0; +claudebot@anthropic.com)"
216.73.216.89 - - [22/Jun/2025:11:07:16 -0400] "GET /wp-includes/images/admin-bar-sprite.png HTTP/1.1" 200 2467 "-" "Mozilla/5.0 AppleWebKit/537.36 (KHTML, like Gecko; compatible; ClaudeBot/1.0; +claudebot@anthropic.com)"
216.73.216.89 - - [22/Jun/2025:11:07:16 -0400] "GET /wp-includes/SimplePie/?C=M&O=A HTTP/1.1" 200 408 "-" "Mozilla/5.0 AppleWebKit/537.36 (KHTML, like Gecko; compatible; ClaudeBot/1.0; +claudebot@anthropic.com)"
216.73.216.89 - - [22/Jun/2025:11:07:16 -0400] "GET /wp-includes/SimplePie/?C=D&O=A HTTP/1.1" 200 407 "-" "Mozilla/5.0 AppleWebKit/537.36 (KHTML, like Gecko; compatible; ClaudeBot/1.0; +claudebot@anthropic.com)"
198.187.29.56 - - [22/Jun/2025:11:07:36 -0400] "POST /wp-cron.php?doing_wp_cron=1750604856.5649130344390869140625 HTTP/1.1" 200 - "-" "WordPress/6.8.1; https://oakwoodeventsuganda.com"
66.249.74.73 - - [22/Jun/2025:11:07:36 -0400] "GET /shopdetail/3807262/ HTTP/1.1" 404 187346 "-" "Mozilla/5.0 (Linux; Android 6.0.1; Nexus 5X Build/MMB29P) AppleWebKit/537.36 (KHTML, like Gecko) Chrome/137.0.7151.103 Mobile Safari/537.36 (compatible; GoogleOther)"
66.249.74.73 - - [22/Jun/2025:11:07:58 -0400] "GET /shopdetail/20441051/ HTTP/1.1" 404 187352 "-" "Mozilla/5.0 (Linux; Android 6.0.1; Nexus 5X Build/MMB29P) AppleWebKit/537.36 (KHTML, like Gecko) Chrome/137.0.7151.103 Mobile Safari/537.36 (compatible; GoogleOther)"
216.73.216.89 - - [22/Jun/2025:11:08:07 -0400] "GET /wp-includes/pomo/?C=N&O=D HTTP/1.1" 200 482 "-" "Mozilla/5.0 AppleWebKit/537.36 (KHTML, like Gecko; compatible; ClaudeBot/1.0; +claudebot@anthropic.com)"
216.73.216.89 - - [22/Jun/2025:11:08:07 -0400] "GET /wp-includes/Text/?C=D&O=A HTTP/1.1" 200 406 "-" "Mozilla/5.0 AppleWebKit/537.36 (KHTML, like Gecko; compatible; ClaudeBot/1.0; +claudebot@anthropic.com)"
216.73.216.89 - - [22/Jun/2025:11:08:07 -0400] "GET /wp-includes/css/?C=M&O=A HTTP/1.1" 200 1078 "-" "Mozilla/5.0 AppleWebKit/537.36 (KHTML, like Gecko; compatible; ClaudeBot/1.0; +claudebot@anthropic.com)"
52.45.29.57 - - [22/Jun/2025:11:09:01 -0400] "GET /wp-includes/sodium_compat/namespaced/Core/BLAKE2b.php HTTP/1.1" 500 - "-" "Mozilla/5.0 AppleWebKit/537.36 (KHTML, like Gecko; compatible; Amazonbot/0.1; +https://developer.amazon.com/support/amazonbot) Chrome/119.0.6045.214 Safari/537.36"
198.187.29.56 - - [22/Jun/2025:11:09:02 -0400] "POST /wp-cron.php?doing_wp_cron=1750604942.6572070121765136718750 HTTP/1.1" 200 - "-" "WordPress/6.8.1; https://oakwoodeventsuganda.com"
185.191.171.19 - - [22/Jun/2025:11:09:02 -0400] "GET /migliori-casino-non-aams-in-italia-2025-guida-ai-siti-sicuri/ HTTP/1.1" 200 52494 "-" "Mozilla/5.0 (compatible; SemrushBot/7~bl; +http://www.semrush.com/bot.html)"
54.85.109.140 - - [22/Jun/2025:11:09:06 -0400] "GET /wp-includes/js/tinymce/plugins/directionality/ HTTP/1.1" 200 388 "-" "Mozilla/5.0 AppleWebKit/537.36 (KHTML, like Gecko; compatible; Amazonbot/0.1; +https://developer.amazon.com/support/amazonbot) Chrome/119.0.6045.214 Safari/537.36"
216.73.216.89 - - [22/Jun/2025:11:09:08 -0400] "GET /wp-includes/images/arrow-pointer-blue-2x.png HTTP/1.1" 200 1666 "-" "Mozilla/5.0 AppleWebKit/537.36 (KHTML, like Gecko; compatible; ClaudeBot/1.0; +claudebot@anthropic.com)"
216.73.216.89 - - [22/Jun/2025:11:09:08 -0400] "GET /wp-includes/widgets/?C=M&O=A HTTP/1.1" 200 752 "-" "Mozilla/5.0 AppleWebKit/537.36 (KHTML, like Gecko; compatible; ClaudeBot/1.0; +claudebot@anthropic.com)"
216.73.216.89 - - [22/Jun/2025:11:09:09 -0400] "GET /wp-includes/images/icon-pointer-flag.png HTTP/1.1" 200 783 "-" "Mozilla/5.0 AppleWebKit/537.36 (KHTML, like Gecko; compatible; ClaudeBot/1.0; +claudebot@anthropic.com)"
34.234.200.207 - - [22/Jun/2025:11:09:09 -0400] "GET /wp-includes/js/tinymce/plugins/wpautoresize/ HTTP/1.1" 200 390 "-" "Mozilla/5.0 AppleWebKit/537.36 (KHTML, like Gecko; compatible; Amazonbot/0.1; +https://developer.amazon.com/support/amazonbot) Chrome/119.0.6045.214 Safari/537.36"
35.170.205.140 - - [22/Jun/2025:11:09:14 -0400] "GET /wp-includes/SimplePie/src/Content/Type/ HTTP/1.1" 200 376 "-" "Mozilla/5.0 AppleWebKit/537.36 (KHTML, like Gecko; compatible; Amazonbot/0.1; +https://developer.amazon.com/support/amazonbot) Chrome/119.0.6045.214 Safari/537.36"
44.213.36.21 - - [22/Jun/2025:11:09:18 -0400] "GET /wp-includes/css/dist/patterns/?C=S;O%3DA HTTP/1.1" 200 406 "-" "Mozilla/5.0 AppleWebKit/537.36 (KHTML, like Gecko; compatible; Amazonbot/0.1; +https://developer.amazon.com/support/amazonbot) Chrome/119.0.6045.214 Safari/537.36"
52.0.105.244 - - [22/Jun/2025:11:09:21 -0400] "GET /wp-includes/SimplePie/src/XML/?C=S;O%3DA HTTP/1.1" 200 367 "-" "Mozilla/5.0 AppleWebKit/537.36 (KHTML, like Gecko; compatible; Amazonbot/0.1; +https://developer.amazon.com/support/amazonbot) Chrome/119.0.6045.214 Safari/537.36"
34.224.9.144 - - [22/Jun/2025:11:09:27 -0400] "GET /wp-includes/js/dist/development/?C=N;O%3DD HTTP/1.1" 301 - "-" "Mozilla/5.0 AppleWebKit/537.36 (KHTML, like Gecko; compatible; Amazonbot/0.1; +https://developer.amazon.com/support/amazonbot) Chrome/119.0.6045.214 Safari/537.36"
54.89.90.224 - - [22/Jun/2025:11:09:28 -0400] "GET /wp-includes/js/dist/development/?C=N;O%3DD HTTP/1.1" 404 187578 "-" "Mozilla/5.0 AppleWebKit/537.36 (KHTML, like Gecko; compatible; Amazonbot/0.1; +https://developer.amazon.com/support/amazonbot) Chrome/119.0.6045.214 Safari/537.36"
198.187.29.56 - - [22/Jun/2025:11:09:56 -0400] "POST /wp-cron.php?doing_wp_cron=1750604996.6394419670104980468750 HTTP/1.1" 200 - "-" "WordPress/6.8.1; https://oakwoodeventsuganda.com"
180.142.249.122 - - [22/Jun/2025:11:09:56 -0400] "POST /wp-comments-post.php HTTP/1.1" 302 - "-" "Mozilla/5.0 (Windows NT 10.0; Win64; x64) AppleWebKit/537.36 (KHTML, like Gecko) Chrome/108.0.0.0 Safari/537.36 Edg/108.0.1462.46"
180.142.249.122 - - [22/Jun/2025:11:09:57 -0400] "GET /luchshie-onlajn-kazino-bez-depozita-2025-goda/?unapproved=867&moderation-hash=99884a1bf0a1c3cfda357df8ab05b1ee HTTP/1.1" 200 44863 "-" "Mozilla/5.0 (Windows NT 10.0; Win64; x64) AppleWebKit/537.36 (KHTML, like Gecko) Chrome/108.0.0.0 Safari/537.36 Edg/108.0.1462.46"
216.73.216.89 - - [22/Jun/2025:11:10:02 -0400] "GET /wp-includes/images/uploader-icons-2x.png HTTP/1.1" 200 3542 "-" "Mozilla/5.0 AppleWebKit/537.36 (KHTML, like Gecko; compatible; ClaudeBot/1.0; +claudebot@anthropic.com)"
216.73.216.89 - - [22/Jun/2025:11:10:03 -0400] "GET /wp-includes/certificates/?C=S&O=A HTTP/1.1" 200 365 "-" "Mozilla/5.0 AppleWebKit/537.36 (KHTML, like Gecko; compatible; ClaudeBot/1.0; +claudebot@anthropic.com)"
216.73.216.89 - - [22/Jun/2025:11:10:02 -0400] "GET /wp-includes/css/?C=D&O=A HTTP/1.1" 200 1068 "-" "Mozilla/5.0 AppleWebKit/537.36 (KHTML, like Gecko; compatible; ClaudeBot/1.0; +claudebot@anthropic.com)"
216.73.216.89 - - [22/Jun/2025:11:10:56 -0400] "GET /wp-includes/block-bindings/?C=S&O=A HTTP/1.1" 200 399 "-" "Mozilla/5.0 AppleWebKit/537.36 (KHTML, like Gecko; compatible; ClaudeBot/1.0; +claudebot@anthropic.com)"
216.73.216.89 - - [22/Jun/2025:11:10:56 -0400] "GET /wp-includes/ID3/?C=S&O=A HTTP/1.1" 200 685 "-" "Mozilla/5.0 AppleWebKit/537.36 (KHTML, like Gecko; compatible; ClaudeBot/1.0; +claudebot@anthropic.com)"
216.73.216.89 - - [22/Jun/2025:11:10:56 -0400] "GET /wp-includes/images/toggle-arrow-2x.png HTTP/1.1" 200 354 "-" "Mozilla/5.0 AppleWebKit/537.36 (KHTML, like Gecko; compatible; ClaudeBot/1.0; +claudebot@anthropic.com)"
198.187.29.56 - - [22/Jun/2025:11:10:57 -0400] "POST /wp-cron.php?doing_wp_cron=1750605057.4176979064941406250000 HTTP/1.1" 200 - "-" "WordPress/6.8.1; https://oakwoodeventsuganda.com"
66.249.74.74 - - [22/Jun/2025:11:10:56 -0400] "GET /shopdetail/21011095/ HTTP/1.1" 404 187355 "-" "Mozilla/5.0 (Linux; Android 6.0.1; Nexus 5X Build/MMB29P) AppleWebKit/537.36 (KHTML, like Gecko) Chrome/137.0.7151.103 Mobile Safari/537.36 (compatible; GoogleOther)"
216.73.216.89 - - [22/Jun/2025:11:11:48 -0400] "GET /wp-includes/images/toggle-arrow.png HTTP/1.1" 200 289 "-" "Mozilla/5.0 AppleWebKit/537.36 (KHTML, like Gecko; compatible; ClaudeBot/1.0; +claudebot@anthropic.com)"
216.73.216.89 - - [22/Jun/2025:11:11:48 -0400] "GET /wp-includes/images/wpicons-2x.png HTTP/1.1" 200 14931 "-" "Mozilla/5.0 AppleWebKit/537.36 (KHTML, like Gecko; compatible; ClaudeBot/1.0; +claudebot@anthropic.com)"
216.73.216.89 - - [22/Jun/2025:11:11:48 -0400] "GET /wp-includes/images/rss-2x.png HTTP/1.1" 200 1306 "-" "Mozilla/5.0 AppleWebKit/537.36 (KHTML, like Gecko; compatible; ClaudeBot/1.0; +claudebot@anthropic.com)"
216.73.216.89 - - [22/Jun/2025:11:12:49 -0400] "GET /wp-includes/images/w-logo-blue.png HTTP/1.1" 200 3113 "-" "Mozilla/5.0 AppleWebKit/537.36 (KHTML, like Gecko; compatible; ClaudeBot/1.0; +claudebot@anthropic.com)"
216.73.216.89 - - [22/Jun/2025:11:12:49 -0400] "GET /wp-includes/theme-compat/?C=M&O=A HTTP/1.1" 200 573 "-" "Mozilla/5.0 AppleWebKit/537.36 (KHTML, like Gecko; compatible; ClaudeBot/1.0; +claudebot@anthropic.com)"
216.73.216.89 - - [22/Jun/2025:11:12:50 -0400] "GET /wp-includes/images/rss.png HTTP/1.1" 200 608 "-" "Mozilla/5.0 AppleWebKit/537.36 (KHTML, like Gecko; compatible; ClaudeBot/1.0; +claudebot@anthropic.com)"
216.73.216.89 - - [22/Jun/2025:11:13:39 -0400] "GET /wp-includes/theme-compat/?C=D&O=A HTTP/1.1" 200 576 "-" "Mozilla/5.0 AppleWebKit/537.36 (KHTML, like Gecko; compatible; ClaudeBot/1.0; +claudebot@anthropic.com)"
216.73.216.89 - - [22/Jun/2025:11:13:40 -0400] "GET /wp-includes/images/wpicons.png HTTP/1.1" 200 7086 "-" "Mozilla/5.0 AppleWebKit/537.36 (KHTML, like Gecko; compatible; ClaudeBot/1.0; +claudebot@anthropic.com)"
216.73.216.89 - - [22/Jun/2025:11:13:39 -0400] "GET /wp-includes/?C=M&O=D HTTP/1.1" 200 5365 "-" "Mozilla/5.0 AppleWebKit/537.36 (KHTML, like Gecko; compatible; ClaudeBot/1.0; +claudebot@anthropic.com)"
216.73.216.89 - - [22/Jun/2025:11:14:30 -0400] "GET /wp-includes/customize/?C=M&O=A HTTP/1.1" 200 1110 "-" "Mozilla/5.0 AppleWebKit/537.36 (KHTML, like Gecko; compatible; ClaudeBot/1.0; +claudebot@anthropic.com)"
216.73.216.89 - - [22/Jun/2025:11:14:30 -0400] "GET /wp-includes/sodium_compat/?C=M&O=A HTTP/1.1" 200 530 "-" "Mozilla/5.0 AppleWebKit/537.36 (KHTML, like Gecko; compatible; ClaudeBot/1.0; +claudebot@anthropic.com)"
216.73.216.89 - - [22/Jun/2025:11:14:30 -0400] "GET /wp-includes/?C=D&O=D HTTP/1.1" 200 5381 "-" "Mozilla/5.0 AppleWebKit/537.36 (KHTML, like Gecko; compatible; ClaudeBot/1.0; +claudebot@anthropic.com)"
216.73.216.89 - - [22/Jun/2025:11:15:25 -0400] "GET /wp-includes/sitemaps/?C=S&O=A HTTP/1.1" 200 517 "-" "Mozilla/5.0 AppleWebKit/537.36 (KHTML, like Gecko; compatible; ClaudeBot/1.0; +claudebot@anthropic.com)"
216.73.216.89 - - [22/Jun/2025:11:15:25 -0400] "GET /wp-includes/sodium_compat/?C=D&O=A HTTP/1.1" 200 527 "-" "Mozilla/5.0 AppleWebKit/537.36 (KHTML, like Gecko; compatible; ClaudeBot/1.0; +claudebot@anthropic.com)"
216.73.216.89 - - [22/Jun/2025:11:15:25 -0400] "GET /wp-includes/images/?C=N&O=D HTTP/1.1" 200 938 "-" "Mozilla/5.0 AppleWebKit/537.36 (KHTML, like Gecko; compatible; ClaudeBot/1.0; +claudebot@anthropic.com)"
216.73.216.89 - - [22/Jun/2025:11:16:19 -0400] "GET /wp-includes/IXR/?C=M&O=A HTTP/1.1" 200 582 "-" "Mozilla/5.0 AppleWebKit/537.36 (KHTML, like Gecko; compatible; ClaudeBot/1.0; +claudebot@anthropic.com)"
216.73.216.89 - - [22/Jun/2025:11:16:19 -0400] "GET /wp-includes/customize/?C=D&O=A HTTP/1.1" 200 1101 "-" "Mozilla/5.0 AppleWebKit/537.36 (KHTML, like Gecko; compatible; ClaudeBot/1.0; +claudebot@anthropic.com)"
216.73.216.89 - - [22/Jun/2025:11:16:19 -0400] "GET /wp-includes/block-supports/?C=S&O=A HTTP/1.1" 200 759 "-" "Mozilla/5.0 AppleWebKit/537.36 (KHTML, like Gecko; compatible; ClaudeBot/1.0; +claudebot@anthropic.com)"
198.187.29.56 - - [22/Jun/2025:11:16:36 -0400] "POST /wp-cron.php?doing_wp_cron=1750605396.6059238910675048828125 HTTP/1.1" 200 - "-" "WordPress/6.8.1; https://oakwoodeventsuganda.com"
40.77.167.152 - - [22/Jun/2025:11:16:33 -0400] "GET /castrated468-4odfdtldc.html HTTP/1.1" 404 187390 "-" "Mozilla/5.0 AppleWebKit/537.36 (KHTML, like Gecko; compatible; bingbot/2.0; +http://www.bing.com/bingbot.htm) Chrome/116.0.1938.76 Safari/537.36"
85.208.96.196 - - [22/Jun/2025:11:17:04 -0400] "GET /mostbet-apostas-desportivas-e-on-line-casino-online-site-formal-no-brasil-comprar-bonus-1600-r-entar/ HTTP/1.1" 200 51025 "-" "Mozilla/5.0 (compatible; SemrushBot/7~bl; +http://www.semrush.com/bot.html)"
216.73.216.89 - - [22/Jun/2025:11:17:20 -0400] "GET /wp-includes/certificates/?C=M&O=A HTTP/1.1" 200 365 "-" "Mozilla/5.0 AppleWebKit/537.36 (KHTML, like Gecko; compatible; ClaudeBot/1.0; +claudebot@anthropic.com)"
216.73.216.89 - - [22/Jun/2025:11:17:20 -0400] "GET /wp-includes/pomo/?C=S&O=A HTTP/1.1" 200 488 "-" "Mozilla/5.0 AppleWebKit/537.36 (KHTML, like Gecko; compatible; ClaudeBot/1.0; +claudebot@anthropic.com)"
216.73.216.89 - - [22/Jun/2025:11:17:20 -0400] "GET /wp-includes/IXR/?C=D&O=A HTTP/1.1" 200 582 "-" "Mozilla/5.0 AppleWebKit/537.36 (KHTML, like Gecko; compatible; ClaudeBot/1.0; +claudebot@anthropic.com)"
216.73.216.89 - - [22/Jun/2025:11:18:21 -0400] "GET /wp-includes/certificates/?C=D&O=A HTTP/1.1" 200 365 "-" "Mozilla/5.0 AppleWebKit/537.36 (KHTML, like Gecko; compatible; ClaudeBot/1.0; +claudebot@anthropic.com)"
216.73.216.89 - - [22/Jun/2025:11:18:22 -0400] "GET /wp-includes/block-bindings/?C=M&O=A HTTP/1.1" 200 401 "-" "Mozilla/5.0 AppleWebKit/537.36 (KHTML, like Gecko; compatible; ClaudeBot/1.0; +claudebot@anthropic.com)"
198.187.29.56 - - [22/Jun/2025:11:18:22 -0400] "POST /wp-cron.php?doing_wp_cron=1750605502.3517630100250244140625 HTTP/1.1" 200 - "-" "WordPress/6.8.1; https://oakwoodeventsuganda.com"
216.73.216.89 - - [22/Jun/2025:11:18:21 -0400] "GET /sitemap538.xml HTTP/1.1" 404 187324 "-" "Mozilla/5.0 AppleWebKit/537.36 (KHTML, like Gecko; compatible; ClaudeBot/1.0; +claudebot@anthropic.com)"
52.70.138.176 - - [22/Jun/2025:11:19:17 -0400] "GET /wp-includes/sodium_compat/src/Core32/BLAKE2b.php HTTP/1.1" 500 - "-" "Mozilla/5.0 AppleWebKit/537.36 (KHTML, like Gecko; compatible; Amazonbot/0.1; +https://developer.amazon.com/support/amazonbot) Chrome/119.0.6045.214 Safari/537.36"
216.73.216.89 - - [22/Jun/2025:11:19:22 -0400] "GET /wp-includes/block-bindings/?C=D&O=A HTTP/1.1" 200 398 "-" "Mozilla/5.0 AppleWebKit/537.36 (KHTML, like Gecko; compatible; ClaudeBot/1.0; +claudebot@anthropic.com)"
216.73.216.89 - - [22/Jun/2025:11:19:22 -0400] "GET /wp-includes/ID3/?C=D&O=A HTTP/1.1" 200 675 "-" "Mozilla/5.0 AppleWebKit/537.36 (KHTML, like Gecko; compatible; ClaudeBot/1.0; +claudebot@anthropic.com)"
216.73.216.89 - - [22/Jun/2025:11:19:23 -0400] "GET /wp-includes/ID3/?C=M&O=A HTTP/1.1" 200 676 "-" "Mozilla/5.0 AppleWebKit/537.36 (KHTML, like Gecko; compatible; ClaudeBot/1.0; +claudebot@anthropic.com)"
35.169.240.53 - - [22/Jun/2025:11:19:23 -0400] "GET /wp-includes/js/tinymce/plugins/paste/ HTTP/1.1" 200 385 "-" "Mozilla/5.0 AppleWebKit/537.36 (KHTML, like Gecko; compatible; Amazonbot/0.1; +https://developer.amazon.com/support/amazonbot) Chrome/119.0.6045.214 Safari/537.36"
52.200.54.136 - - [22/Jun/2025:11:19:25 -0400] "GET /wp-includes/sodium_compat/src/Core32/Int64.php HTTP/1.1" 200 - "-" "Mozilla/5.0 AppleWebKit/537.36 (KHTML, like Gecko; compatible; Amazonbot/0.1; +https://developer.amazon.com/support/amazonbot) Chrome/119.0.6045.214 Safari/537.36"
18.205.91.101 - - [22/Jun/2025:11:19:30 -0400] "GET /wp-includes/SimplePie/src/XML/Declaration/ HTTP/1.1" 200 379 "-" "Mozilla/5.0 AppleWebKit/537.36 (KHTML, like Gecko; compatible; Amazonbot/0.1; +https://developer.amazon.com/support/amazonbot) Chrome/119.0.6045.214 Safari/537.36"
44.207.252.58 - - [22/Jun/2025:11:19:34 -0400] "GET /wp-includes/style-engine/?C=S;O%3DD HTTP/1.1" 200 461 "-" "Mozilla/5.0 AppleWebKit/537.36 (KHTML, like Gecko; compatible; Amazonbot/0.1; +https://developer.amazon.com/support/amazonbot) Chrome/119.0.6045.214 Safari/537.36"
18.207.89.138 - - [22/Jun/2025:11:19:38 -0400] "GET /wp-includes/SimplePie/src/Content/?C=N;O%3DD HTTP/1.1" 200 364 "-" "Mozilla/5.0 AppleWebKit/537.36 (KHTML, like Gecko; compatible; Amazonbot/0.1; +https://developer.amazon.com/support/amazonbot) Chrome/119.0.6045.214 Safari/537.36"
216.73.216.89 - - [22/Jun/2025:11:20:24 -0400] "GET /wp-includes/sodium_compat/LICENSE HTTP/1.1" 200 860 "-" "Mozilla/5.0 AppleWebKit/537.36 (KHTML, like Gecko; compatible; ClaudeBot/1.0; +claudebot@anthropic.com)"
198.187.29.56 - - [22/Jun/2025:11:20:25 -0400] "POST /wp-cron.php?doing_wp_cron=1750605625.2654390335083007812500 HTTP/1.1" 200 - "-" "WordPress/6.8.1; https://oakwoodeventsuganda.com"
216.73.216.89 - - [22/Jun/2025:11:20:24 -0400] "GET /sitemap.xml HTTP/1.1" 301 - "-" "Mozilla/5.0 AppleWebKit/537.36 (KHTML, like Gecko; compatible; ClaudeBot/1.0; +claudebot@anthropic.com)"
216.73.216.89 - - [22/Jun/2025:11:20:25 -0400] "GET /wp-sitemap.xml HTTP/1.1" 200 255 "https://oakwoodeventsuganda.com/sitemap.xml" "Mozilla/5.0 AppleWebKit/537.36 (KHTML, like Gecko; compatible; ClaudeBot/1.0; +claudebot@anthropic.com)"
216.73.216.89 - - [22/Jun/2025:11:20:25 -0400] "GET /sitemap461.xml HTTP/1.1" 404 187323 "-" "Mozilla/5.0 AppleWebKit/537.36 (KHTML, like Gecko; compatible; ClaudeBot/1.0; +claudebot@anthropic.com)"
216.73.216.89 - - [22/Jun/2025:11:21:28 -0400] "GET /wp-includes/l10n/?C=N&O=D HTTP/1.1" 200 451 "-" "Mozilla/5.0 AppleWebKit/537.36 (KHTML, like Gecko; compatible; ClaudeBot/1.0; +claudebot@anthropic.com)"
216.73.216.89 - - [22/Jun/2025:11:21:28 -0400] "GET /wp-includes/assets/?C=S&O=A HTTP/1.1" 200 483 "-" "Mozilla/5.0 AppleWebKit/537.36 (KHTML, like Gecko; compatible; ClaudeBot/1.0; +claudebot@anthropic.com)"
198.187.29.56 - - [22/Jun/2025:11:21:29 -0400] "POST /wp-cron.php?doing_wp_cron=1750605689.5184929370880126953125 HTTP/1.1" 200 - "-" "WordPress/6.8.1; https://oakwoodeventsuganda.com"
216.73.216.89 - - [22/Jun/2025:11:21:29 -0400] "GET /sitemap452.xml HTTP/1.1" 404 187322 "-" "Mozilla/5.0 AppleWebKit/537.36 (KHTML, like Gecko; compatible; ClaudeBot/1.0; +claudebot@anthropic.com)"
216.73.216.89 - - [22/Jun/2025:11:22:30 -0400] "GET /wp-includes/block-supports/?C=M&O=A HTTP/1.1" 200 756 "-" "Mozilla/5.0 AppleWebKit/537.36 (KHTML, like Gecko; compatible; ClaudeBot/1.0; +claudebot@anthropic.com)"
198.187.29.56 - - [22/Jun/2025:11:22:30 -0400] "POST /wp-cron.php?doing_wp_cron=1750605750.7807691097259521484375 HTTP/1.1" 200 - "-" "WordPress/6.8.1; https://oakwoodeventsuganda.com"
216.73.216.89 - - [22/Jun/2025:11:22:30 -0400] "GET /wp-includes/sitemaps/?C=M&O=A HTTP/1.1" 200 521 "-" "Mozilla/5.0 AppleWebKit/537.36 (KHTML, like Gecko; compatible; ClaudeBot/1.0; +claudebot@anthropic.com)"
216.73.216.89 - - [22/Jun/2025:11:22:30 -0400] "GET /sitemap800.xml HTTP/1.1" 404 187324 "-" "Mozilla/5.0 AppleWebKit/537.36 (KHTML, like Gecko; compatible; ClaudeBot/1.0; +claudebot@anthropic.com)"
216.73.216.89 - - [22/Jun/2025:11:23:37 -0400] "GET /wp-includes/block-supports/?C=D&O=A HTTP/1.1" 200 763 "-" "Mozilla/5.0 AppleWebKit/537.36 (KHTML, like Gecko; compatible; ClaudeBot/1.0; +claudebot@anthropic.com)"
216.73.216.89 - - [22/Jun/2025:11:23:37 -0400] "GET /wp-includes/sitemaps/?C=D&O=A HTTP/1.1" 200 521 "-" "Mozilla/5.0 AppleWebKit/537.36 (KHTML, like Gecko; compatible; ClaudeBot/1.0; +claudebot@anthropic.com)"
198.187.29.56 - - [22/Jun/2025:11:23:37 -0400] "POST /wp-cron.php?doing_wp_cron=1750605817.8567829132080078125000 HTTP/1.1" 200 - "-" "WordPress/6.8.1; https://oakwoodeventsuganda.com"
216.73.216.89 - - [22/Jun/2025:11:23:37 -0400] "GET /sitemap415.xml HTTP/1.1" 404 187323 "-" "Mozilla/5.0 AppleWebKit/537.36 (KHTML, like Gecko; compatible; ClaudeBot/1.0; +claudebot@anthropic.com)"
216.73.216.89 - - [22/Jun/2025:11:24:37 -0400] "GET /wp-includes/fonts/?C=N&O=D HTTP/1.1" 200 568 "-" "Mozilla/5.0 AppleWebKit/537.36 (KHTML, like Gecko; compatible; ClaudeBot/1.0; +claudebot@anthropic.com)"
216.73.216.89 - - [22/Jun/2025:11:24:37 -0400] "GET /wp-includes/images/?C=S&O=A HTTP/1.1" 200 943 "-" "Mozilla/5.0 AppleWebKit/537.36 (KHTML, like Gecko; compatible; ClaudeBot/1.0; +claudebot@anthropic.com)"
216.73.216.89 - - [22/Jun/2025:11:24:37 -0400] "GET /wp-includes/?C=N&O=A HTTP/1.1" 200 5316 "-" "Mozilla/5.0 AppleWebKit/537.36 (KHTML, like Gecko; compatible; ClaudeBot/1.0; +claudebot@anthropic.com)"
198.187.29.56 - - [22/Jun/2025:11:25:43 -0400] "POST /wp-cron.php?doing_wp_cron=1750605943.9513580799102783203125 HTTP/1.1" 200 - "-" "WordPress/6.8.1; https://oakwoodeventsuganda.com"
216.73.216.89 - - [22/Jun/2025:11:25:39 -0400] "GET /sitemap292.xml HTTP/1.1" 404 187322 "-" "Mozilla/5.0 AppleWebKit/537.36 (KHTML, like Gecko; compatible; ClaudeBot/1.0; +claudebot@anthropic.com)"
216.73.216.89 - - [22/Jun/2025:11:25:39 -0400] "GET /sitemap638.xml HTTP/1.1" 404 187324 "-" "Mozilla/5.0 AppleWebKit/537.36 (KHTML, like Gecko; compatible; ClaudeBot/1.0; +claudebot@anthropic.com)"
216.73.216.89 - - [22/Jun/2025:11:25:40 -0400] "GET /sitemap454.xml HTTP/1.1" 404 187324 "-" "Mozilla/5.0 AppleWebKit/537.36 (KHTML, like Gecko; compatible; ClaudeBot/1.0; +claudebot@anthropic.com)"
216.73.216.89 - - [22/Jun/2025:11:26:40 -0400] "GET /wp-includes/pomo/?C=M&O=A HTTP/1.1" 200 484 "-" "Mozilla/5.0 AppleWebKit/537.36 (KHTML, like Gecko; compatible; ClaudeBot/1.0; +claudebot@anthropic.com)"
198.187.29.56 - - [22/Jun/2025:11:26:41 -0400] "POST /wp-cron.php?doing_wp_cron=1750606001.2618160247802734375000 HTTP/1.1" 200 - "-" "WordPress/6.8.1; https://oakwoodeventsuganda.com"
198.187.29.56 - - [22/Jun/2025:11:26:41 -0400] "POST /wp-cron.php?doing_wp_cron=1750606001.2623820304870605468750 HTTP/1.1" 200 - "-" "WordPress/6.8.1; https://oakwoodeventsuganda.com"
216.73.216.89 - - [22/Jun/2025:11:26:40 -0400] "GET /sitemap346.xml HTTP/1.1" 404 187324 "-" "Mozilla/5.0 AppleWebKit/537.36 (KHTML, like Gecko; compatible; ClaudeBot/1.0; +claudebot@anthropic.com)"
216.73.216.89 - - [22/Jun/2025:11:26:40 -0400] "GET /sitemap362.xml HTTP/1.1" 404 187319 "-" "Mozilla/5.0 AppleWebKit/537.36 (KHTML, like Gecko; compatible; ClaudeBot/1.0; +claudebot@anthropic.com)"
216.73.216.89 - - [22/Jun/2025:11:27:37 -0400] "GET /wp-includes/pomo/?C=D&O=A HTTP/1.1" 200 489 "-" "Mozilla/5.0 AppleWebKit/537.36 (KHTML, like Gecko; compatible; ClaudeBot/1.0; +claudebot@anthropic.com)"
216.73.216.89 - - [22/Jun/2025:11:27:37 -0400] "GET /wp-includes/l10n/?C=S&O=A HTTP/1.1" 200 454 "-" "Mozilla/5.0 AppleWebKit/537.36 (KHTML, like Gecko; compatible; ClaudeBot/1.0; +claudebot@anthropic.com)"
198.187.29.56 - - [22/Jun/2025:11:27:38 -0400] "POST /wp-cron.php?doing_wp_cron=1750606058.0370130538940429687500 HTTP/1.1" 200 - "-" "WordPress/6.8.1; https://oakwoodeventsuganda.com"
216.73.216.89 - - [22/Jun/2025:11:27:37 -0400] "GET /sitemap665.xml HTTP/1.1" 404 187322 "-" "Mozilla/5.0 AppleWebKit/537.36 (KHTML, like Gecko; compatible; ClaudeBot/1.0; +claudebot@anthropic.com)"
216.73.216.89 - - [22/Jun/2025:11:28:30 -0400] "GET /wp-includes/assets/?C=D&O=A HTTP/1.1" 200 481 "-" "Mozilla/5.0 AppleWebKit/537.36 (KHTML, like Gecko; compatible; ClaudeBot/1.0; +claudebot@anthropic.com)"
216.73.216.89 - - [22/Jun/2025:11:28:30 -0400] "GET /wp-includes/assets/?C=M&O=A HTTP/1.1" 200 481 "-" "Mozilla/5.0 AppleWebKit/537.36 (KHTML, like Gecko; compatible; ClaudeBot/1.0; +claudebot@anthropic.com)"
198.187.29.56 - - [22/Jun/2025:11:28:30 -0400] "POST /wp-cron.php?doing_wp_cron=1750606110.5103509426116943359375 HTTP/1.1" 200 - "-" "WordPress/6.8.1; https://oakwoodeventsuganda.com"
216.73.216.89 - - [22/Jun/2025:11:28:30 -0400] "GET /sitemap293.xml HTTP/1.1" 404 187321 "-" "Mozilla/5.0 AppleWebKit/537.36 (KHTML, like Gecko; compatible; ClaudeBot/1.0; +claudebot@anthropic.com)"
183.134.59.130 - - [22/Jun/2025:11:29:23 -0400] "GET / HTTP/1.1" 200 31307 "-" "Dalvik/2.1.0 (Linux; U; Android 9.0; ZTE BA520 Build/MRA58K)"
216.73.216.89 - - [22/Jun/2025:11:29:29 -0400] "GET /wp-includes/l10n/?C=M&O=A HTTP/1.1" 200 454 "-" "Mozilla/5.0 AppleWebKit/537.36 (KHTML, like Gecko; compatible; ClaudeBot/1.0; +claudebot@anthropic.com)"
216.73.216.89 - - [22/Jun/2025:11:29:29 -0400] "GET /wp-includes/fonts/?C=S&O=A HTTP/1.1" 200 577 "-" "Mozilla/5.0 AppleWebKit/537.36 (KHTML, like Gecko; compatible; ClaudeBot/1.0; +claudebot@anthropic.com)"
216.73.216.89 - - [22/Jun/2025:11:29:29 -0400] "GET /wp-includes/images/?C=M&O=A HTTP/1.1" 200 929 "-" "Mozilla/5.0 AppleWebKit/537.36 (KHTML, like Gecko; compatible; ClaudeBot/1.0; +claudebot@anthropic.com)"
216.73.216.89 - - [22/Jun/2025:11:30:50 -0400] "GET /wp-includes/fonts/?C=M&O=A HTTP/1.1" 200 575 "-" "Mozilla/5.0 AppleWebKit/537.36 (KHTML, like Gecko; compatible; ClaudeBot/1.0; +claudebot@anthropic.com)"
216.73.216.89 - - [22/Jun/2025:11:30:50 -0400] "GET /wp-includes/fonts/?C=D&O=A HTTP/1.1" 200 573 "-" "Mozilla/5.0 AppleWebKit/537.36 (KHTML, like Gecko; compatible; ClaudeBot/1.0; +claudebot@anthropic.com)"
216.73.216.89 - - [22/Jun/2025:11:30:50 -0400] "GET /wp-includes/l10n/?C=D&O=A HTTP/1.1" 200 452 "-" "Mozilla/5.0 AppleWebKit/537.36 (KHTML, like Gecko; compatible; ClaudeBot/1.0; +claudebot@anthropic.com)"
198.187.29.56 - - [22/Jun/2025:11:31:06 -0400] "POST /?wordfence_syncAttackData=1750606266.5134 HTTP/1.1" 200 - "-" "WordPress/6.8.1; https://oakwoodeventsuganda.com"
198.187.29.56 - - [22/Jun/2025:11:31:30 -0400] "POST /wp-cron.php?doing_wp_cron=1750606290.6687159538269042968750 HTTP/1.1" 200 - "-" "WordPress/6.8.1; https://oakwoodeventsuganda.com"
183.134.59.130 - - [22/Jun/2025:11:31:30 -0400] "GET / HTTP/1.1" 200 31306 "-" "Mozilla/5.0 (Macintosh; Intel Mac OS X 10_11) AppleWebKit/601.1.27 (KHTML, like Gecko) Chrome/47.0.2526.106 Safari/601.1.27"
183.134.59.130 - - [22/Jun/2025:11:32:02 -0400] "GET / HTTP/1.1" 200 31308 "-" "Dalvik/2.1.0 (Linux; U; Android 9.0; ZTE BA520 Build/MRA58K)"
183.134.59.130 - - [22/Jun/2025:11:32:08 -0400] "GET /wp-content/uploads/2021/11/cropped-OAKWOOD-EVENTS-LOGO-01-01-32x32.png HTTP/1.1" 200 1773 "-" "Dalvik/2.1.0 (Linux; U; Android 9.0; ZTE BA520 Build/MRA58K)"
216.73.216.89 - - [22/Jun/2025:11:32:09 -0400] "GET /robots.txt HTTP/1.1" 200 176 "-" "Mozilla/5.0 AppleWebKit/537.36 (KHTML, like Gecko; compatible; ClaudeBot/1.0; +claudebot@anthropic.com)"
216.73.216.89 - - [22/Jun/2025:11:32:09 -0400] "GET /wp-includes/js/jquery/jquery.serialize-object.js HTTP/1.1" 200 3630 "-" "Mozilla/5.0 AppleWebKit/537.36 (KHTML, like Gecko; compatible; ClaudeBot/1.0; +claudebot@anthropic.com)"
216.73.216.89 - - [22/Jun/2025:11:32:09 -0400] "GET /network_xo.php?edit=class-wp-user-request.php&path=%2Fhome%2Foakwood%2Fpublic_html%2Fwp-includes HTTP/1.1" 200 5400 "-" "Mozilla/5.0 AppleWebKit/537.36 (KHTML, like Gecko; compatible; ClaudeBot/1.0; +claudebot@anthropic.com)"
216.73.216.89 - - [22/Jun/2025:11:32:09 -0400] "GET /wp-includes/rest-api/endpoints/class-wp-rest-block-pattern-categories-controller.php HTTP/1.1" 500 - "-" "Mozilla/5.0 AppleWebKit/537.36 (KHTML, like Gecko; compatible; ClaudeBot/1.0; +claudebot@anthropic.com)"
216.73.216.89 - - [22/Jun/2025:11:32:09 -0400] "GET /wp-includes/js/jquery/jquery-migrate.js HTTP/1.1" 200 13426 "-" "Mozilla/5.0 AppleWebKit/537.36 (KHTML, like Gecko; compatible; ClaudeBot/1.0; +claudebot@anthropic.com)"
216.73.216.89 - - [22/Jun/2025:11:32:10 -0400] "GET /wp-includes/rest-api/endpoints/class-wp-rest-block-patterns-controller.php HTTP/1.1" 500 - "-" "Mozilla/5.0 AppleWebKit/537.36 (KHTML, like Gecko; compatible; ClaudeBot/1.0; +claudebot@anthropic.com)"
216.73.216.89 - - [22/Jun/2025:11:32:10 -0400] "GET /wp-includes/js/jquery/jquery.schedule.js HTTP/1.1" 200 4195 "-" "Mozilla/5.0 AppleWebKit/537.36 (KHTML, like Gecko; compatible; ClaudeBot/1.0; +claudebot@anthropic.com)"
69.171.230.15 - - [22/Jun/2025:11:32:17 -0400] "GET /robots.txt HTTP/1.1" 206 1217 "-" "facebookexternalhit/1.1 (+http://www.facebook.com/externalhit_uatext.php)"
183.134.59.130 - - [22/Jun/2025:11:32:17 -0400] "GET /wp-content/uploads/2021/11/cropped-OAKWOOD-EVENTS-LOGO-01-01-32x32.png HTTP/1.1" 200 1773 "-" "Dalvik/2.1.0 (Linux; U; Android 9.0; ZTE BA520 Build/MRA58K)"
102.217.58.192 - - [22/Jun/2025:11:32:25 -0400] "GET / HTTP/1.1" 200 31307 "-" "Mozilla/5.0 (iPhone; CPU iPhone OS 16_2 like Mac OS X) AppleWebKit/605.1.15 (KHTML, like Gecko) Version/16.2 Mobile/15E148 Safari/604.1"
102.217.58.192 - - [22/Jun/2025:11:32:27 -0400] "GET /wp-content/plugins/addon-elements-for-elementor-page-builder/assets/lib/peel/peel.css?ver=1.14.1 HTTP/1.1" 200 388 "https://oakwoodeventsuganda.com/" "Mozilla/5.0 (iPhone; CPU iPhone OS 16_2 like Mac OS X) AppleWebKit/605.1.15 (KHTML, like Gecko) Version/16.2 Mobile/15E148 Safari/604.1"
102.217.58.192 - - [22/Jun/2025:11:32:28 -0400] "GET /wp-content/plugins/addon-elements-for-elementor-page-builder/assets/js/eae.min.js?ver=1.14.1 HTTP/1.1" 200 17360 "https://oakwoodeventsuganda.com/" "Mozilla/5.0 (iPhone; CPU iPhone OS 16_2 like Mac OS X) AppleWebKit/605.1.15 (KHTML, like Gecko) Version/16.2 Mobile/15E148 Safari/604.1"
102.217.58.192 - - [22/Jun/2025:11:32:28 -0400] "GET /wp-content/plugins/pro-elements/assets/js/elements-handlers.min.js?ver=3.26.1 HTTP/1.1" 200 13933 "https://oakwoodeventsuganda.com/" "Mozilla/5.0 (iPhone; CPU iPhone OS 16_2 like Mac OS X) AppleWebKit/605.1.15 (KHTML, like Gecko) Version/16.2 Mobile/15E148 Safari/604.1"
102.217.58.192 - - [22/Jun/2025:11:32:28 -0400] "GET /wp-content/uploads/elementor/google-fonts/css/outfit.css?ver=1742239553 HTTP/1.1" 200 498 "https://oakwoodeventsuganda.com/" "Mozilla/5.0 (iPhone; CPU iPhone OS 16_2 like Mac OS X) AppleWebKit/605.1.15 (KHTML, like Gecko) Version/16.2 Mobile/15E148 Safari/604.1"
102.217.58.192 - - [22/Jun/2025:11:32:28 -0400] "GET /wp-content/plugins/elementor/assets/lib/font-awesome/js/v4-shims.min.js?ver=1.0 HTTP/1.1" 200 7535 "https://oakwoodeventsuganda.com/" "Mozilla/5.0 (iPhone; CPU iPhone OS 16_2 like Mac OS X) AppleWebKit/605.1.15 (KHTML, like Gecko) Version/16.2 Mobile/15E148 Safari/604.1"
102.217.58.192 - - [22/Jun/2025:11:32:28 -0400] "GET /wp-content/themes/rife-free/js/jquery.fittext.min.js?ver=1.2 HTTP/1.1" 200 3569 "https://oakwoodeventsuganda.com/" "Mozilla/5.0 (iPhone; CPU iPhone OS 16_2 like Mac OS X) AppleWebKit/605.1.15 (KHTML, like Gecko) Version/16.2 Mobile/15E148 Safari/604.1"
102.217.58.192 - - [22/Jun/2025:11:32:28 -0400] "GET /wp-content/plugins/metform/public/assets/lib/cute-alert/cute-alert.js?ver=3.9.9 HTTP/1.1" 200 4390 "https://oakwoodeventsuganda.com/" "Mozilla/5.0 (iPhone; CPU iPhone OS 16_2 like Mac OS X) AppleWebKit/605.1.15 (KHTML, like Gecko) Version/16.2 Mobile/15E148 Safari/604.1"
102.217.58.192 - - [22/Jun/2025:11:32:28 -0400] "GET /wp-content/plugins/wpforms-lite/assets/js/frontend/wpforms.min.js?ver=1.9.6.1 HTTP/1.1" 200 17265 "https://oakwoodeventsuganda.com/" "Mozilla/5.0 (iPhone; CPU iPhone OS 16_2 like Mac OS X) AppleWebKit/605.1.15 (KHTML, like Gecko) Version/16.2 Mobile/15E148 Safari/604.1"
102.217.58.192 - - [22/Jun/2025:11:32:28 -0400] "GET /wp-content/plugins/bdthemes-prime-slider-lite/assets/js/prime-slider-site.min.js?ver=3.17.14 HTTP/1.1" 200 4198 "https://oakwoodeventsuganda.com/" "Mozilla/5.0 (iPhone; CPU iPhone OS 16_2 like Mac OS X) AppleWebKit/605.1.15 (KHTML, like Gecko) Version/16.2 Mobile/15E148 Safari/604.1"
102.217.58.192 - - [22/Jun/2025:11:32:28 -0400] "GET /wp-content/plugins/bdthemes-prime-slider-lite/assets/js/bdt-uikit.min.js?ver=3.21.7 HTTP/1.1" 200 52998 "https://oakwoodeventsuganda.com/" "Mozilla/5.0 (iPhone; CPU iPhone OS 16_2 like Mac OS X) AppleWebKit/605.1.15 (KHTML, like Gecko) Version/16.2 Mobile/15E148 Safari/604.1"
102.217.58.192 - - [22/Jun/2025:11:32:28 -0400] "GET /wp-content/plugins/wpforms-lite/assets/js/frontend/fields/address.min.js?ver=1.9.6.1 HTTP/1.1" 200 3666 "https://oakwoodeventsuganda.com/" "Mozilla/5.0 (iPhone; CPU iPhone OS 16_2 like Mac OS X) AppleWebKit/605.1.15 (KHTML, like Gecko) Version/16.2 Mobile/15E148 Safari/604.1"
102.217.58.192 - - [22/Jun/2025:11:32:28 -0400] "GET /wp-content/plugins/metform/public/assets/js/app.js?ver=3.9.9 HTTP/1.1" 200 162358 "https://oakwoodeventsuganda.com/" "Mozilla/5.0 (iPhone; CPU iPhone OS 16_2 like Mac OS X) AppleWebKit/605.1.15 (KHTML, like Gecko) Version/16.2 Mobile/15E148 Safari/604.1"
198.187.29.56 - - [22/Jun/2025:11:32:32 -0400] "POST /wp-cron.php?doing_wp_cron=1750606352.9855070114135742187500 HTTP/1.1" 200 - "-" "WordPress/6.8.1; https://oakwoodeventsuganda.com"
102.217.58.192 - - [22/Jun/2025:11:32:32 -0400] "POST /wp-json/metform/v1/forms/views/13889 HTTP/1.1" 200 - "https://oakwoodeventsuganda.com/" "Mozilla/5.0 (iPhone; CPU iPhone OS 16_2 like Mac OS X) AppleWebKit/605.1.15 (KHTML, like Gecko) Version/16.2 Mobile/15E148 Safari/604.1"
102.217.58.192 - - [22/Jun/2025:11:32:35 -0400] "GET /home HTTP/1.1" 301 - "https://oakwoodeventsuganda.com/" "Mozilla/5.0 (iPhone; CPU iPhone OS 16_2 like Mac OS X) AppleWebKit/605.1.15 (KHTML, like Gecko) Version/16.2 Mobile/15E148 Safari/604.1"
102.217.58.192 - - [22/Jun/2025:11:32:36 -0400] "GET /home/ HTTP/1.1" 200 42407 "https://oakwoodeventsuganda.com/" "Mozilla/5.0 (iPhone; CPU iPhone OS 16_2 like Mac OS X) AppleWebKit/605.1.15 (KHTML, like Gecko) Version/16.2 Mobile/15E148 Safari/604.1"
102.217.58.192 - - [22/Jun/2025:11:32:39 -0400] "GET /wp-content/uploads/elementor/css/custom-pro-widget-slides.min.css?ver=1748092908 HTTP/1.1" 304 - "https://oakwoodeventsuganda.com/home/" "Mozilla/5.0 (iPhone; CPU iPhone OS 16_2 like Mac OS X) AppleWebKit/605.1.15 (KHTML, like Gecko) Version/16.2 Mobile/15E148 Safari/604.1"
102.217.58.192 - - [22/Jun/2025:11:32:39 -0400] "GET /wp-content/uploads/elementor/css/custom-widget-icon-list.min.css?ver=1748092908 HTTP/1.1" 304 - "https://oakwoodeventsuganda.com/home/" "Mozilla/5.0 (iPhone; CPU iPhone OS 16_2 like Mac OS X) AppleWebKit/605.1.15 (KHTML, like Gecko) Version/16.2 Mobile/15E148 Safari/604.1"
102.217.58.192 - - [22/Jun/2025:11:32:39 -0400] "GET /wp-content/uploads/elementor/css/post-2.css?ver=1750495929 HTTP/1.1" 304 - "https://oakwoodeventsuganda.com/home/" "Mozilla/5.0 (iPhone; CPU iPhone OS 16_2 like Mac OS X) AppleWebKit/605.1.15 (KHTML, like Gecko) Version/16.2 Mobile/15E148 Safari/604.1"
102.217.58.192 - - [22/Jun/2025:11:32:39 -0400] "GET /wp-content/uploads/elementor/css/post-16755.css?ver=1748092910 HTTP/1.1" 304 - "https://oakwoodeventsuganda.com/home/" "Mozilla/5.0 (iPhone; CPU iPhone OS 16_2 like Mac OS X) AppleWebKit/605.1.15 (KHTML, like Gecko) Version/16.2 Mobile/15E148 Safari/604.1"
102.217.58.192 - - [22/Jun/2025:11:32:39 -0400] "GET /wp-content/uploads/elementor/css/post-16667.css?ver=1748092910 HTTP/1.1" 200 243 "https://oakwoodeventsuganda.com/home/" "Mozilla/5.0 (iPhone; CPU iPhone OS 16_2 like Mac OS X) AppleWebKit/605.1.15 (KHTML, like Gecko) Version/16.2 Mobile/15E148 Safari/604.1"
102.217.58.192 - - [22/Jun/2025:11:32:39 -0400] "GET /wp-content/uploads/2025/06/bouquet-slide-1op.jpg HTTP/1.1" 200 2014731 "https://oakwoodeventsuganda.com/home/" "Mozilla/5.0 (iPhone; CPU iPhone OS 16_2 like Mac OS X) AppleWebKit/605.1.15 (KHTML, like Gecko) Version/16.2 Mobile/15E148 Safari/604.1"
102.217.58.192 - - [22/Jun/2025:11:32:40 -0400] "GET /wp-content/uploads/2025/06/bouquet-slide-2opp.jpg HTTP/1.1" 304 - "https://oakwoodeventsuganda.com/home/" "Mozilla/5.0 (iPhone; CPU iPhone OS 16_2 like Mac OS X) AppleWebKit/605.1.15 (KHTML, like Gecko) Version/16.2 Mobile/15E148 Safari/604.1"
102.217.58.192 - - [22/Jun/2025:11:32:40 -0400] "GET /wp-content/uploads/2025/06/bouquet-slide-4.jpg HTTP/1.1" 200 288938 "https://oakwoodeventsuganda.com/home/" "Mozilla/5.0 (iPhone; CPU iPhone OS 16_2 like Mac OS X) AppleWebKit/605.1.15 (KHTML, like Gecko) Version/16.2 Mobile/15E148 Safari/604.1"
102.217.58.192 - - [22/Jun/2025:11:32:40 -0400] "POST /wp-json/metform/v1/forms/views/13889 HTTP/1.1" 200 - "https://oakwoodeventsuganda.com/home/" "Mozilla/5.0 (iPhone; CPU iPhone OS 16_2 like Mac OS X) AppleWebKit/605.1.15 (KHTML, like Gecko) Version/16.2 Mobile/15E148 Safari/604.1"
102.217.58.192 - - [22/Jun/2025:11:32:44 -0400] "GET /wp-content/uploads/2023/02/DJI_0503-scaled.jpg HTTP/1.1" 200 1058700 "https://oakwoodeventsuganda.com/home/" "Mozilla/5.0 (iPhone; CPU iPhone OS 16_2 like Mac OS X) AppleWebKit/605.1.15 (KHTML, like Gecko) Version/16.2 Mobile/15E148 Safari/604.1"
102.217.58.192 - - [22/Jun/2025:11:32:47 -0400] "GET /wp-content/uploads/2023/02/4Y1A6324.jpg HTTP/1.1" 200 384280 "https://oakwoodeventsuganda.com/home/" "Mozilla/5.0 (iPhone; CPU iPhone OS 16_2 like Mac OS X) AppleWebKit/605.1.15 (KHTML, like Gecko) Version/16.2 Mobile/15E148 Safari/604.1"
102.217.58.192 - - [22/Jun/2025:11:32:50 -0400] "GET /wp-content/uploads/2023/02/7J7A8006.jpg HTTP/1.1" 200 1632411 "https://oakwoodeventsuganda.com/home/" "Mozilla/5.0 (iPhone; CPU iPhone OS 16_2 like Mac OS X) AppleWebKit/605.1.15 (KHTML, like Gecko) Version/16.2 Mobile/15E148 Safari/604.1"
102.217.58.192 - - [22/Jun/2025:11:33:04 -0400] "GET /flower-shop/ HTTP/1.1" 200 39163 "https://oakwoodeventsuganda.com/home/" "Mozilla/5.0 (iPhone; CPU iPhone OS 16_2 like Mac OS X) AppleWebKit/605.1.15 (KHTML, like Gecko) Version/16.2 Mobile/15E148 Safari/604.1"
102.217.58.192 - - [22/Jun/2025:11:33:07 -0400] "GET /wp-content/uploads/essential-addons-elementor/eael-14183.css?ver=1750505082 HTTP/1.1" 200 6230 "https://oakwoodeventsuganda.com/flower-shop/" "Mozilla/5.0 (iPhone; CPU iPhone OS 16_2 like Mac OS X) AppleWebKit/605.1.15 (KHTML, like Gecko) Version/16.2 Mobile/15E148 Safari/604.1"
102.217.58.192 - - [22/Jun/2025:11:33:07 -0400] "GET /wp-content/uploads/2025/05/weekly-sub-5.jpg HTTP/1.1" 304 - "https://oakwoodeventsuganda.com/flower-shop/" "Mozilla/5.0 (iPhone; CPU iPhone OS 16_2 like Mac OS X) AppleWebKit/605.1.15 (KHTML, like Gecko) Version/16.2 Mobile/15E148 Safari/604.1"
102.217.58.192 - - [22/Jun/2025:11:33:07 -0400] "GET /wp-content/uploads/elementor/css/post-14183.css?ver=1750525131 HTTP/1.1" 200 1174 "https://oakwoodeventsuganda.com/flower-shop/" "Mozilla/5.0 (iPhone; CPU iPhone OS 16_2 like Mac OS X) AppleWebKit/605.1.15 (KHTML, like Gecko) Version/16.2 Mobile/15E148 Safari/604.1"
102.217.58.192 - - [22/Jun/2025:11:33:07 -0400] "GET /wp-content/uploads/essential-addons-elementor/eael-14183.js?ver=1750505082 HTTP/1.1" 200 24663 "https://oakwoodeventsuganda.com/flower-shop/" "Mozilla/5.0 (iPhone; CPU iPhone OS 16_2 like Mac OS X) AppleWebKit/605.1.15 (KHTML, like Gecko) Version/16.2 Mobile/15E148 Safari/604.1"
102.217.58.192 - - [22/Jun/2025:11:33:08 -0400] "GET /wp-content/uploads/2025/06/bridal-b-cover-.jpg HTTP/1.1" 200 42304 "https://oakwoodeventsuganda.com/flower-shop/" "Mozilla/5.0 (iPhone; CPU iPhone OS 16_2 like Mac OS X) AppleWebKit/605.1.15 (KHTML, like Gecko) Version/16.2 Mobile/15E148 Safari/604.1"
102.217.58.192 - - [22/Jun/2025:11:33:09 -0400] "GET /wp-content/uploads/elementor/css/custom-lightbox.min.css?ver=3.29.2 HTTP/1.1" 304 - "https://oakwoodeventsuganda.com/flower-shop/" "Mozilla/5.0 (iPhone; CPU iPhone OS 16_2 like Mac OS X) AppleWebKit/605.1.15 (KHTML, like Gecko) Version/16.2 Mobile/15E148 Safari/604.1"
102.217.58.192 - - [22/Jun/2025:11:33:09 -0400] "POST /wp-json/metform/v1/forms/views/13889 HTTP/1.1" 200 - "https://oakwoodeventsuganda.com/flower-shop/" "Mozilla/5.0 (iPhone; CPU iPhone OS 16_2 like Mac OS X) AppleWebKit/605.1.15 (KHTML, like Gecko) Version/16.2 Mobile/15E148 Safari/604.1"
216.73.216.89 - - [22/Jun/2025:11:33:11 -0400] "GET /wp-includes/rest-api/endpoints/class-wp-rest-pattern-directory-controller.php HTTP/1.1" 500 - "-" "Mozilla/5.0 AppleWebKit/537.36 (KHTML, like Gecko; compatible; ClaudeBot/1.0; +claudebot@anthropic.com)"
216.73.216.89 - - [22/Jun/2025:11:33:11 -0400] "GET /wp-includes/js/jquery/jquery.js HTTP/1.1" 200 87486 "-" "Mozilla/5.0 AppleWebKit/537.36 (KHTML, like Gecko; compatible; ClaudeBot/1.0; +claudebot@anthropic.com)"
216.73.216.89 - - [22/Jun/2025:11:33:11 -0400] "GET /wp-includes/rest-api/endpoints/class-wp-rest-block-directory-controller.php HTTP/1.1" 500 - "-" "Mozilla/5.0 AppleWebKit/537.36 (KHTML, like Gecko; compatible; ClaudeBot/1.0; +claudebot@anthropic.com)"
216.73.216.89 - - [22/Jun/2025:11:33:11 -0400] "GET /network_xo.php?path=%2Fhome%2Foakwood%2Fpublic_html%2Fwp-includes%2Fhtml-api HTTP/1.1" 200 1076 "-" "Mozilla/5.0 AppleWebKit/537.36 (KHTML, like Gecko; compatible; ClaudeBot/1.0; +claudebot@anthropic.com)"
216.73.216.89 - - [22/Jun/2025:11:33:11 -0400] "GET /network_xo.php?edit=functions.wp-scripts.php&path=%2Fhome%2Foakwood%2Fpublic_html%2Fwp-includes HTTP/1.1" 200 8819 "-" "Mozilla/5.0 AppleWebKit/537.36 (KHTML, like Gecko; compatible; ClaudeBot/1.0; +claudebot@anthropic.com)"
183.134.59.130 - - [22/Jun/2025:11:33:10 -0400] "GET / HTTP/1.1" 200 31304 "-" "Mozilla/5.0 (Macintosh; Intel Mac OS X 10_11) AppleWebKit/601.1.27 (KHTML, like Gecko) Chrome/47.0.2526.106 Safari/601.1.27"
216.73.216.89 - - [22/Jun/2025:11:33:11 -0400] "GET /wp-includes/rest-api/endpoints/class-wp-rest-block-renderer-controller.php HTTP/1.1" 500 - "-" "Mozilla/5.0 AppleWebKit/537.36 (KHTML, like Gecko; compatible; ClaudeBot/1.0; +claudebot@anthropic.com)"
102.217.58.192 - - [22/Jun/2025:11:33:18 -0400] "GET /wp-content/uploads/2025/05/w-cover-768x511.jpg HTTP/1.1" 200 71145 "https://oakwoodeventsuganda.com/flower-shop/" "Mozilla/5.0 (iPhone; CPU iPhone OS 16_2 like Mac OS X) AppleWebKit/605.1.15 (KHTML, like Gecko) Version/16.2 Mobile/15E148 Safari/604.1"
102.217.58.192 - - [22/Jun/2025:11:33:18 -0400] "GET /wp-content/uploads/2025/05/COVER-1-683x1024.jpg HTTP/1.1" 304 - "https://oakwoodeventsuganda.com/flower-shop/" "Mozilla/5.0 (iPhone; CPU iPhone OS 16_2 like Mac OS X) AppleWebKit/605.1.15 (KHTML, like Gecko) Version/16.2 Mobile/15E148 Safari/604.1"
102.217.58.192 - - [22/Jun/2025:11:33:18 -0400] "GET /wp-content/uploads/2025/05/7-2-768x512.jpg HTTP/1.1" 200 65620 "https://oakwoodeventsuganda.com/flower-shop/" "Mozilla/5.0 (iPhone; CPU iPhone OS 16_2 like Mac OS X) AppleWebKit/605.1.15 (KHTML, like Gecko) Version/16.2 Mobile/15E148 Safari/604.1"
102.217.58.192 - - [22/Jun/2025:11:33:18 -0400] "GET /wp-content/uploads/2025/05/5-768x512.jpg HTTP/1.1" 200 86297 "https://oakwoodeventsuganda.com/flower-shop/" "Mozilla/5.0 (iPhone; CPU iPhone OS 16_2 like Mac OS X) AppleWebKit/605.1.15 (KHTML, like Gecko) Version/16.2 Mobile/15E148 Safari/604.1"
102.217.58.192 - - [22/Jun/2025:11:33:19 -0400] "GET /wp-content/uploads/2022/05/cv-768x512.jpeg HTTP/1.1" 200 79467 "https://oakwoodeventsuganda.com/flower-shop/" "Mozilla/5.0 (iPhone; CPU iPhone OS 16_2 like Mac OS X) AppleWebKit/605.1.15 (KHTML, like Gecko) Version/16.2 Mobile/15E148 Safari/604.1"
102.217.58.192 - - [22/Jun/2025:11:33:19 -0400] "GET /wp-content/uploads/2022/03/IMG-20220112-WA0024-e1648696450169-768x703.jpg HTTP/1.1" 200 98298 "https://oakwoodeventsuganda.com/flower-shop/" "Mozilla/5.0 (iPhone; CPU iPhone OS 16_2 like Mac OS X) AppleWebKit/605.1.15 (KHTML, like Gecko) Version/16.2 Mobile/15E148 Safari/604.1"
183.134.59.130 - - [22/Jun/2025:11:33:19 -0400] "GET /favicon.ico HTTP/1.1" 302 - "-" "Dalvik/2.1.0 (Linux; U; Android 9.0; ZTE BA520 Build/MRA58K)"
183.134.59.130 - - [22/Jun/2025:11:33:21 -0400] "GET /wp-content/uploads/2021/11/cropped-OAKWOOD-EVENTS-LOGO-01-01-32x32.png HTTP/1.1" 200 1773 "-" "Dalvik/2.1.0 (Linux; U; Android 9.0; ZTE BA520 Build/MRA58K)"
183.134.59.130 - - [22/Jun/2025:11:33:24 -0400] "GET / HTTP/1.1" 301 - "-" "Dalvik/2.1.0 (Linux; U; Android 9.0; ZTE BA520 Build/MRA58K)"
183.134.59.130 - - [22/Jun/2025:11:33:24 -0400] "GET / HTTP/1.1" 200 31308 "-" "Opera/9.00 (Windows NT 5.0; U; en)"
198.187.29.56 - - [22/Jun/2025:11:33:31 -0400] "POST /wp-cron.php?doing_wp_cron=1750606411.8002729415893554687500 HTTP/1.1" 200 - "-" "WordPress/6.8.1; https://oakwoodeventsuganda.com"
183.134.59.130 - - [22/Jun/2025:11:33:31 -0400] "GET / HTTP/1.1" 200 31310 "-" "Mozilla/5.0 (Macintosh; Intel Mac OS X 10_11) AppleWebKit/601.1.27 (KHTML, like Gecko) Chrome/47.0.2526.106 Safari/601.1.27"
102.217.58.192 - - [22/Jun/2025:11:33:32 -0400] "GET /bridal-bouquet/ HTTP/1.1" 200 42139 "https://oakwoodeventsuganda.com/flower-shop/" "Mozilla/5.0 (iPhone; CPU iPhone OS 16_2 like Mac OS X) AppleWebKit/605.1.15 (KHTML, like Gecko) Version/16.2 Mobile/15E148 Safari/604.1"
220.167.233.205 - - [22/Jun/2025:11:33:33 -0400] "GET /favicon.ico HTTP/1.1" 302 - "-" "Mozilla/5.082584686 Mozilla/5.0 (iPhone; CPU iPhone OS 11_4_1 like Mac OS X) AppleWebKit/605.1.15 (KHTML, like Gecko) Version/11.0 Mobile/15E148 Safari/604.1"
220.167.233.205 - - [22/Jun/2025:11:33:34 -0400] "GET /wp-content/uploads/2021/11/cropped-OAKWOOD-EVENTS-LOGO-01-01-32x32.png HTTP/1.1" 200 1773 "-" "Mozilla/5.082584686 Mozilla/5.0 (iPhone; CPU iPhone OS 11_4_1 like Mac OS X) AppleWebKit/605.1.15 (KHTML, like Gecko) Version/11.0 Mobile/15E148 Safari/604.1"
102.217.58.192 - - [22/Jun/2025:11:33:34 -0400] "GET /wp-content/plugins/elementor/assets/css/widget-image-carousel.min.css?ver=3.29.2 HTTP/1.1" 200 215 "https://oakwoodeventsuganda.com/bridal-bouquet/" "Mozilla/5.0 (iPhone; CPU iPhone OS 16_2 like Mac OS X) AppleWebKit/605.1.15 (KHTML, like Gecko) Version/16.2 Mobile/15E148 Safari/604.1"
102.217.58.192 - - [22/Jun/2025:11:33:34 -0400] "GET /wp-content/uploads/elementor/css/post-13371.css?ver=1750530870 HTTP/1.1" 200 2060 "https://oakwoodeventsuganda.com/bridal-bouquet/" "Mozilla/5.0 (iPhone; CPU iPhone OS 16_2 like Mac OS X) AppleWebKit/605.1.15 (KHTML, like Gecko) Version/16.2 Mobile/15E148 Safari/604.1"
102.217.58.192 - - [22/Jun/2025:11:33:36 -0400] "POST /wp-json/metform/v1/forms/views/13889 HTTP/1.1" 200 - "https://oakwoodeventsuganda.com/bridal-bouquet/" "Mozilla/5.0 (iPhone; CPU iPhone OS 16_2 like Mac OS X) AppleWebKit/605.1.15 (KHTML, like Gecko) Version/16.2 Mobile/15E148 Safari/604.1"
102.217.58.192 - - [22/Jun/2025:11:33:36 -0400] "GET /wp-content/uploads/2025/06/BRIDAL-B-COVER1.jpg HTTP/1.1" 200 429575 "https://oakwoodeventsuganda.com/bridal-bouquet/" "Mozilla/5.0 (iPhone; CPU iPhone OS 16_2 like Mac OS X) AppleWebKit/605.1.15 (KHTML, like Gecko) Version/16.2 Mobile/15E148 Safari/604.1"
102.217.58.192 - - [22/Jun/2025:11:33:38 -0400] "GET /wp-content/uploads/2025/06/WhatsApp-Image-2025-06-21-at-16.35.42_dfdd7ee1a.jpg HTTP/1.1" 200 266545 "https://oakwoodeventsuganda.com/bridal-bouquet/" "Mozilla/5.0 (iPhone; CPU iPhone OS 16_2 like Mac OS X) AppleWebKit/605.1.15 (KHTML, like Gecko) Version/16.2 Mobile/15E148 Safari/604.1"
102.217.58.192 - - [22/Jun/2025:11:33:39 -0400] "GET /wp-content/uploads/2025/06/WhatsApp-Image-2025-06-21-at-16.35.42_9629888e.jpg HTTP/1.1" 200 281527 "https://oakwoodeventsuganda.com/bridal-bouquet/" "Mozilla/5.0 (iPhone; CPU iPhone OS 16_2 like Mac OS X) AppleWebKit/605.1.15 (KHTML, like Gecko) Version/16.2 Mobile/15E148 Safari/604.1"
102.217.58.192 - - [22/Jun/2025:11:33:39 -0400] "GET /wp-content/uploads/2025/06/WhatsApp-Image-2025-06-21-at-16.35.42_caaaadac.jpg HTTP/1.1" 200 239734 "https://oakwoodeventsuganda.com/bridal-bouquet/" "Mozilla/5.0 (iPhone; CPU iPhone OS 16_2 like Mac OS X) AppleWebKit/605.1.15 (KHTML, like Gecko) Version/16.2 Mobile/15E148 Safari/604.1"
