216.73.216.89 - - [22/Jun/2025:10:21:55 -0400] "GET /wp-includes/IXR/class-IXR-message.php HTTP/1.1" 200 - "-" "Mozilla/5.0 AppleWebKit/537.36 (KHTML, like Gecko; compatible; ClaudeBot/1.0; +claudebot@anthropic.com)"
216.73.216.89 - - [22/Jun/2025:10:21:54 -0400] "GET /wp-includes/SimplePie/src/ HTTP/1.1" 200 821 "https://oakwoodeventsuganda.com/wp-includes/SimplePie/src" "Mozilla/5.0 AppleWebKit/537.36 (KHTML, like Gecko; compatible; ClaudeBot/1.0; +claudebot@anthropic.com)"
198.187.29.56 - - [22/Jun/2025:10:21:56 -0400] "POST /wp-cron.php?doing_wp_cron=1750602116.3955030441284179687500 HTTP/1.1" 200 - "-" "WordPress/6.8.1; https://oakwoodeventsuganda.com"
66.249.74.72 - - [22/Jun/2025:10:21:55 -0400] "GET /shopdetail/5305940/ HTTP/1.1" 404 187347 "-" "Mozilla/5.0 (Linux; Android 6.0.1; Nexus 5X Build/MMB29P) AppleWebKit/537.36 (KHTML, like Gecko) Chrome/137.0.7151.103 Mobile Safari/537.36 (compatible; GoogleOther)"
85.208.96.203 - - [22/Jun/2025:10:21:56 -0400] "GET /skachat-pin-up-kz-na-android-posetiteliam-prilozhenie-na-telefon/ HTTP/1.1" 200 53508 "-" "Mozilla/5.0 (compatible; SemrushBot/7~bl; +http://www.semrush.com/bot.html)"
216.73.216.89 - - [22/Jun/2025:10:22:52 -0400] "GET /wp-includes/SimplePie/library HTTP/1.1" 301 270 "-" "Mozilla/5.0 AppleWebKit/537.36 (KHTML, like Gecko; compatible; ClaudeBot/1.0; +claudebot@anthropic.com)"
216.73.216.89 - - [22/Jun/2025:10:22:52 -0400] "GET /wp-includes/sitemaps/class-wp-sitemaps-provider.php HTTP/1.1" 200 - "-" "Mozilla/5.0 AppleWebKit/537.36 (KHTML, like Gecko; compatible; ClaudeBot/1.0; +claudebot@anthropic.com)"
216.73.216.89 - - [22/Jun/2025:10:22:52 -0400] "GET /wp-includes/fonts/class-wp-font-face-resolver.php HTTP/1.1" 200 - "-" "Mozilla/5.0 AppleWebKit/537.36 (KHTML, like Gecko; compatible; ClaudeBot/1.0; +claudebot@anthropic.com)"
216.73.216.89 - - [22/Jun/2025:10:22:52 -0400] "GET /wp-includes/PHPMailer/Exception.php HTTP/1.1" 200 - "-" "Mozilla/5.0 AppleWebKit/537.36 (KHTML, like Gecko; compatible; ClaudeBot/1.0; +claudebot@anthropic.com)"
216.73.216.89 - - [22/Jun/2025:10:22:52 -0400] "GET /wp-includes/SimplePie/library/ HTTP/1.1" 200 391 "https://oakwoodeventsuganda.com/wp-includes/SimplePie/library" "Mozilla/5.0 AppleWebKit/537.36 (KHTML, like Gecko; compatible; ClaudeBot/1.0; +claudebot@anthropic.com)"
198.187.29.56 - - [22/Jun/2025:10:23:34 -0400] "POST /wp-cron.php?doing_wp_cron=1750602214.9261860847473144531250 HTTP/1.1" 200 - "-" "WordPress/6.8.1; https://oakwoodeventsuganda.com"
185.191.171.13 - - [22/Jun/2025:10:23:34 -0400] "GET /%D0%BB%D1%83%D1%87%D1%88%D0%B8%D0%B5-%D0%B7%D0%B0%D1%80%D1%83%D0%B1%D0%B5%D0%B6%D0%BD%D1%8B%D0%B5-%D0%BE%D0%BD%D0%BB%D0%B0%D0%B9%D0%BD-%D0%BA%D0%B0%D0%B7%D0%B8%D0%BD%D0%BE-%D0%B4%D0%BB%D1%8F-%D1%81/ HTTP/1.1" 200 43291 "-" "Mozilla/5.0 (compatible; SemrushBot/7~bl; +http://www.semrush.com/bot.html)"
66.249.74.74 - - [22/Jun/2025:10:23:46 -0400] "GET /shopdetail/4813851/ HTTP/1.1" 404 187348 "-" "Mozilla/5.0 (Linux; Android 6.0.1; Nexus 5X Build/MMB29P) AppleWebKit/537.36 (KHTML, like Gecko) Chrome/137.0.7151.103 Mobile Safari/537.36 (compatible; GoogleOther)"
216.73.216.89 - - [22/Jun/2025:10:23:48 -0400] "GET /wp-includes/css/wp-empty-template-alert.css HTTP/1.1" 200 240 "-" "Mozilla/5.0 AppleWebKit/537.36 (KHTML, like Gecko; compatible; ClaudeBot/1.0; +claudebot@anthropic.com)"
216.73.216.89 - - [22/Jun/2025:10:23:48 -0400] "GET /wp-includes/fonts/class-wp-font-library.php HTTP/1.1" 200 - "-" "Mozilla/5.0 AppleWebKit/537.36 (KHTML, like Gecko; compatible; ClaudeBot/1.0; +claudebot@anthropic.com)"
216.73.216.89 - - [22/Jun/2025:10:23:48 -0400] "GET /wp-includes/ID3/module.audio.dts.php HTTP/1.1" 200 - "-" "Mozilla/5.0 AppleWebKit/537.36 (KHTML, like Gecko; compatible; ClaudeBot/1.0; +claudebot@anthropic.com)"
216.73.216.89 - - [22/Jun/2025:10:23:48 -0400] "GET /wp-includes/css/customize-preview-rtl.min.css HTTP/1.1" 200 856 "-" "Mozilla/5.0 AppleWebKit/537.36 (KHTML, like Gecko; compatible; ClaudeBot/1.0; +claudebot@anthropic.com)"
198.187.29.56 - - [22/Jun/2025:10:25:07 -0400] "POST /wp-cron.php?doing_wp_cron=1750602307.2787959575653076171875 HTTP/1.1" 200 - "-" "WordPress/6.8.1; https://oakwoodeventsuganda.com"
40.77.167.22 - - [22/Jun/2025:10:25:06 -0400] "GET /urry6d-0dgpq0cvc.html HTTP/1.1" 404 187361 "-" "Mozilla/5.0 AppleWebKit/537.36 (KHTML, like Gecko; compatible; bingbot/2.0; +http://www.bing.com/bingbot.htm) Chrome/116.0.1938.76 Safari/537.36"
198.187.29.56 - - [22/Jun/2025:10:25:33 -0400] "POST /wp-cron.php?doing_wp_cron=1750602333.4983649253845214843750 HTTP/1.1" 200 - "-" "WordPress/6.8.1; https://oakwoodeventsuganda.com"
66.249.74.73 - - [22/Jun/2025:10:25:33 -0400] "GET /shopdetail/11605462/ HTTP/1.1" 404 187354 "-" "Mozilla/5.0 (Linux; Android 6.0.1; Nexus 5X Build/MMB29P) AppleWebKit/537.36 (KHTML, like Gecko) Chrome/137.0.7151.103 Mobile Safari/537.36 (compatible; GoogleOther)"
216.73.216.89 - - [22/Jun/2025:10:25:36 -0400] "GET /wp-includes/block-supports/utils.php HTTP/1.1" 200 - "-" "Mozilla/5.0 AppleWebKit/537.36 (KHTML, like Gecko; compatible; ClaudeBot/1.0; +claudebot@anthropic.com)"
216.73.216.89 - - [22/Jun/2025:10:25:36 -0400] "GET /wp-includes/ID3/getid3.php HTTP/1.1" 200 - "-" "Mozilla/5.0 AppleWebKit/537.36 (KHTML, like Gecko; compatible; ClaudeBot/1.0; +claudebot@anthropic.com)"
216.73.216.89 - - [22/Jun/2025:10:25:36 -0400] "GET /wp-includes/block-bindings/pattern-overrides.php HTTP/1.1" 500 - "-" "Mozilla/5.0 AppleWebKit/537.36 (KHTML, like Gecko; compatible; ClaudeBot/1.0; +claudebot@anthropic.com)"
216.73.216.89 - - [22/Jun/2025:10:25:36 -0400] "GET /wp-includes/css/wp-pointer.min.css HTTP/1.1" 200 940 "-" "Mozilla/5.0 AppleWebKit/537.36 (KHTML, like Gecko; compatible; ClaudeBot/1.0; +claudebot@anthropic.com)"
216.73.216.89 - - [22/Jun/2025:10:26:32 -0400] "GET /wp-includes/css/wp-auth-check-rtl.min.css HTTP/1.1" 200 744 "-" "Mozilla/5.0 AppleWebKit/537.36 (KHTML, like Gecko; compatible; ClaudeBot/1.0; +claudebot@anthropic.com)"
216.73.216.89 - - [22/Jun/2025:10:26:32 -0400] "GET /wp-includes/css/admin-bar-rtl.css HTTP/1.1" 200 4877 "-" "Mozilla/5.0 AppleWebKit/537.36 (KHTML, like Gecko; compatible; ClaudeBot/1.0; +claudebot@anthropic.com)"
216.73.216.89 - - [22/Jun/2025:10:26:32 -0400] "GET /wp-includes/ID3/module.audio-video.riff.php HTTP/1.1" 200 - "-" "Mozilla/5.0 AppleWebKit/537.36 (KHTML, like Gecko; compatible; ClaudeBot/1.0; +claudebot@anthropic.com)"
216.73.216.89 - - [22/Jun/2025:10:26:32 -0400] "GET /wp-includes/fonts/class-wp-font-collection.php HTTP/1.1" 200 - "-" "Mozilla/5.0 AppleWebKit/537.36 (KHTML, like Gecko; compatible; ClaudeBot/1.0; +claudebot@anthropic.com)"
198.187.29.56 - - [22/Jun/2025:10:26:50 -0400] "POST /wp-cron.php?doing_wp_cron=1750602410.2214419841766357421875 HTTP/1.1" 200 - "-" "WordPress/6.8.1; https://oakwoodeventsuganda.com"
85.208.96.212 - - [22/Jun/2025:10:26:49 -0400] "GET /book-of-ra-slot-gioca-a-book-associated-with-ra-gratis-throughout-versione-demo/ HTTP/1.1" 200 51808 "-" "Mozilla/5.0 (compatible; SemrushBot/7~bl; +http://www.semrush.com/bot.html)"
216.73.216.89 - - [22/Jun/2025:10:27:22 -0400] "GET /wp-includes/css/wp-embed-template-ie.min.css HTTP/1.1" 200 794 "-" "Mozilla/5.0 AppleWebKit/537.36 (KHTML, like Gecko; compatible; ClaudeBot/1.0; +claudebot@anthropic.com)"
216.73.216.89 - - [22/Jun/2025:10:27:22 -0400] "GET /wp-includes/ID3/module.audio.ac3.php HTTP/1.1" 200 - "-" "Mozilla/5.0 AppleWebKit/537.36 (KHTML, like Gecko; compatible; ClaudeBot/1.0; +claudebot@anthropic.com)"
216.73.216.89 - - [22/Jun/2025:10:27:22 -0400] "GET /wp-includes/pomo/entry.php HTTP/1.1" 200 - "-" "Mozilla/5.0 AppleWebKit/537.36 (KHTML, like Gecko; compatible; ClaudeBot/1.0; +claudebot@anthropic.com)"
216.73.216.89 - - [22/Jun/2025:10:27:22 -0400] "GET /wp-includes/css/customize-preview.min.css HTTP/1.1" 200 857 "-" "Mozilla/5.0 AppleWebKit/537.36 (KHTML, like Gecko; compatible; ClaudeBot/1.0; +claudebot@anthropic.com)"
40.77.167.143 - - [22/Jun/2025:10:27:28 -0400] "GET /bur59-48v6w38ze.html HTTP/1.1" 404 187354 "-" "Mozilla/5.0 AppleWebKit/537.36 (KHTML, like Gecko; compatible; bingbot/2.0; +http://www.bing.com/bingbot.htm) Chrome/116.0.1938.76 Safari/537.36"
198.187.29.56 - - [22/Jun/2025:10:28:01 -0400] "POST /wp-cron.php?doing_wp_cron=1750602481.3148379325866699218750 HTTP/1.1" 200 - "-" "WordPress/6.8.1; https://oakwoodeventsuganda.com"
51.222.253.5 - - [22/Jun/2025:10:28:00 -0400] "GET /sitemap.xml HTTP/1.1" 301 - "-" "Mozilla/5.0 (compatible; AhrefsBot/7.0; +http://ahrefs.com/robot/)"
51.222.253.5 - - [22/Jun/2025:10:28:01 -0400] "GET /wp-sitemap.xml HTTP/1.1" 200 255 "-" "Mozilla/5.0 (compatible; AhrefsBot/7.0; +http://ahrefs.com/robot/)"
51.222.253.10 - - [22/Jun/2025:10:28:05 -0400] "GET /wp-sitemap-posts-post-1.xml HTTP/1.1" 200 27605 "-" "Mozilla/5.0 (compatible; AhrefsBot/7.0; +http://ahrefs.com/robot/)"
51.222.253.8 - - [22/Jun/2025:10:28:09 -0400] "GET /wp-sitemap-posts-page-1.xml HTTP/1.1" 200 476 "-" "Mozilla/5.0 (compatible; AhrefsBot/7.0; +http://ahrefs.com/robot/)"
216.73.216.89 - - [22/Jun/2025:10:28:14 -0400] "GET /wp-includes/assets/script-loader-packages.php HTTP/1.1" 200 - "-" "Mozilla/5.0 AppleWebKit/537.36 (KHTML, like Gecko; compatible; ClaudeBot/1.0; +claudebot@anthropic.com)"
216.73.216.89 - - [22/Jun/2025:10:28:14 -0400] "GET /wp-includes/theme-compat/footer-embed.php HTTP/1.1" 500 - "-" "Mozilla/5.0 AppleWebKit/537.36 (KHTML, like Gecko; compatible; ClaudeBot/1.0; +claudebot@anthropic.com)"
216.73.216.89 - - [22/Jun/2025:10:28:14 -0400] "GET /wp-includes/css/buttons-rtl.min.css HTTP/1.1" 200 1471 "-" "Mozilla/5.0 AppleWebKit/537.36 (KHTML, like Gecko; compatible; ClaudeBot/1.0; +claudebot@anthropic.com)"
216.73.216.89 - - [22/Jun/2025:10:28:14 -0400] "GET /wp-includes/ID3/module.audio-video.matroska.php HTTP/1.1" 200 - "-" "Mozilla/5.0 AppleWebKit/537.36 (KHTML, like Gecko; compatible; ClaudeBot/1.0; +claudebot@anthropic.com)"
51.222.253.8 - - [22/Jun/2025:10:28:14 -0400] "GET /wp-sitemap-posts-album-1.xml HTTP/1.1" 200 228 "-" "Mozilla/5.0 (compatible; AhrefsBot/7.0; +http://ahrefs.com/robot/)"
51.222.253.17 - - [22/Jun/2025:10:28:19 -0400] "GET /wp-sitemap-posts-work-1.xml HTTP/1.1" 200 571 "-" "Mozilla/5.0 (compatible; AhrefsBot/7.0; +http://ahrefs.com/robot/)"
51.222.253.9 - - [22/Jun/2025:10:28:24 -0400] "GET /wp-sitemap-posts-metform-form-1.xml HTTP/1.1" 200 272 "-" "Mozilla/5.0 (compatible; AhrefsBot/7.0; +http://ahrefs.com/robot/)"
51.222.253.9 - - [22/Jun/2025:10:28:28 -0400] "GET /wp-sitemap-taxonomies-category-1.xml HTTP/1.1" 200 1020 "-" "Mozilla/5.0 (compatible; AhrefsBot/7.0; +http://ahrefs.com/robot/)"
198.187.29.56 - - [22/Jun/2025:10:28:33 -0400] "POST /wp-cron.php?doing_wp_cron=1750602513.8275160789489746093750 HTTP/1.1" 200 - "-" "WordPress/6.8.1; https://oakwoodeventsuganda.com"
51.222.253.17 - - [22/Jun/2025:10:28:33 -0400] "GET /wp-sitemap-taxonomies-post_tag-1.xml HTTP/1.1" 200 394 "-" "Mozilla/5.0 (compatible; AhrefsBot/7.0; +http://ahrefs.com/robot/)"
216.73.216.89 - - [22/Jun/2025:10:29:05 -0400] "GET /wp-includes/ID3/readme.txt HTTP/1.1" 200 10301 "-" "Mozilla/5.0 AppleWebKit/537.36 (KHTML, like Gecko; compatible; ClaudeBot/1.0; +claudebot@anthropic.com)"
216.73.216.89 - - [22/Jun/2025:10:29:05 -0400] "GET /wp-includes/block-supports/layout.php HTTP/1.1" 500 - "-" "Mozilla/5.0 AppleWebKit/537.36 (KHTML, like Gecko; compatible; ClaudeBot/1.0; +claudebot@anthropic.com)"
216.73.216.89 - - [22/Jun/2025:10:29:06 -0400] "GET /wp-includes/css/wp-empty-template-alert.min.css HTTP/1.1" 200 240 "-" "Mozilla/5.0 AppleWebKit/537.36 (KHTML, like Gecko; compatible; ClaudeBot/1.0; +claudebot@anthropic.com)"
216.73.216.89 - - [22/Jun/2025:10:30:05 -0400] "GET /wp-includes/block-supports/block-style-variations.php HTTP/1.1" 500 - "-" "Mozilla/5.0 AppleWebKit/537.36 (KHTML, like Gecko; compatible; ClaudeBot/1.0; +claudebot@anthropic.com)"
216.73.216.89 - - [22/Jun/2025:10:30:05 -0400] "GET /wp-includes/pomo/po.php HTTP/1.1" 200 - "-" "Mozilla/5.0 AppleWebKit/537.36 (KHTML, like Gecko; compatible; ClaudeBot/1.0; +claudebot@anthropic.com)"
216.73.216.89 - - [22/Jun/2025:10:30:05 -0400] "GET /wp-includes/PHPMailer/SMTP.php HTTP/1.1" 200 - "-" "Mozilla/5.0 AppleWebKit/537.36 (KHTML, like Gecko; compatible; ClaudeBot/1.0; +claudebot@anthropic.com)"
198.187.29.56 - - [22/Jun/2025:10:31:07 -0400] "POST /wp-cron.php?doing_wp_cron=1750602667.8278748989105224609375 HTTP/1.1" 200 - "-" "WordPress/6.8.1; https://oakwoodeventsuganda.com"
40.77.167.44 - - [22/Jun/2025:10:31:07 -0400] "GET /ignis54-40nc6zx5d.html HTTP/1.1" 404 187364 "-" "Mozilla/5.0 AppleWebKit/537.36 (KHTML, like Gecko; compatible; bingbot/2.0; +http://www.bing.com/bingbot.htm) Chrome/116.0.1938.76 Safari/537.36"
216.73.216.89 - - [22/Jun/2025:10:31:10 -0400] "GET /wp-includes/sodium_compat/src HTTP/1.1" 301 270 "-" "Mozilla/5.0 AppleWebKit/537.36 (KHTML, like Gecko; compatible; ClaudeBot/1.0; +claudebot@anthropic.com)"
216.73.216.89 - - [22/Jun/2025:10:31:10 -0400] "GET /wp-includes/css/media-views-rtl.css HTTP/1.1" 200 10476 "-" "Mozilla/5.0 AppleWebKit/537.36 (KHTML, like Gecko; compatible; ClaudeBot/1.0; +claudebot@anthropic.com)"
216.73.216.89 - - [22/Jun/2025:10:31:11 -0400] "GET /wp-includes/theme-compat/embed-404.php HTTP/1.1" 500 52 "-" "Mozilla/5.0 AppleWebKit/537.36 (KHTML, like Gecko; compatible; ClaudeBot/1.0; +claudebot@anthropic.com)"
216.73.216.89 - - [22/Jun/2025:10:31:11 -0400] "GET /wp-includes/sodium_compat/src/ HTTP/1.1" 200 535 "https://oakwoodeventsuganda.com/wp-includes/sodium_compat/src" "Mozilla/5.0 AppleWebKit/537.36 (KHTML, like Gecko; compatible; ClaudeBot/1.0; +claudebot@anthropic.com)"
216.73.216.89 - - [22/Jun/2025:10:32:08 -0400] "GET /robots.txt HTTP/1.1" 200 176 "-" "Mozilla/5.0 AppleWebKit/537.36 (KHTML, like Gecko; compatible; ClaudeBot/1.0; +claudebot@anthropic.com)"
216.73.216.89 - - [22/Jun/2025:10:32:08 -0400] "GET /wp-includes/theme-compat/comments.php HTTP/1.1" 500 - "-" "Mozilla/5.0 AppleWebKit/537.36 (KHTML, like Gecko; compatible; ClaudeBot/1.0; +claudebot@anthropic.com)"
216.73.216.89 - - [22/Jun/2025:10:32:08 -0400] "GET /wp-includes/css/admin-bar-rtl.min.css HTTP/1.1" 200 3802 "-" "Mozilla/5.0 AppleWebKit/537.36 (KHTML, like Gecko; compatible; ClaudeBot/1.0; +claudebot@anthropic.com)"
216.73.216.89 - - [22/Jun/2025:10:32:08 -0400] "GET /wp-includes/theme-compat/header.php HTTP/1.1" 500 - "-" "Mozilla/5.0 AppleWebKit/537.36 (KHTML, like Gecko; compatible; ClaudeBot/1.0; +claudebot@anthropic.com)"
216.73.216.89 - - [22/Jun/2025:10:33:04 -0400] "GET /wp-includes/theme-compat/embed.php HTTP/1.1" 500 - "-" "Mozilla/5.0 AppleWebKit/537.36 (KHTML, like Gecko; compatible; ClaudeBot/1.0; +claudebot@anthropic.com)"
216.73.216.89 - - [22/Jun/2025:10:33:04 -0400] "GET /wp-includes/block-bindings/post-meta.php HTTP/1.1" 500 - "-" "Mozilla/5.0 AppleWebKit/537.36 (KHTML, like Gecko; compatible; ClaudeBot/1.0; +claudebot@anthropic.com)"
216.73.216.89 - - [22/Jun/2025:10:33:04 -0400] "GET /wp-includes/css/editor.css HTTP/1.1" 200 6598 "-" "Mozilla/5.0 AppleWebKit/537.36 (KHTML, like Gecko; compatible; ClaudeBot/1.0; +claudebot@anthropic.com)"
198.187.29.56 - - [22/Jun/2025:10:33:53 -0400] "POST /wp-cron.php?doing_wp_cron=1750602833.7546589374542236328125 HTTP/1.1" 200 - "-" "WordPress/6.8.1; https://oakwoodeventsuganda.com"
216.73.216.89 - - [22/Jun/2025:10:33:53 -0400] "GET /wp-includes/ID3/module.tag.apetag.php HTTP/1.1" 200 - "-" "Mozilla/5.0 AppleWebKit/537.36 (KHTML, like Gecko; compatible; ClaudeBot/1.0; +claudebot@anthropic.com)"
216.73.216.89 - - [22/Jun/2025:10:33:53 -0400] "GET /wp-includes/theme-compat/embed-content.php HTTP/1.1" 500 6 "-" "Mozilla/5.0 AppleWebKit/537.36 (KHTML, like Gecko; compatible; ClaudeBot/1.0; +claudebot@anthropic.com)"
216.73.216.89 - - [22/Jun/2025:10:33:53 -0400] "GET /wp-includes/sitemaps/class-wp-sitemaps.php HTTP/1.1" 200 - "-" "Mozilla/5.0 AppleWebKit/537.36 (KHTML, like Gecko; compatible; ClaudeBot/1.0; +claudebot@anthropic.com)"
77.75.77.101 - - [22/Jun/2025:10:33:53 -0400] "GET /sitemap404.xml HTTP/1.1" 404 187325 "-" "Mozilla/5.0 (compatible; SeznamBot/4.0; +https://o-seznam.cz/napoveda/vyhledavani/en/seznambot-crawler/)"
113.187.88.31 - - [22/Jun/2025:10:33:58 -0400] "GET /category/vulkan-vegas-germany/ HTTP/1.1" 404 187409 "-" "Mozilla/5.0 (Windows NT 10.0; Win64; x64; rv:123.0) Gecko/20100101 Firefox/123.0"
216.73.216.89 - - [22/Jun/2025:10:34:49 -0400] "GET /wp-includes/css/dashicons.css HTTP/1.1" 200 36384 "-" "Mozilla/5.0 AppleWebKit/537.36 (KHTML, like Gecko; compatible; ClaudeBot/1.0; +claudebot@anthropic.com)"
216.73.216.89 - - [22/Jun/2025:10:34:49 -0400] "GET /wp-includes/ID3/module.audio-video.flv.php HTTP/1.1" 200 - "-" "Mozilla/5.0 AppleWebKit/537.36 (KHTML, like Gecko; compatible; ClaudeBot/1.0; +claudebot@anthropic.com)"
216.73.216.89 - - [22/Jun/2025:10:34:49 -0400] "GET /wp-includes/l10n/class-wp-translation-file.php HTTP/1.1" 200 - "-" "Mozilla/5.0 AppleWebKit/537.36 (KHTML, like Gecko; compatible; ClaudeBot/1.0; +claudebot@anthropic.com)"
216.73.216.89 - - [22/Jun/2025:10:35:46 -0400] "GET /wp-includes/css/wp-auth-check.css HTTP/1.1" 200 866 "-" "Mozilla/5.0 AppleWebKit/537.36 (KHTML, like Gecko; compatible; ClaudeBot/1.0; +claudebot@anthropic.com)"
216.73.216.89 - - [22/Jun/2025:10:35:46 -0400] "GET /wp-includes/css/wp-embed-template.css HTTP/1.1" 200 2064 "-" "Mozilla/5.0 AppleWebKit/537.36 (KHTML, like Gecko; compatible; ClaudeBot/1.0; +claudebot@anthropic.com)"
216.73.216.89 - - [22/Jun/2025:10:35:46 -0400] "GET /wp-includes/css/editor-rtl.css HTTP/1.1" 200 6621 "-" "Mozilla/5.0 AppleWebKit/537.36 (KHTML, like Gecko; compatible; ClaudeBot/1.0; +claudebot@anthropic.com)"
216.73.216.89 - - [22/Jun/2025:10:36:46 -0400] "GET /wp-includes/block-supports/elements.php HTTP/1.1" 500 - "-" "Mozilla/5.0 AppleWebKit/537.36 (KHTML, like Gecko; compatible; ClaudeBot/1.0; +claudebot@anthropic.com)"
216.73.216.89 - - [22/Jun/2025:10:36:46 -0400] "GET /wp-includes/block-supports/align.php HTTP/1.1" 500 - "-" "Mozilla/5.0 AppleWebKit/537.36 (KHTML, like Gecko; compatible; ClaudeBot/1.0; +claudebot@anthropic.com)"
216.73.216.89 - - [22/Jun/2025:10:36:46 -0400] "GET /wp-includes/pomo/mo.php HTTP/1.1" 200 - "-" "Mozilla/5.0 AppleWebKit/537.36 (KHTML, like Gecko; compatible; ClaudeBot/1.0; +claudebot@anthropic.com)"
216.73.216.89 - - [22/Jun/2025:10:37:42 -0400] "GET /wp-includes/block-supports/position.php HTTP/1.1" 500 - "-" "Mozilla/5.0 AppleWebKit/537.36 (KHTML, like Gecko; compatible; ClaudeBot/1.0; +claudebot@anthropic.com)"
216.73.216.89 - - [22/Jun/2025:10:37:42 -0400] "GET /wp-includes/ID3/module.audio.ogg.php HTTP/1.1" 200 - "-" "Mozilla/5.0 AppleWebKit/537.36 (KHTML, like Gecko; compatible; ClaudeBot/1.0; +claudebot@anthropic.com)"
216.73.216.89 - - [22/Jun/2025:10:37:42 -0400] "GET /wp-includes/block-supports/border.php HTTP/1.1" 500 - "-" "Mozilla/5.0 AppleWebKit/537.36 (KHTML, like Gecko; compatible; ClaudeBot/1.0; +claudebot@anthropic.com)"
198.187.29.56 - - [22/Jun/2025:10:37:48 -0400] "POST /wp-cron.php?doing_wp_cron=1750603068.3856720924377441406250 HTTP/1.1" 200 - "-" "WordPress/6.8.1; https://oakwoodeventsuganda.com"
43.252.106.240 - - [22/Jun/2025:10:37:47 -0400] "GET /category/mostbet-ozbekistonda/ HTTP/1.1" 200 38054 "-" "Mozilla/5.0 (iPhone; CPU iPhone OS 17_0 like Mac OS X) AppleWebKit/605.1.15 (KHTML, like Gecko) EdgiOS/116.0.1938.79 Version/17.0 Mobile/15E148 Safari/604.1"
5.161.201.188 - - [22/Jun/2025:10:37:54 -0400] "POST /wp-load.php?3563b6=15494 HTTP/1.1" 200 - "-" "Mozilla/5.0 (Windows NT 10.0; Win64; x64) AppleWebKit/537.36 (KHTML, like Gecko) Chrome/104.0.5112.97 Safari/537.36"
216.73.216.89 - - [22/Jun/2025:10:38:52 -0400] "GET /wp-includes/css/buttons.css HTTP/1.1" 200 2495 "-" "Mozilla/5.0 AppleWebKit/537.36 (KHTML, like Gecko; compatible; ClaudeBot/1.0; +claudebot@anthropic.com)"
216.73.216.89 - - [22/Jun/2025:10:38:52 -0400] "GET /wp-includes/l10n/class-wp-translation-file-mo.php HTTP/1.1" 500 - "-" "Mozilla/5.0 AppleWebKit/537.36 (KHTML, like Gecko; compatible; ClaudeBot/1.0; +claudebot@anthropic.com)"
216.73.216.89 - - [22/Jun/2025:10:38:52 -0400] "GET /wp-includes/assets/script-modules-packages.php HTTP/1.1" 200 - "-" "Mozilla/5.0 AppleWebKit/537.36 (KHTML, like Gecko; compatible; ClaudeBot/1.0; +claudebot@anthropic.com)"
216.73.216.89 - - [22/Jun/2025:10:39:50 -0400] "GET /wp-includes/block-supports/shadow.php HTTP/1.1" 500 - "-" "Mozilla/5.0 AppleWebKit/537.36 (KHTML, like Gecko; compatible; ClaudeBot/1.0; +claudebot@anthropic.com)"
216.73.216.89 - - [22/Jun/2025:10:39:50 -0400] "GET /wp-includes/css/classic-themes.css HTTP/1.1" 200 432 "-" "Mozilla/5.0 AppleWebKit/537.36 (KHTML, like Gecko; compatible; ClaudeBot/1.0; +claudebot@anthropic.com)"
216.73.216.89 - - [22/Jun/2025:10:39:50 -0400] "GET /wp-includes/assets/script-loader-packages.min.php HTTP/1.1" 200 - "-" "Mozilla/5.0 AppleWebKit/537.36 (KHTML, like Gecko; compatible; ClaudeBot/1.0; +claudebot@anthropic.com)"
102.86.3.45 - - [22/Jun/2025:10:39:50 -0400] "GET /wp-content/uploads/2025/05/w-cover-300x200.jpg HTTP/1.1" 304 - "https://oakwoodeventsuganda.com/home/" "Mozilla/5.0 (Linux; Android 10; K) AppleWebKit/537.36 (KHTML, like Gecko) Chrome/137.0.0.0 Mobile Safari/537.36"
102.86.3.45 - - [22/Jun/2025:10:39:50 -0400] "GET /wp-content/uploads/2025/05/w-cover-768x511.jpg HTTP/1.1" 304 - "https://oakwoodeventsuganda.com/home/" "Mozilla/5.0 (Linux; Android 10; K) AppleWebKit/537.36 (KHTML, like Gecko) Chrome/137.0.0.0 Mobile Safari/537.36"
198.187.29.56 - - [22/Jun/2025:10:39:51 -0400] "POST /wp-cron.php?doing_wp_cron=1750603191.3831429481506347656250 HTTP/1.1" 200 - "-" "WordPress/6.8.1; https://oakwoodeventsuganda.com"
102.86.3.45 - - [22/Jun/2025:10:39:50 -0400] "POST /wp-json/metform/v1/forms/views/13889 HTTP/1.1" 200 - "https://oakwoodeventsuganda.com/home/" "Mozilla/5.0 (Linux; Android 10; K) AppleWebKit/537.36 (KHTML, like Gecko) Chrome/137.0.0.0 Mobile Safari/537.36"
102.86.3.45 - - [22/Jun/2025:10:39:52 -0400] "GET /home/ HTTP/1.1" 200 42414 "https://oakwoodeventsuganda.com/portfolio/" "Mozilla/5.0 (Linux; Android 10; K) AppleWebKit/537.36 (KHTML, like Gecko) Chrome/137.0.0.0 Mobile Safari/537.36"
102.86.3.45 - - [22/Jun/2025:10:39:55 -0400] "POST /wp-json/metform/v1/forms/views/13889 HTTP/1.1" 200 - "https://oakwoodeventsuganda.com/home/" "Mozilla/5.0 (Linux; Android 10; K) AppleWebKit/537.36 (KHTML, like Gecko) Chrome/137.0.0.0 Mobile Safari/537.36"
102.86.3.45 - - [22/Jun/2025:10:39:58 -0400] "GET /home/ HTTP/1.1" 200 42416 "https://oakwoodeventsuganda.com/home/" "Mozilla/5.0 (Linux; Android 10; K) AppleWebKit/537.36 (KHTML, like Gecko) Chrome/137.0.0.0 Mobile Safari/537.36"
102.86.3.45 - - [22/Jun/2025:10:39:58 -0400] "GET /home/ HTTP/1.1" 200 42411 "https://oakwoodeventsuganda.com/home/" "Mozilla/5.0 (Linux; Android 10; K) AppleWebKit/537.36 (KHTML, like Gecko) Chrome/137.0.0.0 Mobile Safari/537.36"
102.86.3.45 - - [22/Jun/2025:10:40:01 -0400] "POST /wp-json/metform/v1/forms/views/13889 HTTP/1.1" 200 - "https://oakwoodeventsuganda.com/home/" "Mozilla/5.0 (Linux; Android 10; K) AppleWebKit/537.36 (KHTML, like Gecko) Chrome/137.0.0.0 Mobile Safari/537.36"
102.86.3.45 - - [22/Jun/2025:10:40:05 -0400] "GET /who-we-are/ HTTP/1.1" 200 39325 "https://oakwoodeventsuganda.com/home/" "Mozilla/5.0 (Linux; Android 10; K) AppleWebKit/537.36 (KHTML, like Gecko) Chrome/137.0.0.0 Mobile Safari/537.36"
102.86.3.45 - - [22/Jun/2025:10:40:07 -0400] "GET /wp-content/uploads/premium-addons-elementor/pa-frontend-5ca62fe46.min.css?ver=1750603205 HTTP/1.1" 200 4457 "https://oakwoodeventsuganda.com/who-we-are/" "Mozilla/5.0 (Linux; Android 10; K) AppleWebKit/537.36 (KHTML, like Gecko) Chrome/137.0.0.0 Mobile Safari/537.36"
102.86.3.45 - - [22/Jun/2025:10:40:07 -0400] "GET /wp-content/uploads/happyaddons/css/ha-12759.css?ver=3.18.0.1748091886 HTTP/1.1" 200 3685 "https://oakwoodeventsuganda.com/who-we-are/" "Mozilla/5.0 (Linux; Android 10; K) AppleWebKit/537.36 (KHTML, like Gecko) Chrome/137.0.0.0 Mobile Safari/537.36"
102.86.3.45 - - [22/Jun/2025:10:40:07 -0400] "GET /wp-content/plugins/premium-addons-for-elementor/assets/frontend/min-css/button-line.min.css?ver=4.11.14 HTTP/1.1" 200 2487 "https://oakwoodeventsuganda.com/who-we-are/" "Mozilla/5.0 (Linux; Android 10; K) AppleWebKit/537.36 (KHTML, like Gecko) Chrome/137.0.0.0 Mobile Safari/537.36"
102.86.3.45 - - [22/Jun/2025:10:40:07 -0400] "GET /wp-content/uploads/premium-addons-elementor/pa-frontend-5ca62fe46.min.js?ver=1750603205 HTTP/1.1" 200 3773 "https://oakwoodeventsuganda.com/who-we-are/" "Mozilla/5.0 (Linux; Android 10; K) AppleWebKit/537.36 (KHTML, like Gecko) Chrome/137.0.0.0 Mobile Safari/537.36"
102.86.3.45 - - [22/Jun/2025:10:40:07 -0400] "GET /wp-content/uploads/elementor/css/post-12759.css?ver=1748113607 HTTP/1.1" 200 1908 "https://oakwoodeventsuganda.com/who-we-are/" "Mozilla/5.0 (Linux; Android 10; K) AppleWebKit/537.36 (KHTML, like Gecko) Chrome/137.0.0.0 Mobile Safari/537.36"
102.86.3.45 - - [22/Jun/2025:10:40:08 -0400] "GET /wp-content/plugins/premium-addons-for-elementor/assets/frontend/min-js/universal-tilt.min.js?ver=4.11.14 HTTP/1.1" 200 6112 "https://oakwoodeventsuganda.com/who-we-are/" "Mozilla/5.0 (Linux; Android 10; K) AppleWebKit/537.36 (KHTML, like Gecko) Chrome/137.0.0.0 Mobile Safari/537.36"
102.86.3.45 - - [22/Jun/2025:10:40:08 -0400] "GET /wp-content/uploads/2022/03/WAT_0006-2.jpg HTTP/1.1" 200 680880 "https://oakwoodeventsuganda.com/wp-content/uploads/elementor/css/post-12759.css?ver=1748113607" "Mozilla/5.0 (Linux; Android 10; K) AppleWebKit/537.36 (KHTML, like Gecko) Chrome/137.0.0.0 Mobile Safari/537.36"
102.86.3.45 - - [22/Jun/2025:10:40:08 -0400] "GET /wp-content/uploads/2021/11/oak-tree-01.png HTTP/1.1" 200 50133 "https://oakwoodeventsuganda.com/who-we-are/" "Mozilla/5.0 (Linux; Android 10; K) AppleWebKit/537.36 (KHTML, like Gecko) Chrome/137.0.0.0 Mobile Safari/537.36"
102.86.3.45 - - [22/Jun/2025:10:40:08 -0400] "POST /wp-json/metform/v1/forms/views/13889 HTTP/1.1" 200 - "https://oakwoodeventsuganda.com/who-we-are/" "Mozilla/5.0 (Linux; Android 10; K) AppleWebKit/537.36 (KHTML, like Gecko) Chrome/137.0.0.0 Mobile Safari/537.36"
216.73.216.89 - - [22/Jun/2025:10:40:55 -0400] "GET /wp-includes/css/media-views-rtl.min.css HTTP/1.1" 200 8707 "-" "Mozilla/5.0 AppleWebKit/537.36 (KHTML, like Gecko; compatible; ClaudeBot/1.0; +claudebot@anthropic.com)"
216.73.216.89 - - [22/Jun/2025:10:40:55 -0400] "GET /wp-includes/ID3/module.audio.flac.php HTTP/1.1" 200 - "-" "Mozilla/5.0 AppleWebKit/537.36 (KHTML, like Gecko; compatible; ClaudeBot/1.0; +claudebot@anthropic.com)"
216.73.216.89 - - [22/Jun/2025:10:40:55 -0400] "GET /wp-includes/block-supports/spacing.php HTTP/1.1" 500 - "-" "Mozilla/5.0 AppleWebKit/537.36 (KHTML, like Gecko; compatible; ClaudeBot/1.0; +claudebot@anthropic.com)"
216.73.216.89 - - [22/Jun/2025:10:42:01 -0400] "GET /wp-includes/css/editor-rtl.min.css HTTP/1.1" 200 5825 "-" "Mozilla/5.0 AppleWebKit/537.36 (KHTML, like Gecko; compatible; ClaudeBot/1.0; +claudebot@anthropic.com)"
216.73.216.89 - - [22/Jun/2025:10:42:01 -0400] "GET /wp-admin/css/install.min.css HTTP/1.1" 200 1785 "-" "Mozilla/5.0 AppleWebKit/537.36 (KHTML, like Gecko; compatible; ClaudeBot/1.0; +claudebot@anthropic.com)"
216.73.216.89 - - [22/Jun/2025:10:42:02 -0400] "GET /wp-includes/certificates/ca-bundle.crt HTTP/1.1" 200 236599 "-" "Mozilla/5.0 AppleWebKit/537.36 (KHTML, like Gecko; compatible; ClaudeBot/1.0; +claudebot@anthropic.com)"
216.73.216.89 - - [22/Jun/2025:10:43:00 -0400] "GET /wp-includes/css/admin-bar.css HTTP/1.1" 200 4848 "-" "Mozilla/5.0 AppleWebKit/537.36 (KHTML, like Gecko; compatible; ClaudeBot/1.0; +claudebot@anthropic.com)"
216.73.216.89 - - [22/Jun/2025:10:43:00 -0400] "GET /wp-includes/block-supports/dimensions.php HTTP/1.1" 500 - "-" "Mozilla/5.0 AppleWebKit/537.36 (KHTML, like Gecko; compatible; ClaudeBot/1.0; +claudebot@anthropic.com)"
216.73.216.89 - - [22/Jun/2025:10:43:01 -0400] "GET /wp-includes/block-supports/background.php HTTP/1.1" 500 - "-" "Mozilla/5.0 AppleWebKit/537.36 (KHTML, like Gecko; compatible; ClaudeBot/1.0; +claudebot@anthropic.com)"
85.208.96.198 - - [22/Jun/2025:10:43:38 -0400] "GET /robots.txt HTTP/1.1" 200 176 "-" "Mozilla/5.0 (compatible; SemrushBot/7~bl; +http://www.semrush.com/bot.html)"
198.187.29.56 - - [22/Jun/2025:10:43:41 -0400] "POST /wp-cron.php?doing_wp_cron=1750603421.7280790805816650390625 HTTP/1.1" 200 - "-" "WordPress/6.8.1; https://oakwoodeventsuganda.com"
85.208.96.202 - - [22/Jun/2025:10:43:38 -0400] "GET /category/mostbet/ HTTP/1.1" 200 36274 "-" "Mozilla/5.0 (compatible; SemrushBot/7~bl; +http://www.semrush.com/bot.html)"
216.73.216.89 - - [22/Jun/2025:10:43:57 -0400] "GET /wp-includes/theme-compat/sidebar.php HTTP/1.1" 500 - "-" "Mozilla/5.0 AppleWebKit/537.36 (KHTML, like Gecko; compatible; ClaudeBot/1.0; +claudebot@anthropic.com)"
216.73.216.89 - - [22/Jun/2025:10:43:57 -0400] "GET /wp-includes/css/wp-auth-check.min.css HTTP/1.1" 200 743 "-" "Mozilla/5.0 AppleWebKit/537.36 (KHTML, like Gecko; compatible; ClaudeBot/1.0; +claudebot@anthropic.com)"
216.73.216.89 - - [22/Jun/2025:10:43:57 -0400] "GET /wp-includes/fonts/dashicons.eot HTTP/1.1" 200 32547 "-" "Mozilla/5.0 AppleWebKit/537.36 (KHTML, like Gecko; compatible; ClaudeBot/1.0; +claudebot@anthropic.com)"
102.86.3.45 - - [22/Jun/2025:10:44:14 -0400] "GET /portfolio/ HTTP/1.1" 200 52865 "-" "Mozilla/5.0 (Windows NT 10.0; Win64; x64) AppleWebKit/537.36 (KHTML, like Gecko) Chrome/137.0.0.0 Safari/537.36"
102.86.3.45 - - [22/Jun/2025:10:44:18 -0400] "GET /wp-json/wp/v2/ HTTP/1.1" 200 248719 "https://oakwoodeventsuganda.com/portfolio/" "Mozilla/5.0 (Windows NT 10.0; Win64; x64) AppleWebKit/537.36 (KHTML, like Gecko) Chrome/137.0.0.0 Safari/537.36"
102.86.3.45 - - [22/Jun/2025:10:44:19 -0400] "GET /wp-admin/admin-ajax.php?nonce=11615ff3b2&action=ha_cond_template_type&post_id=16667 HTTP/1.1" 200 26 "https://oakwoodeventsuganda.com/portfolio/" "Mozilla/5.0 (Windows NT 10.0; Win64; x64) AppleWebKit/537.36 (KHTML, like Gecko) Chrome/137.0.0.0 Safari/537.36"
102.86.3.45 - - [22/Jun/2025:10:44:19 -0400] "GET /wp-admin/admin-ajax.php?nonce=11615ff3b2&action=ha_cond_template_type&post_id=15695 HTTP/1.1" 200 26 "https://oakwoodeventsuganda.com/portfolio/" "Mozilla/5.0 (Windows NT 10.0; Win64; x64) AppleWebKit/537.36 (KHTML, like Gecko) Chrome/137.0.0.0 Safari/537.36"
102.86.3.45 - - [22/Jun/2025:10:44:19 -0400] "GET /wp-admin/admin-ajax.php?nonce=11615ff3b2&action=ha_cond_template_type&post_id=13889 HTTP/1.1" 200 26 "https://oakwoodeventsuganda.com/portfolio/" "Mozilla/5.0 (Windows NT 10.0; Win64; x64) AppleWebKit/537.36 (KHTML, like Gecko) Chrome/137.0.0.0 Safari/537.36"
102.86.3.45 - - [22/Jun/2025:10:44:19 -0400] "GET /wp-admin/admin-ajax.php?nonce=11615ff3b2&action=ha_cond_template_type&post_id=16755 HTTP/1.1" 200 26 "https://oakwoodeventsuganda.com/portfolio/" "Mozilla/5.0 (Windows NT 10.0; Win64; x64) AppleWebKit/537.36 (KHTML, like Gecko) Chrome/137.0.0.0 Safari/537.36"
102.86.3.45 - - [22/Jun/2025:10:44:22 -0400] "GET /wp-content/uploads/2025/05/w-cover-300x200.jpg HTTP/1.1" 304 - "https://oakwoodeventsuganda.com/portfolio/" "Mozilla/5.0 (Windows NT 10.0; Win64; x64) AppleWebKit/537.36 (KHTML, like Gecko) Chrome/137.0.0.0 Safari/537.36"
102.86.3.45 - - [22/Jun/2025:10:44:22 -0400] "GET /wp-content/uploads/2025/05/w-cover-768x511.jpg HTTP/1.1" 304 - "https://oakwoodeventsuganda.com/portfolio/" "Mozilla/5.0 (Windows NT 10.0; Win64; x64) AppleWebKit/537.36 (KHTML, like Gecko) Chrome/137.0.0.0 Safari/537.36"
102.86.3.45 - - [22/Jun/2025:10:44:22 -0400] "POST /wp-json/metform/v1/forms/views/13889 HTTP/1.1" 200 - "https://oakwoodeventsuganda.com/portfolio/" "Mozilla/5.0 (Windows NT 10.0; Win64; x64) AppleWebKit/537.36 (KHTML, like Gecko) Chrome/137.0.0.0 Safari/537.36"
216.73.216.89 - - [22/Jun/2025:10:45:19 -0400] "GET /wp-includes/theme-compat/footer.php HTTP/1.1" 500 - "-" "Mozilla/5.0 AppleWebKit/537.36 (KHTML, like Gecko; compatible; ClaudeBot/1.0; +claudebot@anthropic.com)"
216.73.216.89 - - [22/Jun/2025:10:45:19 -0400] "GET /wp-includes/css/wp-embed-template.min.css HTTP/1.1" 200 1937 "-" "Mozilla/5.0 AppleWebKit/537.36 (KHTML, like Gecko; compatible; ClaudeBot/1.0; +claudebot@anthropic.com)"
216.73.216.89 - - [22/Jun/2025:10:45:19 -0400] "GET /wp-includes/css/editor.min.css HTTP/1.1" 200 5834 "-" "Mozilla/5.0 AppleWebKit/537.36 (KHTML, like Gecko; compatible; ClaudeBot/1.0; +claudebot@anthropic.com)"
216.73.216.89 - - [22/Jun/2025:10:46:18 -0400] "GET /wp-includes/sodium_compat/namespaced HTTP/1.1" 301 277 "-" "Mozilla/5.0 AppleWebKit/537.36 (KHTML, like Gecko; compatible; ClaudeBot/1.0; +claudebot@anthropic.com)"
216.73.216.89 - - [22/Jun/2025:10:46:18 -0400] "GET /wp-includes/assets/script-modules-packages.min.php HTTP/1.1" 200 - "-" "Mozilla/5.0 AppleWebKit/537.36 (KHTML, like Gecko; compatible; ClaudeBot/1.0; +claudebot@anthropic.com)"
216.73.216.89 - - [22/Jun/2025:10:46:18 -0400] "GET /wp-includes/block-supports/typography.php HTTP/1.1" 500 - "-" "Mozilla/5.0 AppleWebKit/537.36 (KHTML, like Gecko; compatible; ClaudeBot/1.0; +claudebot@anthropic.com)"
216.73.216.89 - - [22/Jun/2025:10:46:18 -0400] "GET /wp-includes/sodium_compat/namespaced/ HTTP/1.1" 200 427 "https://oakwoodeventsuganda.com/wp-includes/sodium_compat/namespaced" "Mozilla/5.0 AppleWebKit/537.36 (KHTML, like Gecko; compatible; ClaudeBot/1.0; +claudebot@anthropic.com)"
100.28.204.82 - - [22/Jun/2025:10:46:57 -0400] "GET /wp-includes/sitemaps/providers/?C=D;O%3DD HTTP/1.1" 200 444 "-" "Mozilla/5.0 AppleWebKit/537.36 (KHTML, like Gecko; compatible; Amazonbot/0.1; +https://developer.amazon.com/support/amazonbot) Chrome/119.0.6045.214 Safari/537.36"
43.155.195.141 - - [22/Jun/2025:10:47:00 -0400] "GET / HTTP/1.1" 200 31316 "http://oakwoodeventsuganda.com" "Mozilla/5.0 (iPhone; CPU iPhone OS 13_2_3 like Mac OS X) AppleWebKit/605.1.15 (KHTML, like Gecko) Version/13.0.3 Mobile/15E148 Safari/604.1"
52.204.37.237 - - [22/Jun/2025:10:47:02 -0400] "GET /wp-includes/js/tinymce/plugins/wpview/ HTTP/1.1" 200 388 "-" "Mozilla/5.0 AppleWebKit/537.36 (KHTML, like Gecko; compatible; Amazonbot/0.1; +https://developer.amazon.com/support/amazonbot) Chrome/119.0.6045.214 Safari/537.36"
52.204.71.8 - - [22/Jun/2025:10:47:06 -0400] "GET /wp-includes/js/dist/script-modules/?C=N;O%3DD HTTP/1.1" 301 - "-" "Mozilla/5.0 AppleWebKit/537.36 (KHTML, like Gecko; compatible; Amazonbot/0.1; +https://developer.amazon.com/support/amazonbot) Chrome/119.0.6045.214 Safari/537.36"
34.203.111.15 - - [22/Jun/2025:10:47:07 -0400] "GET /wp-includes/js/dist/script-modules/?C=N;O%3DD HTTP/1.1" 404 187592 "-" "Mozilla/5.0 AppleWebKit/537.36 (KHTML, like Gecko; compatible; Amazonbot/0.1; +https://developer.amazon.com/support/amazonbot) Chrome/119.0.6045.214 Safari/537.36"
44.223.116.180 - - [22/Jun/2025:10:47:10 -0400] "GET /wp-includes/css/dist/patterns/?C=D;O%3DA HTTP/1.1" 200 403 "-" "Mozilla/5.0 AppleWebKit/537.36 (KHTML, like Gecko; compatible; Amazonbot/0.1; +https://developer.amazon.com/support/amazonbot) Chrome/119.0.6045.214 Safari/537.36"
216.73.216.89 - - [22/Jun/2025:10:47:10 -0400] "GET /wp-includes/sodium_compat/lib HTTP/1.1" 301 270 "-" "Mozilla/5.0 AppleWebKit/537.36 (KHTML, like Gecko; compatible; ClaudeBot/1.0; +claudebot@anthropic.com)"
216.73.216.89 - - [22/Jun/2025:10:47:10 -0400] "GET /wp-includes/sodium_compat/lib/ HTTP/1.1" 200 558 "https://oakwoodeventsuganda.com/wp-includes/sodium_compat/lib" "Mozilla/5.0 AppleWebKit/537.36 (KHTML, like Gecko; compatible; ClaudeBot/1.0; +claudebot@anthropic.com)"
216.73.216.89 - - [22/Jun/2025:10:47:11 -0400] "GET /wp-includes/css/media-views.css HTTP/1.1" 200 10453 "-" "Mozilla/5.0 AppleWebKit/537.36 (KHTML, like Gecko; compatible; ClaudeBot/1.0; +claudebot@anthropic.com)"
216.73.216.89 - - [22/Jun/2025:10:47:10 -0400] "GET /?wordfence_syncAttackData=1750587676.4423 HTTP/1.1" 200 - "-" "Mozilla/5.0 AppleWebKit/537.36 (KHTML, like Gecko; compatible; ClaudeBot/1.0; +claudebot@anthropic.com)"
52.7.13.143 - - [22/Jun/2025:10:47:14 -0400] "GET /wp-includes/css/dist/list-reusable-blocks/?C=D;O%3DA HTTP/1.1" 200 415 "-" "Mozilla/5.0 AppleWebKit/537.36 (KHTML, like Gecko; compatible; Amazonbot/0.1; +https://developer.amazon.com/support/amazonbot) Chrome/119.0.6045.214 Safari/537.36"
216.73.216.89 - - [22/Jun/2025:10:48:02 -0400] "GET /wp-includes/block-supports/settings.php HTTP/1.1" 500 - "-" "Mozilla/5.0 AppleWebKit/537.36 (KHTML, like Gecko; compatible; ClaudeBot/1.0; +claudebot@anthropic.com)"
216.73.216.89 - - [22/Jun/2025:10:48:02 -0400] "GET /wp-includes/ID3/module.audio.mp3.php HTTP/1.1" 200 - "-" "Mozilla/5.0 AppleWebKit/537.36 (KHTML, like Gecko; compatible; ClaudeBot/1.0; +claudebot@anthropic.com)"
216.73.216.89 - - [22/Jun/2025:10:48:02 -0400] "GET /wp-includes/css/admin-bar.min.css HTTP/1.1" 200 3806 "-" "Mozilla/5.0 AppleWebKit/537.36 (KHTML, like Gecko; compatible; ClaudeBot/1.0; +claudebot@anthropic.com)"
216.73.216.89 - - [22/Jun/2025:10:48:49 -0400] "GET /wp-includes/block-supports/aria-label.php HTTP/1.1" 500 - "-" "Mozilla/5.0 AppleWebKit/537.36 (KHTML, like Gecko; compatible; ClaudeBot/1.0; +claudebot@anthropic.com)"
216.73.216.89 - - [22/Jun/2025:10:48:49 -0400] "GET /wp-includes/l10n/class-wp-translations.php HTTP/1.1" 200 - "-" "Mozilla/5.0 AppleWebKit/537.36 (KHTML, like Gecko; compatible; ClaudeBot/1.0; +claudebot@anthropic.com)"
216.73.216.89 - - [22/Jun/2025:10:48:49 -0400] "GET /wp-includes/fonts/dashicons.woff2 HTTP/1.1" 200 26132 "-" "Mozilla/5.0 AppleWebKit/537.36 (KHTML, like Gecko; compatible; ClaudeBot/1.0; +claudebot@anthropic.com)"
216.73.216.89 - - [22/Jun/2025:10:49:41 -0400] "GET /wp-includes/css/media-views.min.css HTTP/1.1" 200 8702 "-" "Mozilla/5.0 AppleWebKit/537.36 (KHTML, like Gecko; compatible; ClaudeBot/1.0; +claudebot@anthropic.com)"
216.73.216.89 - - [22/Jun/2025:10:49:41 -0400] "GET /wp-includes/block-supports/duotone.php HTTP/1.1" 500 - "-" "Mozilla/5.0 AppleWebKit/537.36 (KHTML, like Gecko; compatible; ClaudeBot/1.0; +claudebot@anthropic.com)"
216.73.216.89 - - [22/Jun/2025:10:49:42 -0400] "GET /wp-includes/sitemaps/providers HTTP/1.1" 301 271 "-" "Mozilla/5.0 AppleWebKit/537.36 (KHTML, like Gecko; compatible; ClaudeBot/1.0; +claudebot@anthropic.com)"
216.73.216.89 - - [22/Jun/2025:10:49:42 -0400] "GET /wp-includes/sitemaps/providers/ HTTP/1.1" 200 444 "https://oakwoodeventsuganda.com/wp-includes/sitemaps/providers" "Mozilla/5.0 AppleWebKit/537.36 (KHTML, like Gecko; compatible; ClaudeBot/1.0; +claudebot@anthropic.com)"
198.187.29.56 - - [22/Jun/2025:10:50:09 -0400] "POST /wp-cron.php?doing_wp_cron=1750603809.3419508934020996093750 HTTP/1.1" 200 - "-" "WordPress/6.8.1; https://oakwoodeventsuganda.com"
66.249.74.72 - - [22/Jun/2025:10:50:08 -0400] "GET /shopdetail/9065351/ HTTP/1.1" 404 187348 "-" "Mozilla/5.0 (Linux; Android 6.0.1; Nexus 5X Build/MMB29P) AppleWebKit/537.36 (KHTML, like Gecko) Chrome/137.0.7151.103 Mobile Safari/537.36 (compatible; GoogleOther)"
216.73.216.89 - - [22/Jun/2025:10:50:43 -0400] "GET /wp-includes/css/dist HTTP/1.1" 301 261 "-" "Mozilla/5.0 AppleWebKit/537.36 (KHTML, like Gecko; compatible; ClaudeBot/1.0; +claudebot@anthropic.com)"
216.73.216.89 - - [22/Jun/2025:10:50:43 -0400] "GET /wp-includes/block-supports/colors.php HTTP/1.1" 500 - "-" "Mozilla/5.0 AppleWebKit/537.36 (KHTML, like Gecko; compatible; ClaudeBot/1.0; +claudebot@anthropic.com)"
216.73.216.89 - - [22/Jun/2025:10:50:43 -0400] "GET /wp-includes/fonts/dashicons.woff HTTP/1.1" 200 26124 "-" "Mozilla/5.0 AppleWebKit/537.36 (KHTML, like Gecko; compatible; ClaudeBot/1.0; +claudebot@anthropic.com)"
216.73.216.89 - - [22/Jun/2025:10:50:43 -0400] "GET /wp-includes/css/dist/ HTTP/1.1" 200 574 "https://oakwoodeventsuganda.com/wp-includes/css/dist" "Mozilla/5.0 AppleWebKit/537.36 (KHTML, like Gecko; compatible; ClaudeBot/1.0; +claudebot@anthropic.com)"
216.73.216.89 - - [22/Jun/2025:10:51:45 -0400] "GET /wp-includes/ID3/module.tag.lyrics3.php HTTP/1.1" 200 - "-" "Mozilla/5.0 AppleWebKit/537.36 (KHTML, like Gecko; compatible; ClaudeBot/1.0; +claudebot@anthropic.com)"
216.73.216.89 - - [22/Jun/2025:10:51:45 -0400] "GET /wp-includes/images/xit.gif HTTP/1.1" 200 181 "-" "Mozilla/5.0 AppleWebKit/537.36 (KHTML, like Gecko; compatible; ClaudeBot/1.0; +claudebot@anthropic.com)"
216.73.216.89 - - [22/Jun/2025:10:51:45 -0400] "GET /wp-includes/images/spinner-2x.gif HTTP/1.1" 200 7536 "-" "Mozilla/5.0 AppleWebKit/537.36 (KHTML, like Gecko; compatible; ClaudeBot/1.0; +claudebot@anthropic.com)"
216.73.216.89 - - [22/Jun/2025:10:52:40 -0400] "GET /wp-includes/images/spinner.gif HTTP/1.1" 200 3656 "-" "Mozilla/5.0 AppleWebKit/537.36 (KHTML, like Gecko; compatible; ClaudeBot/1.0; +claudebot@anthropic.com)"
216.73.216.89 - - [22/Jun/2025:10:52:40 -0400] "GET /wp-includes/images/wpspin-2x.gif HTTP/1.1" 200 8875 "-" "Mozilla/5.0 AppleWebKit/537.36 (KHTML, like Gecko; compatible; ClaudeBot/1.0; +claudebot@anthropic.com)"
216.73.216.89 - - [22/Jun/2025:10:52:41 -0400] "GET /wp-includes/images/smilies HTTP/1.1" 301 267 "-" "Mozilla/5.0 AppleWebKit/537.36 (KHTML, like Gecko; compatible; ClaudeBot/1.0; +claudebot@anthropic.com)"
216.73.216.89 - - [22/Jun/2025:10:52:41 -0400] "GET /wp-includes/images/smilies/ HTTP/1.1" 200 768 "https://oakwoodeventsuganda.com/wp-includes/images/smilies" "Mozilla/5.0 AppleWebKit/537.36 (KHTML, like Gecko; compatible; ClaudeBot/1.0; +claudebot@anthropic.com)"
216.73.216.89 - - [22/Jun/2025:10:53:38 -0400] "GET /wp-includes/images/crystal HTTP/1.1" 301 267 "-" "Mozilla/5.0 AppleWebKit/537.36 (KHTML, like Gecko; compatible; ClaudeBot/1.0; +claudebot@anthropic.com)"
216.73.216.89 - - [22/Jun/2025:10:53:38 -0400] "GET /wp-includes/pomo/translations.php HTTP/1.1" 200 - "-" "Mozilla/5.0 AppleWebKit/537.36 (KHTML, like Gecko; compatible; ClaudeBot/1.0; +claudebot@anthropic.com)"
216.73.216.89 - - [22/Jun/2025:10:53:39 -0400] "GET /wp-includes/images/crystal/ HTTP/1.1" 200 559 "https://oakwoodeventsuganda.com/wp-includes/images/crystal" "Mozilla/5.0 AppleWebKit/537.36 (KHTML, like Gecko; compatible; ClaudeBot/1.0; +claudebot@anthropic.com)"
216.73.216.89 - - [22/Jun/2025:10:53:39 -0400] "GET /wp-includes/images/wpspin.gif HTTP/1.1" 200 2052 "-" "Mozilla/5.0 AppleWebKit/537.36 (KHTML, like Gecko; compatible; ClaudeBot/1.0; +claudebot@anthropic.com)"
216.73.216.89 - - [22/Jun/2025:10:54:51 -0400] "GET /wp-includes/ID3/license.txt HTTP/1.1" 200 476 "-" "Mozilla/5.0 AppleWebKit/537.36 (KHTML, like Gecko; compatible; ClaudeBot/1.0; +claudebot@anthropic.com)"
216.73.216.89 - - [22/Jun/2025:10:54:52 -0400] "GET /wp-includes/block-patterns/?C=N&O=D HTTP/1.1" 200 521 "-" "Mozilla/5.0 AppleWebKit/537.36 (KHTML, like Gecko; compatible; ClaudeBot/1.0; +claudebot@anthropic.com)"
216.73.216.89 - - [22/Jun/2025:10:54:51 -0400] "GET /wp-includes/Text/?C=N&O=D HTTP/1.1" 200 405 "-" "Mozilla/5.0 AppleWebKit/537.36 (KHTML, like Gecko; compatible; ClaudeBot/1.0; +claudebot@anthropic.com)"
216.73.216.89 - - [22/Jun/2025:10:56:18 -0400] "GET /wp-includes/PHPMailer/?C=N&O=D HTTP/1.1" 200 407 "-" "Mozilla/5.0 AppleWebKit/537.36 (KHTML, like Gecko; compatible; ClaudeBot/1.0; +claudebot@anthropic.com)"
216.73.216.89 - - [22/Jun/2025:10:56:18 -0400] "GET /wp-includes/css/?C=N&O=D HTTP/1.1" 200 1063 "-" "Mozilla/5.0 AppleWebKit/537.36 (KHTML, like Gecko; compatible; ClaudeBot/1.0; +claudebot@anthropic.com)"
216.73.216.89 - - [22/Jun/2025:10:56:18 -0400] "GET /wp-includes/SimplePie/?C=N&O=D HTTP/1.1" 200 404 "-" "Mozilla/5.0 AppleWebKit/537.36 (KHTML, like Gecko; compatible; ClaudeBot/1.0; +claudebot@anthropic.com)"
198.187.29.56 - - [22/Jun/2025:10:56:19 -0400] "POST /wp-cron.php?doing_wp_cron=1750604179.9477760791778564453125 HTTP/1.1" 200 - "-" "WordPress/6.8.1; https://oakwoodeventsuganda.com"
66.249.74.72 - - [22/Jun/2025:10:56:19 -0400] "GET /shopdetail/18560040/ HTTP/1.1" 404 187354 "-" "Mozilla/5.0 (Linux; Android 6.0.1; Nexus 5X Build/MMB29P) AppleWebKit/537.36 (KHTML, like Gecko) Chrome/137.0.7151.103 Mobile Safari/537.36 (compatible; GoogleOther)"
216.73.216.89 - - [22/Jun/2025:10:57:09 -0400] "GET /wp-includes/fonts/dashicons.svg HTTP/1.1" 200 40452 "-" "Mozilla/5.0 AppleWebKit/537.36 (KHTML, like Gecko; compatible; ClaudeBot/1.0; +claudebot@anthropic.com)"
216.73.216.89 - - [22/Jun/2025:10:57:09 -0400] "GET /wp-includes/images/blank.gif HTTP/1.1" 200 43 "-" "Mozilla/5.0 AppleWebKit/537.36 (KHTML, like Gecko; compatible; ClaudeBot/1.0; +claudebot@anthropic.com)"
216.73.216.89 - - [22/Jun/2025:10:57:10 -0400] "GET /wp-includes/widgets/?C=N&O=D HTTP/1.1" 200 746 "-" "Mozilla/5.0 AppleWebKit/537.36 (KHTML, like Gecko; compatible; ClaudeBot/1.0; +claudebot@anthropic.com)"
216.73.216.89 - - [22/Jun/2025:10:58:09 -0400] "GET /wp-includes/theme-compat/?C=N&O=D HTTP/1.1" 200 579 "-" "Mozilla/5.0 AppleWebKit/537.36 (KHTML, like Gecko; compatible; ClaudeBot/1.0; +claudebot@anthropic.com)"
216.73.216.89 - - [22/Jun/2025:10:58:09 -0400] "GET /wp-includes/block-patterns/?C=S&O=A HTTP/1.1" 200 523 "-" "Mozilla/5.0 AppleWebKit/537.36 (KHTML, like Gecko; compatible; ClaudeBot/1.0; +claudebot@anthropic.com)"
198.187.29.56 - - [22/Jun/2025:10:58:10 -0400] "POST /wp-cron.php?doing_wp_cron=1750604290.3753631114959716796875 HTTP/1.1" 200 - "-" "WordPress/6.8.1; https://oakwoodeventsuganda.com"
216.73.216.89 - - [22/Jun/2025:10:58:09 -0400] "GET /wp-includes/sodium_compat/composer.json HTTP/1.1" 404 187557 "-" "Mozilla/5.0 AppleWebKit/537.36 (KHTML, like Gecko; compatible; ClaudeBot/1.0; +claudebot@anthropic.com)"
216.73.216.89 - - [22/Jun/2025:10:59:12 -0400] "GET /wp-includes/PHPMailer/?C=S&O=A HTTP/1.1" 200 412 "-" "Mozilla/5.0 AppleWebKit/537.36 (KHTML, like Gecko; compatible; ClaudeBot/1.0; +claudebot@anthropic.com)"
216.73.216.89 - - [22/Jun/2025:10:59:12 -0400] "GET /wp-includes/customize/?C=N&O=D HTTP/1.1" 200 1123 "-" "Mozilla/5.0 AppleWebKit/537.36 (KHTML, like Gecko; compatible; ClaudeBot/1.0; +claudebot@anthropic.com)"
216.73.216.89 - - [22/Jun/2025:10:59:12 -0400] "GET /wp-includes/sodium_compat/?C=N&O=D HTTP/1.1" 200 522 "-" "Mozilla/5.0 AppleWebKit/537.36 (KHTML, like Gecko; compatible; ClaudeBot/1.0; +claudebot@anthropic.com)"
198.187.29.56 - - [22/Jun/2025:10:59:20 -0400] "POST /wp-cron.php?doing_wp_cron=1750604360.1856589317321777343750 HTTP/1.1" 200 - "-" "WordPress/6.8.1; https://oakwoodeventsuganda.com"
66.249.74.72 - - [22/Jun/2025:10:59:19 -0400] "GET /shopdetail/13938717/ HTTP/1.1" 404 187357 "-" "Mozilla/5.0 (Linux; Android 6.0.1; Nexus 5X Build/MMB29P) AppleWebKit/537.36 (KHTML, like Gecko) Chrome/137.0.7151.103 Mobile Safari/537.36 (compatible; GoogleOther)"
216.73.216.89 - - [22/Jun/2025:11:00:04 -0400] "GET /wp-includes/IXR/?C=N&O=D HTTP/1.1" 200 582 "-" "Mozilla/5.0 AppleWebKit/537.36 (KHTML, like Gecko; compatible; ClaudeBot/1.0; +claudebot@anthropic.com)"
216.73.216.89 - - [22/Jun/2025:11:00:04 -0400] "GET /wp-includes/Text/?C=S&O=A HTTP/1.1" 200 405 "-" "Mozilla/5.0 AppleWebKit/537.36 (KHTML, like Gecko; compatible; ClaudeBot/1.0; +claudebot@anthropic.com)"
216.73.216.89 - - [22/Jun/2025:11:00:04 -0400] "GET /wp-includes/SimplePie/?C=S&O=A HTTP/1.1" 200 408 "-" "Mozilla/5.0 AppleWebKit/537.36 (KHTML, like Gecko; compatible; ClaudeBot/1.0; +claudebot@anthropic.com)"
216.73.216.89 - - [22/Jun/2025:11:01:02 -0400] "GET /wp-includes/widgets/?C=S&O=A HTTP/1.1" 200 757 "-" "Mozilla/5.0 AppleWebKit/537.36 (KHTML, like Gecko; compatible; ClaudeBot/1.0; +claudebot@anthropic.com)"
216.73.216.89 - - [22/Jun/2025:11:01:02 -0400] "GET /wp-includes/images/down_arrow-2x.gif HTTP/1.1" 200 84 "-" "Mozilla/5.0 AppleWebKit/537.36 (KHTML, like Gecko; compatible; ClaudeBot/1.0; +claudebot@anthropic.com)"
216.73.216.89 - - [22/Jun/2025:11:01:02 -0400] "GET /wp-includes/css/?C=S&O=A HTTP/1.1" 200 1058 "-" "Mozilla/5.0 AppleWebKit/537.36 (KHTML, like Gecko; compatible; ClaudeBot/1.0; +claudebot@anthropic.com)"
216.73.216.89 - - [22/Jun/2025:11:01:53 -0400] "GET /wp-includes/block-bindings/?C=N&O=D HTTP/1.1" 200 399 "-" "Mozilla/5.0 AppleWebKit/537.36 (KHTML, like Gecko; compatible; ClaudeBot/1.0; +claudebot@anthropic.com)"
216.73.216.89 - - [22/Jun/2025:11:01:53 -0400] "GET /wp-includes/ID3/?C=N&O=D HTTP/1.1" 200 673 "-" "Mozilla/5.0 AppleWebKit/537.36 (KHTML, like Gecko; compatible; ClaudeBot/1.0; +claudebot@anthropic.com)"
216.73.216.89 - - [22/Jun/2025:11:01:54 -0400] "GET /wp-includes/certificates/?C=N&O=D HTTP/1.1" 200 363 "-" "Mozilla/5.0 AppleWebKit/537.36 (KHTML, like Gecko; compatible; ClaudeBot/1.0; +claudebot@anthropic.com)"
216.73.216.89 - - [22/Jun/2025:11:02:49 -0400] "GET /wp-includes/images/down_arrow.gif HTTP/1.1" 200 59 "-" "Mozilla/5.0 AppleWebKit/537.36 (KHTML, like Gecko; compatible; ClaudeBot/1.0; +claudebot@anthropic.com)"
216.73.216.89 - - [22/Jun/2025:11:02:49 -0400] "GET /wp-includes/images/media HTTP/1.1" 301 265 "-" "Mozilla/5.0 AppleWebKit/537.36 (KHTML, like Gecko; compatible; ClaudeBot/1.0; +claudebot@anthropic.com)"
216.73.216.89 - - [22/Jun/2025:11:02:49 -0400] "GET /wp-includes/images/media/ HTTP/1.1" 200 640 "https://oakwoodeventsuganda.com/wp-includes/images/media" "Mozilla/5.0 AppleWebKit/537.36 (KHTML, like Gecko; compatible; ClaudeBot/1.0; +claudebot@anthropic.com)"
216.73.216.89 - - [22/Jun/2025:11:02:49 -0400] "GET /wp-includes/?C=S&O=D HTTP/1.1" 200 5387 "-" "Mozilla/5.0 AppleWebKit/537.36 (KHTML, like Gecko; compatible; ClaudeBot/1.0; +claudebot@anthropic.com)"
198.187.29.56 - - [22/Jun/2025:11:03:15 -0400] "POST /wp-cron.php?doing_wp_cron=1750604595.0314540863037109375000 HTTP/1.1" 200 - "-" "WordPress/6.8.1; https://oakwoodeventsuganda.com"
66.249.74.72 - - [22/Jun/2025:11:03:11 -0400] "GET /shopdetail/4497517/ HTTP/1.1" 404 187345 "-" "Mozilla/5.0 (Linux; Android 6.0.1; Nexus 5X Build/MMB29P) AppleWebKit/537.36 (KHTML, like Gecko) Chrome/137.0.7151.103 Mobile Safari/537.36 (compatible; GoogleOther)"
