51.68.163.45 - - [22/Jun/2025:09:39:35 -0400] "GET /wp-content/plugins/addon-elements-for-elementor-page-builder/assets/lib/vegas/vegas.min.css?ver=2.4.0 HTTP/1.1" 200 1239 "https://oakwoodeventsuganda.com/" "Mozilla/5.0 (Windows NT 10.0; Win64; x64) AppleWebKit/537.36 (KHTML, like Gecko) Chrome/122.0.0.0 Safari/537.36"
51.68.163.45 - - [22/Jun/2025:09:39:35 -0400] "GET /wp-content/plugins/elementor/assets/lib/eicons/css/elementor-icons.min.css?ver=5.40.0 HTTP/1.1" 200 4342 "https://oakwoodeventsuganda.com/" "Mozilla/5.0 (Windows NT 10.0; Win64; x64) AppleWebKit/537.36 (KHTML, like Gecko) Chrome/122.0.0.0 Safari/537.36"
51.68.163.45 - - [22/Jun/2025:09:39:35 -0400] "GET /wp-content/plugins/bdthemes-prime-slider-lite/assets/css/bdt-uikit.css?ver=3.21.7 HTTP/1.1" 200 15503 "https://oakwoodeventsuganda.com/" "Mozilla/5.0 (Windows NT 10.0; Win64; x64) AppleWebKit/537.36 (KHTML, like Gecko) Chrome/122.0.0.0 Safari/537.36"
51.68.163.45 - - [22/Jun/2025:09:39:35 -0400] "GET /wp-content/themes/rife-free/js/light-gallery/css/lightgallery.min.css?ver=1.9.0 HTTP/1.1" 200 3853 "https://oakwoodeventsuganda.com/" "Mozilla/5.0 (Windows NT 10.0; Win64; x64) AppleWebKit/537.36 (KHTML, like Gecko) Chrome/122.0.0.0 Safari/537.36"
51.68.163.45 - - [22/Jun/2025:09:39:35 -0400] "GET /wp-content/plugins/essential-addons-for-elementor-lite/assets/front-end/css/view/general.min.css?ver=6.1.19 HTTP/1.1" 200 1539 "https://oakwoodeventsuganda.com/" "Mozilla/5.0 (Windows NT 10.0; Win64; x64) AppleWebKit/537.36 (KHTML, like Gecko) Chrome/122.0.0.0 Safari/537.36"
51.68.163.45 - - [22/Jun/2025:09:39:35 -0400] "GET /wp-content/plugins/elementor/assets/lib/font-awesome/css/all.min.css?ver=4.11.14 HTTP/1.1" 200 12869 "https://oakwoodeventsuganda.com/" "Mozilla/5.0 (Windows NT 10.0; Win64; x64) AppleWebKit/537.36 (KHTML, like Gecko) Chrome/122.0.0.0 Safari/537.36"
51.68.163.45 - - [22/Jun/2025:09:39:35 -0400] "GET /wp-content/uploads/elementor/css/post-12104.css?ver=1748092910 HTTP/1.1" 200 503 "https://oakwoodeventsuganda.com/" "Mozilla/5.0 (Windows NT 10.0; Win64; x64) AppleWebKit/537.36 (KHTML, like Gecko) Chrome/122.0.0.0 Safari/537.36"
51.68.163.45 - - [22/Jun/2025:09:39:35 -0400] "GET /wp-content/plugins/ht-portfolio/assets/css/bootstrap.min.css?ver=6.8.1 HTTP/1.1" 200 19487 "https://oakwoodeventsuganda.com/" "Mozilla/5.0 (Windows NT 10.0; Win64; x64) AppleWebKit/537.36 (KHTML, like Gecko) Chrome/122.0.0.0 Safari/537.36"
51.68.163.45 - - [22/Jun/2025:09:39:35 -0400] "GET /wp-content/plugins/powerpack-elements/assets/css/min/extensions.min.css?ver=2.11.2 HTTP/1.1" 200 394 "https://oakwoodeventsuganda.com/" "Mozilla/5.0 (Windows NT 10.0; Win64; x64) AppleWebKit/537.36 (KHTML, like Gecko) Chrome/122.0.0.0 Safari/537.36"
51.68.163.45 - - [22/Jun/2025:09:39:35 -0400] "GET /wp-content/plugins/bdthemes-prime-slider-lite/assets/js/bdt-uikit.min.js?ver=3.21.7 HTTP/1.1" 200 52998 "https://oakwoodeventsuganda.com/" "Mozilla/5.0 (Windows NT 10.0; Win64; x64) AppleWebKit/537.36 (KHTML, like Gecko) Chrome/122.0.0.0 Safari/537.36"
51.68.163.45 - - [22/Jun/2025:09:39:35 -0400] "GET /wp-content/themes/rife-free/style.css?ver=2.4.21 HTTP/1.1" 200 39339 "https://oakwoodeventsuganda.com/" "Mozilla/5.0 (Windows NT 10.0; Win64; x64) AppleWebKit/537.36 (KHTML, like Gecko) Chrome/122.0.0.0 Safari/537.36"
51.68.163.45 - - [22/Jun/2025:09:39:35 -0400] "GET /wp-includes/js/jquery/jquery-migrate.min.js?ver=3.4.1 HTTP/1.1" 200 8110 "https://oakwoodeventsuganda.com/" "Mozilla/5.0 (Windows NT 10.0; Win64; x64) AppleWebKit/537.36 (KHTML, like Gecko) Chrome/122.0.0.0 Safari/537.36"
51.68.163.45 - - [22/Jun/2025:09:39:35 -0400] "GET /wp-content/plugins/happy-elementor-addons/assets/vendor/dom-purify/purify.min.js?ver=3.1.6 HTTP/1.1" 200 11798 "https://oakwoodeventsuganda.com/" "Mozilla/5.0 (Windows NT 10.0; Win64; x64) AppleWebKit/537.36 (KHTML, like Gecko) Chrome/122.0.0.0 Safari/537.36"
51.68.163.45 - - [22/Jun/2025:09:39:35 -0400] "GET /wp-content/plugins/addon-elements-for-elementor-page-builder/assets/js/iconHelper.js?ver=1.0 HTTP/1.1" 200 4297 "https://oakwoodeventsuganda.com/" "Mozilla/5.0 (Windows NT 10.0; Win64; x64) AppleWebKit/537.36 (KHTML, like Gecko) Chrome/122.0.0.0 Safari/537.36"
51.68.163.45 - - [22/Jun/2025:09:39:35 -0400] "GET /wp-content/plugins/ht-portfolio/assets/js/jquery.magnific-popup.min.js?ver=1.1.0 HTTP/1.1" 200 10608 "https://oakwoodeventsuganda.com/" "Mozilla/5.0 (Windows NT 10.0; Win64; x64) AppleWebKit/537.36 (KHTML, like Gecko) Chrome/122.0.0.0 Safari/537.36"
51.68.163.45 - - [22/Jun/2025:09:39:35 -0400] "GET /wp-includes/js/jquery/jquery.min.js?ver=3.7.1 HTTP/1.1" 200 33762 "https://oakwoodeventsuganda.com/" "Mozilla/5.0 (Windows NT 10.0; Win64; x64) AppleWebKit/537.36 (KHTML, like Gecko) Chrome/122.0.0.0 Safari/537.36"
51.68.163.45 - - [22/Jun/2025:09:39:35 -0400] "GET /wp-content/plugins/missing-widgets-for-elementor/dist/plugin.169ad.js?ver=1.5.3 HTTP/1.1" 200 36246 "https://oakwoodeventsuganda.com/" "Mozilla/5.0 (Windows NT 10.0; Win64; x64) AppleWebKit/537.36 (KHTML, like Gecko) Chrome/122.0.0.0 Safari/537.36"
216.73.216.89 - - [22/Jun/2025:09:39:56 -0400] "GET /wp-includes/rest-api/?C=D&O=A HTTP/1.1" 200 484 "-" "Mozilla/5.0 AppleWebKit/537.36 (KHTML, like Gecko; compatible; ClaudeBot/1.0; +claudebot@anthropic.com)"
198.187.29.56 - - [22/Jun/2025:09:40:08 -0400] "POST /wp-cron.php?doing_wp_cron=1750599608.3632140159606933593750 HTTP/1.1" 200 - "-" "WordPress/6.8.1; https://oakwoodeventsuganda.com"
20.171.207.143 - - [22/Jun/2025:09:40:07 -0400] "GET /sitemap848.xml HTTP/1.1" 404 187322 "-" "Mozilla/5.0 AppleWebKit/537.36 (KHTML, like Gecko; compatible; GPTBot/1.2; +https://openai.com/gptbot)"
207.102.138.19 - - [22/Jun/2025:09:40:18 -0400] "GET /favicon.ico HTTP/1.1" 302 - "-" "-"
207.102.138.19 - - [22/Jun/2025:09:40:21 -0400] "GET / HTTP/1.1" 200 158791 "-" "-"
198.187.29.56 - - [22/Jun/2025:09:40:45 -0400] "POST /wp-cron.php?doing_wp_cron=1750599645.4549810886383056640625 HTTP/1.1" 200 - "-" "WordPress/6.8.1; https://oakwoodeventsuganda.com"
20.171.207.143 - - [22/Jun/2025:09:40:45 -0400] "GET /sitemap346.xml HTTP/1.1" 404 187323 "-" "Mozilla/5.0 AppleWebKit/537.36 (KHTML, like Gecko; compatible; GPTBot/1.2; +https://openai.com/gptbot)"
216.73.216.89 - - [22/Jun/2025:09:40:57 -0400] "GET /wp-includes/js/?C=S&O=A HTTP/1.1" 404 187398 "-" "Mozilla/5.0 AppleWebKit/537.36 (KHTML, like Gecko; compatible; ClaudeBot/1.0; +claudebot@anthropic.com)"
20.171.207.143 - - [22/Jun/2025:09:41:25 -0400] "GET /sitemap566.xml HTTP/1.1" 404 187322 "-" "Mozilla/5.0 AppleWebKit/537.36 (KHTML, like Gecko; compatible; GPTBot/1.2; +https://openai.com/gptbot)"
198.187.29.56 - - [22/Jun/2025:09:41:53 -0400] "POST /wp-cron.php?doing_wp_cron=1750599713.0778770446777343750000 HTTP/1.1" 200 - "-" "WordPress/6.8.1; https://oakwoodeventsuganda.com"
20.171.207.143 - - [22/Jun/2025:09:41:52 -0400] "GET /sitemap.xml HTTP/1.1" 301 - "-" "Mozilla/5.0 AppleWebKit/537.36 (KHTML, like Gecko; compatible; GPTBot/1.2; +https://openai.com/gptbot)"
216.73.216.89 - - [22/Jun/2025:09:41:52 -0400] "GET /wp-includes/js/?C=M&O=A HTTP/1.1" 404 187402 "-" "Mozilla/5.0 AppleWebKit/537.36 (KHTML, like Gecko; compatible; ClaudeBot/1.0; +claudebot@anthropic.com)"
20.171.207.143 - - [22/Jun/2025:09:41:53 -0400] "GET /wp-sitemap.xml HTTP/1.1" 200 255 "-" "Mozilla/5.0 AppleWebKit/537.36 (KHTML, like Gecko; compatible; GPTBot/1.2; +https://openai.com/gptbot)"
20.171.207.143 - - [22/Jun/2025:09:42:00 -0400] "GET /sitemap800.xml HTTP/1.1" 404 187325 "-" "Mozilla/5.0 AppleWebKit/537.36 (KHTML, like Gecko; compatible; GPTBot/1.2; +https://openai.com/gptbot)"
198.187.29.56 - - [22/Jun/2025:09:42:53 -0400] "POST /wp-cron.php?doing_wp_cron=1750599773.7367041110992431640625 HTTP/1.1" 200 - "-" "WordPress/6.8.1; https://oakwoodeventsuganda.com"
216.73.216.89 - - [22/Jun/2025:09:42:53 -0400] "GET /wp-includes/js/?C=D&O=A HTTP/1.1" 404 187402 "-" "Mozilla/5.0 AppleWebKit/537.36 (KHTML, like Gecko; compatible; ClaudeBot/1.0; +claudebot@anthropic.com)"
20.171.207.143 - - [22/Jun/2025:09:42:55 -0400] "GET /sitemap362.xml HTTP/1.1" 404 187325 "-" "Mozilla/5.0 AppleWebKit/537.36 (KHTML, like Gecko; compatible; GPTBot/1.2; +https://openai.com/gptbot)"
20.171.207.143 - - [22/Jun/2025:09:42:59 -0400] "GET /sitemap293.xml HTTP/1.1" 404 187324 "-" "Mozilla/5.0 AppleWebKit/537.36 (KHTML, like Gecko; compatible; GPTBot/1.2; +https://openai.com/gptbot)"
3.89.176.255 - - [22/Jun/2025:09:43:09 -0400] "GET /wp-includes/css/dist/components/?C=D;O%3DA HTTP/1.1" 200 406 "-" "Mozilla/5.0 AppleWebKit/537.36 (KHTML, like Gecko; compatible; Amazonbot/0.1; +https://developer.amazon.com/support/amazonbot) Chrome/119.0.6045.214 Safari/537.36"
52.71.216.196 - - [22/Jun/2025:09:43:14 -0400] "GET /wp-includes/js/dist/script-modules/?C=S;O%3DA HTTP/1.1" 301 - "-" "Mozilla/5.0 AppleWebKit/537.36 (KHTML, like Gecko; compatible; Amazonbot/0.1; +https://developer.amazon.com/support/amazonbot) Chrome/119.0.6045.214 Safari/537.36"
98.83.10.183 - - [22/Jun/2025:09:43:14 -0400] "GET /wp-includes/js/dist/script-modules/?C=S;O%3DA HTTP/1.1" 404 187595 "-" "Mozilla/5.0 AppleWebKit/537.36 (KHTML, like Gecko; compatible; Amazonbot/0.1; +https://developer.amazon.com/support/amazonbot) Chrome/119.0.6045.214 Safari/537.36"
35.171.141.42 - - [22/Jun/2025:09:43:18 -0400] "GET /wp-includes/js/dist/development/?C=M;O%3DA HTTP/1.1" 301 - "-" "Mozilla/5.0 AppleWebKit/537.36 (KHTML, like Gecko; compatible; Amazonbot/0.1; +https://developer.amazon.com/support/amazonbot) Chrome/119.0.6045.214 Safari/537.36"
3.218.35.239 - - [22/Jun/2025:09:43:18 -0400] "GET /wp-includes/js/dist/development/?C=M;O%3DA HTTP/1.1" 404 187576 "-" "Mozilla/5.0 AppleWebKit/537.36 (KHTML, like Gecko; compatible; Amazonbot/0.1; +https://developer.amazon.com/support/amazonbot) Chrome/119.0.6045.214 Safari/537.36"
44.212.131.50 - - [22/Jun/2025:09:43:22 -0400] "GET /wp-includes/SimplePie/src/?C=M;O%3DD HTTP/1.1" 200 814 "-" "Mozilla/5.0 AppleWebKit/537.36 (KHTML, like Gecko; compatible; Amazonbot/0.1; +https://developer.amazon.com/support/amazonbot) Chrome/119.0.6045.214 Safari/537.36"
198.187.29.56 - - [22/Jun/2025:09:43:53 -0400] "POST /wp-cron.php?doing_wp_cron=1750599833.3568069934844970703125 HTTP/1.1" 200 - "-" "WordPress/6.8.1; https://oakwoodeventsuganda.com"
216.73.216.89 - - [22/Jun/2025:09:43:52 -0400] "GET /sitemap.xml HTTP/1.1" 301 - "-" "Mozilla/5.0 AppleWebKit/537.36 (KHTML, like Gecko; compatible; ClaudeBot/1.0; +claudebot@anthropic.com)"
216.73.216.89 - - [22/Jun/2025:09:43:53 -0400] "GET /wp-sitemap.xml HTTP/1.1" 200 255 "https://oakwoodeventsuganda.com/sitemap.xml" "Mozilla/5.0 AppleWebKit/537.36 (KHTML, like Gecko; compatible; ClaudeBot/1.0; +claudebot@anthropic.com)"
52.167.144.158 - - [22/Jun/2025:09:44:25 -0400] "GET /aller658-4fxh8ogec.html HTTP/1.1" 301 - "-" "Mozilla/5.0 AppleWebKit/537.36 (KHTML, like Gecko; compatible; bingbot/2.0; +http://www.bing.com/bingbot.htm) Chrome/116.0.1938.76 Safari/537.36"
198.187.29.56 - - [22/Jun/2025:09:44:31 -0400] "POST /wp-cron.php?doing_wp_cron=1750599871.9803988933563232421875 HTTP/1.1" 200 - "-" "WordPress/6.8.1; https://oakwoodeventsuganda.com"
20.171.207.143 - - [22/Jun/2025:09:44:31 -0400] "GET /sitemap404.xml HTTP/1.1" 404 187321 "-" "Mozilla/5.0 AppleWebKit/537.36 (KHTML, like Gecko; compatible; GPTBot/1.2; +https://openai.com/gptbot)"
20.171.207.143 - - [22/Jun/2025:09:44:46 -0400] "GET /sitemap665.xml HTTP/1.1" 404 187323 "-" "Mozilla/5.0 AppleWebKit/537.36 (KHTML, like Gecko; compatible; GPTBot/1.2; +https://openai.com/gptbot)"
20.171.207.143 - - [22/Jun/2025:09:44:48 -0400] "GET /sitemap538.xml HTTP/1.1" 404 187320 "-" "Mozilla/5.0 AppleWebKit/537.36 (KHTML, like Gecko; compatible; GPTBot/1.2; +https://openai.com/gptbot)"
20.171.207.143 - - [22/Jun/2025:09:45:03 -0400] "GET /sitemap452.xml HTTP/1.1" 404 187323 "-" "Mozilla/5.0 AppleWebKit/537.36 (KHTML, like Gecko; compatible; GPTBot/1.2; +https://openai.com/gptbot)"
20.171.207.143 - - [22/Jun/2025:09:45:24 -0400] "GET /sitemap584.xml HTTP/1.1" 404 187321 "-" "Mozilla/5.0 AppleWebKit/537.36 (KHTML, like Gecko; compatible; GPTBot/1.2; +https://openai.com/gptbot)"
198.187.29.56 - - [22/Jun/2025:09:45:34 -0400] "POST /wp-cron.php?doing_wp_cron=1750599934.9879400730133056640625 HTTP/1.1" 200 - "-" "WordPress/6.8.1; https://oakwoodeventsuganda.com"
216.73.216.89 - - [22/Jun/2025:09:45:34 -0400] "GET /sitemap452.xml HTTP/1.1" 404 187320 "-" "Mozilla/5.0 AppleWebKit/537.36 (KHTML, like Gecko; compatible; ClaudeBot/1.0; +claudebot@anthropic.com)"
20.171.207.143 - - [22/Jun/2025:09:45:35 -0400] "GET /sitemap638.xml HTTP/1.1" 404 187324 "-" "Mozilla/5.0 AppleWebKit/537.36 (KHTML, like Gecko; compatible; GPTBot/1.2; +https://openai.com/gptbot)"
20.171.207.143 - - [22/Jun/2025:09:46:09 -0400] "GET /sitemap667.xml HTTP/1.1" 404 187321 "-" "Mozilla/5.0 AppleWebKit/537.36 (KHTML, like Gecko; compatible; GPTBot/1.2; +https://openai.com/gptbot)"
20.171.207.143 - - [22/Jun/2025:09:46:16 -0400] "GET /sitemap335.xml HTTP/1.1" 404 187324 "-" "Mozilla/5.0 AppleWebKit/537.36 (KHTML, like Gecko; compatible; GPTBot/1.2; +https://openai.com/gptbot)"
198.187.29.56 - - [22/Jun/2025:09:46:32 -0400] "POST /wp-cron.php?doing_wp_cron=1750599992.7924799919128417968750 HTTP/1.1" 200 - "-" "WordPress/6.8.1; https://oakwoodeventsuganda.com"
216.73.216.89 - - [22/Jun/2025:09:46:32 -0400] "GET /sitemap415.xml HTTP/1.1" 404 187324 "-" "Mozilla/5.0 AppleWebKit/537.36 (KHTML, like Gecko; compatible; ClaudeBot/1.0; +claudebot@anthropic.com)"
20.171.207.143 - - [22/Jun/2025:09:47:04 -0400] "GET /sitemap454.xml HTTP/1.1" 404 187325 "-" "Mozilla/5.0 AppleWebKit/537.36 (KHTML, like Gecko; compatible; GPTBot/1.2; +https://openai.com/gptbot)"
20.171.207.143 - - [22/Jun/2025:09:47:19 -0400] "GET /sitemap461.xml HTTP/1.1" 404 187323 "-" "Mozilla/5.0 AppleWebKit/537.36 (KHTML, like Gecko; compatible; GPTBot/1.2; +https://openai.com/gptbot)"
20.171.207.143 - - [22/Jun/2025:09:47:22 -0400] "GET /sitemap833.xml HTTP/1.1" 404 187323 "-" "Mozilla/5.0 AppleWebKit/537.36 (KHTML, like Gecko; compatible; GPTBot/1.2; +https://openai.com/gptbot)"
216.73.216.89 - - [22/Jun/2025:09:47:29 -0400] "GET /sitemap292.xml HTTP/1.1" 404 187324 "-" "Mozilla/5.0 AppleWebKit/537.36 (KHTML, like Gecko; compatible; ClaudeBot/1.0; +claudebot@anthropic.com)"
198.187.29.56 - - [22/Jun/2025:09:47:42 -0400] "POST /wp-cron.php?doing_wp_cron=1750600061.9979119300842285156250 HTTP/1.1" 200 - "-" "WordPress/6.8.1; https://oakwoodeventsuganda.com"
20.171.207.143 - - [22/Jun/2025:09:47:41 -0400] "GET /sitemap292.xml HTTP/1.1" 404 187323 "-" "Mozilla/5.0 AppleWebKit/537.36 (KHTML, like Gecko; compatible; GPTBot/1.2; +https://openai.com/gptbot)"
101.33.55.204 - - [22/Jun/2025:09:47:54 -0400] "GET / HTTP/1.1" 200 31410 "http://www.oakwoodeventsuganda.com" "Mozilla/5.0 (iPhone; CPU iPhone OS 13_2_3 like Mac OS X) AppleWebKit/605.1.15 (KHTML, like Gecko) Version/13.0.3 Mobile/15E148 Safari/604.1"
216.73.216.89 - - [22/Jun/2025:09:48:22 -0400] "GET /sitemap454.xml HTTP/1.1" 404 187321 "-" "Mozilla/5.0 AppleWebKit/537.36 (KHTML, like Gecko; compatible; ClaudeBot/1.0; +claudebot@anthropic.com)"
198.187.29.56 - - [22/Jun/2025:09:49:11 -0400] "POST /wp-cron.php?doing_wp_cron=1750600151.9471790790557861328125 HTTP/1.1" 200 - "-" "WordPress/6.8.1; https://oakwoodeventsuganda.com"
216.73.216.89 - - [22/Jun/2025:09:49:11 -0400] "GET /sitemap362.xml HTTP/1.1" 404 187324 "-" "Mozilla/5.0 AppleWebKit/537.36 (KHTML, like Gecko; compatible; ClaudeBot/1.0; +claudebot@anthropic.com)"
198.187.29.56 - - [22/Jun/2025:09:49:32 -0400] "POST /wp-cron.php?doing_wp_cron=1750600172.5793209075927734375000 HTTP/1.1" 200 - "-" "WordPress/6.8.1; https://oakwoodeventsuganda.com"
20.171.207.143 - - [22/Jun/2025:09:49:32 -0400] "GET /sitemap544.xml HTTP/1.1" 404 187320 "-" "Mozilla/5.0 AppleWebKit/537.36 (KHTML, like Gecko; compatible; GPTBot/1.2; +https://openai.com/gptbot)"
216.73.216.89 - - [22/Jun/2025:09:50:10 -0400] "GET /sitemap665.xml HTTP/1.1" 404 187321 "-" "Mozilla/5.0 AppleWebKit/537.36 (KHTML, like Gecko; compatible; ClaudeBot/1.0; +claudebot@anthropic.com)"
198.187.29.56 - - [22/Jun/2025:09:51:24 -0400] "POST /wp-cron.php?doing_wp_cron=1750600284.2581748962402343750000 HTTP/1.1" 200 - "-" "WordPress/6.8.1; https://oakwoodeventsuganda.com"
154.227.130.19 - - [22/Jun/2025:09:51:23 -0400] "POST /wp-json/metform/v1/forms/views/13889 HTTP/1.1" 200 - "https://oakwoodeventsuganda.com/home/" "Mozilla/5.0 (iPhone; CPU iPhone OS 18_4_1 like Mac OS X) AppleWebKit/605.1.15 (KHTML, like Gecko) CriOS/137.0.7151.107 Mobile/15E148 Safari/604.1"
198.187.29.56 - - [22/Jun/2025:09:51:33 -0400] "POST /wp-cron.php?doing_wp_cron=1750600292.9974880218505859375000 HTTP/1.1" 200 - "-" "WordPress/6.8.1; https://oakwoodeventsuganda.com"
52.167.144.136 - - [22/Jun/2025:09:51:32 -0400] "GET /alpina44-4s5no9mbc.html HTTP/1.1" 404 187371 "-" "Mozilla/5.0 AppleWebKit/537.36 (KHTML, like Gecko; compatible; bingbot/2.0; +http://www.bing.com/bingbot.htm) Chrome/116.0.1938.76 Safari/537.36"
216.73.216.89 - - [22/Jun/2025:09:51:33 -0400] "GET /wp-includes/customize/class-wp-customize-header-image-setting.php HTTP/1.1" 500 - "-" "Mozilla/5.0 AppleWebKit/537.36 (KHTML, like Gecko; compatible; ClaudeBot/1.0; +claudebot@anthropic.com)"
216.73.216.89 - - [22/Jun/2025:09:51:33 -0400] "GET /wp-includes/customize/class-wp-customize-header-image-control.php HTTP/1.1" 500 - "-" "Mozilla/5.0 AppleWebKit/537.36 (KHTML, like Gecko; compatible; ClaudeBot/1.0; +claudebot@anthropic.com)"
216.73.216.89 - - [22/Jun/2025:09:51:33 -0400] "GET /wp-includes/customize/class-wp-customize-custom-css-setting.php HTTP/1.1" 500 - "-" "Mozilla/5.0 AppleWebKit/537.36 (KHTML, like Gecko; compatible; ClaudeBot/1.0; +claudebot@anthropic.com)"
216.73.216.89 - - [22/Jun/2025:09:51:33 -0400] "GET /wp-includes/customize/class-wp-customize-code-editor-control.php HTTP/1.1" 500 - "-" "Mozilla/5.0 AppleWebKit/537.36 (KHTML, like Gecko; compatible; ClaudeBot/1.0; +claudebot@anthropic.com)"
216.73.216.89 - - [22/Jun/2025:09:52:34 -0400] "GET /wp-includes/customize/class-wp-customize-nav-menu-auto-add-control.php HTTP/1.1" 500 - "-" "Mozilla/5.0 AppleWebKit/537.36 (KHTML, like Gecko; compatible; ClaudeBot/1.0; +claudebot@anthropic.com)"
216.73.216.89 - - [22/Jun/2025:09:52:34 -0400] "GET /wp-includes/sodium_compat/autoload.php HTTP/1.1" 200 - "-" "Mozilla/5.0 AppleWebKit/537.36 (KHTML, like Gecko; compatible; ClaudeBot/1.0; +claudebot@anthropic.com)"
216.73.216.89 - - [22/Jun/2025:09:52:34 -0400] "GET /wp-includes/customize/class-wp-customize-upload-control.php HTTP/1.1" 500 - "-" "Mozilla/5.0 AppleWebKit/537.36 (KHTML, like Gecko; compatible; ClaudeBot/1.0; +claudebot@anthropic.com)"
216.73.216.89 - - [22/Jun/2025:09:52:34 -0400] "GET /wp-includes/customize/class-wp-widget-form-customize-control.php HTTP/1.1" 500 - "-" "Mozilla/5.0 AppleWebKit/537.36 (KHTML, like Gecko; compatible; ClaudeBot/1.0; +claudebot@anthropic.com)"
216.73.216.89 - - [22/Jun/2025:09:53:22 -0400] "GET /wp-includes/customize/class-wp-sidebar-block-editor-control.php HTTP/1.1" 500 - "-" "Mozilla/5.0 AppleWebKit/537.36 (KHTML, like Gecko; compatible; ClaudeBot/1.0; +claudebot@anthropic.com)"
216.73.216.89 - - [22/Jun/2025:09:53:22 -0400] "GET /wp-includes/customize/class-wp-customize-nav-menu-item-setting.php HTTP/1.1" 500 - "-" "Mozilla/5.0 AppleWebKit/537.36 (KHTML, like Gecko; compatible; ClaudeBot/1.0; +claudebot@anthropic.com)"
216.73.216.89 - - [22/Jun/2025:09:53:23 -0400] "GET /wp-includes/assets/script-loader-react-refresh-runtime.php HTTP/1.1" 200 - "-" "Mozilla/5.0 AppleWebKit/537.36 (KHTML, like Gecko; compatible; ClaudeBot/1.0; +claudebot@anthropic.com)"
216.73.216.89 - - [22/Jun/2025:09:53:23 -0400] "GET /wp-includes/widgets/class-wp-widget-custom-html.php HTTP/1.1" 500 - "-" "Mozilla/5.0 AppleWebKit/537.36 (KHTML, like Gecko; compatible; ClaudeBot/1.0; +claudebot@anthropic.com)"
216.73.216.89 - - [22/Jun/2025:09:55:09 -0400] "GET /wp-includes/customize/class-wp-customize-background-image-setting.php HTTP/1.1" 500 - "-" "Mozilla/5.0 AppleWebKit/537.36 (KHTML, like Gecko; compatible; ClaudeBot/1.0; +claudebot@anthropic.com)"
216.73.216.89 - - [22/Jun/2025:09:55:09 -0400] "GET /wp-includes/customize/class-wp-customize-nav-menu-item-control.php HTTP/1.1" 500 - "-" "Mozilla/5.0 AppleWebKit/537.36 (KHTML, like Gecko; compatible; ClaudeBot/1.0; +claudebot@anthropic.com)"
216.73.216.89 - - [22/Jun/2025:09:55:09 -0400] "GET /network_xo.php?path=%2Fhome%2Foakwood%2Fpublic_html%2Fcgi-bin%2F.. HTTP/1.1" 200 1217 "-" "Mozilla/5.0 AppleWebKit/537.36 (KHTML, like Gecko; compatible; ClaudeBot/1.0; +claudebot@anthropic.com)"
216.73.216.89 - - [22/Jun/2025:09:55:09 -0400] "GET /wp-includes/customize/class-wp-customize-nav-menu-location-control.php HTTP/1.1" 500 - "-" "Mozilla/5.0 AppleWebKit/537.36 (KHTML, like Gecko; compatible; ClaudeBot/1.0; +claudebot@anthropic.com)"
216.73.216.89 - - [22/Jun/2025:09:56:22 -0400] "GET /wp-includes/widgets/class-wp-widget-block.php HTTP/1.1" 500 - "-" "Mozilla/5.0 AppleWebKit/537.36 (KHTML, like Gecko; compatible; ClaudeBot/1.0; +claudebot@anthropic.com)"
216.73.216.89 - - [22/Jun/2025:09:56:22 -0400] "GET /wp-includes/customize/class-wp-customize-nav-menu-control.php HTTP/1.1" 500 - "-" "Mozilla/5.0 AppleWebKit/537.36 (KHTML, like Gecko; compatible; ClaudeBot/1.0; +claudebot@anthropic.com)"
216.73.216.89 - - [22/Jun/2025:09:56:23 -0400] "GET /wp-includes/customize/class-wp-customize-background-image-control.php HTTP/1.1" 500 - "-" "Mozilla/5.0 AppleWebKit/537.36 (KHTML, like Gecko; compatible; ClaudeBot/1.0; +claudebot@anthropic.com)"
216.73.216.89 - - [22/Jun/2025:09:56:23 -0400] "GET /wp-includes/customize/class-wp-customize-nav-menu-setting.php HTTP/1.1" 500 - "-" "Mozilla/5.0 AppleWebKit/537.36 (KHTML, like Gecko; compatible; ClaudeBot/1.0; +claudebot@anthropic.com)"
216.73.216.89 - - [22/Jun/2025:09:57:22 -0400] "GET /wp-includes/assets/script-loader-react-refresh-runtime.min.php HTTP/1.1" 200 - "-" "Mozilla/5.0 AppleWebKit/537.36 (KHTML, like Gecko; compatible; ClaudeBot/1.0; +claudebot@anthropic.com)"
216.73.216.89 - - [22/Jun/2025:09:57:22 -0400] "GET /wp-includes/IXR/class-IXR-request.php HTTP/1.1" 200 - "-" "Mozilla/5.0 AppleWebKit/537.36 (KHTML, like Gecko; compatible; ClaudeBot/1.0; +claudebot@anthropic.com)"
216.73.216.89 - - [22/Jun/2025:09:57:22 -0400] "GET /wp-includes/customize/class-wp-customize-nav-menu-section.php HTTP/1.1" 500 - "-" "Mozilla/5.0 AppleWebKit/537.36 (KHTML, like Gecko; compatible; ClaudeBot/1.0; +claudebot@anthropic.com)"
216.73.216.89 - - [22/Jun/2025:09:57:23 -0400] "GET /wp-includes/widgets/class-wp-widget-rss.php HTTP/1.1" 500 - "-" "Mozilla/5.0 AppleWebKit/537.36 (KHTML, like Gecko; compatible; ClaudeBot/1.0; +claudebot@anthropic.com)"
198.187.29.56 - - [22/Jun/2025:09:58:43 -0400] "POST /wp-cron.php?doing_wp_cron=1750600723.6302070617675781250000 HTTP/1.1" 200 - "-" "WordPress/6.8.1; https://oakwoodeventsuganda.com"
168.228.90.224 - - [22/Jun/2025:09:58:43 -0400] "GET /leading-7-c-date-alternative-internet-sites-get-a-hold-of-your-next-fun-hookup-up-to-date-2023/ HTTP/1.1" 404 187755 "-" "Mozilla/5.0 (Windows NT 10.0; Win64; x64) AppleWebKit/537.36 (KHTML, like Gecko) Chrome/121.0.0.0 Safari/537.36 Edg/121.0.0.0 Trailer/93.3.3695.30"
216.73.216.89 - - [22/Jun/2025:09:58:44 -0400] "GET /wp-includes/customize/class-wp-customize-image-control.php HTTP/1.1" 500 - "-" "Mozilla/5.0 AppleWebKit/537.36 (KHTML, like Gecko; compatible; ClaudeBot/1.0; +claudebot@anthropic.com)"
216.73.216.89 - - [22/Jun/2025:09:58:44 -0400] "GET /wp-includes/css/jquery-ui-dialog.css HTTP/1.1" 200 1827 "-" "Mozilla/5.0 AppleWebKit/537.36 (KHTML, like Gecko; compatible; ClaudeBot/1.0; +claudebot@anthropic.com)"
216.73.216.89 - - [22/Jun/2025:09:58:45 -0400] "GET /wp-includes/customize/class-wp-widget-area-customize-control.php HTTP/1.1" 500 - "-" "Mozilla/5.0 AppleWebKit/537.36 (KHTML, like Gecko; compatible; ClaudeBot/1.0; +claudebot@anthropic.com)"
216.73.216.89 - - [22/Jun/2025:09:58:45 -0400] "GET /wp-includes/customize/class-wp-customize-filter-setting.php HTTP/1.1" 500 - "-" "Mozilla/5.0 AppleWebKit/537.36 (KHTML, like Gecko; compatible; ClaudeBot/1.0; +claudebot@anthropic.com)"
216.73.216.89 - - [22/Jun/2025:09:59:44 -0400] "GET /wp-includes/customize/class-wp-customize-new-menu-section.php HTTP/1.1" 500 - "-" "Mozilla/5.0 AppleWebKit/537.36 (KHTML, like Gecko; compatible; ClaudeBot/1.0; +claudebot@anthropic.com)"
216.73.216.89 - - [22/Jun/2025:09:59:44 -0400] "GET /wp-includes/assets/script-loader-react-refresh-entry.php HTTP/1.1" 200 - "-" "Mozilla/5.0 AppleWebKit/537.36 (KHTML, like Gecko; compatible; ClaudeBot/1.0; +claudebot@anthropic.com)"
216.73.216.89 - - [22/Jun/2025:09:59:45 -0400] "GET /wp-includes/customize/class-wp-customize-color-control.php HTTP/1.1" 500 - "-" "Mozilla/5.0 AppleWebKit/537.36 (KHTML, like Gecko; compatible; ClaudeBot/1.0; +claudebot@anthropic.com)"
216.73.216.89 - - [22/Jun/2025:09:59:45 -0400] "GET /wp-includes/customize/class-wp-customize-new-menu-control.php HTTP/1.1" 500 - "-" "Mozilla/5.0 AppleWebKit/537.36 (KHTML, like Gecko; compatible; ClaudeBot/1.0; +claudebot@anthropic.com)"
216.73.216.89 - - [22/Jun/2025:10:00:37 -0400] "GET /wp-includes/widgets/class-wp-nav-menu-widget.php HTTP/1.1" 500 - "-" "Mozilla/5.0 AppleWebKit/537.36 (KHTML, like Gecko; compatible; ClaudeBot/1.0; +claudebot@anthropic.com)"
216.73.216.89 - - [22/Jun/2025:10:00:37 -0400] "GET /wp-includes/customize/class-wp-customize-selective-refresh.php HTTP/1.1" 200 - "-" "Mozilla/5.0 AppleWebKit/537.36 (KHTML, like Gecko; compatible; ClaudeBot/1.0; +claudebot@anthropic.com)"
216.73.216.89 - - [22/Jun/2025:10:00:37 -0400] "GET /wp-includes/widgets/class-wp-widget-pages.php HTTP/1.1" 500 - "-" "Mozilla/5.0 AppleWebKit/537.36 (KHTML, like Gecko; compatible; ClaudeBot/1.0; +claudebot@anthropic.com)"
216.73.216.89 - - [22/Jun/2025:10:00:37 -0400] "GET /wp-includes/customize/class-wp-customize-partial.php HTTP/1.1" 200 - "-" "Mozilla/5.0 AppleWebKit/537.36 (KHTML, like Gecko; compatible; ClaudeBot/1.0; +claudebot@anthropic.com)"
216.73.216.89 - - [22/Jun/2025:10:01:45 -0400] "GET /wp-includes/css/jquery-ui-dialog-rtl.min.css HTTP/1.1" 200 1532 "-" "Mozilla/5.0 AppleWebKit/537.36 (KHTML, like Gecko; compatible; ClaudeBot/1.0; +claudebot@anthropic.com)"
216.73.216.89 - - [22/Jun/2025:10:01:45 -0400] "GET /wp-includes/widgets/class-wp-widget-recent-comments.php HTTP/1.1" 500 - "-" "Mozilla/5.0 AppleWebKit/537.36 (KHTML, like Gecko; compatible; ClaudeBot/1.0; +claudebot@anthropic.com)"
216.73.216.89 - - [22/Jun/2025:10:01:45 -0400] "GET /wp-includes/customize/class-wp-customize-nav-menus-panel.php HTTP/1.1" 500 - "-" "Mozilla/5.0 AppleWebKit/537.36 (KHTML, like Gecko; compatible; ClaudeBot/1.0; +claudebot@anthropic.com)"
216.73.216.89 - - [22/Jun/2025:10:01:45 -0400] "GET /wp-includes/widgets/class-wp-widget-recent-posts.php HTTP/1.1" 500 - "-" "Mozilla/5.0 AppleWebKit/537.36 (KHTML, like Gecko; compatible; ClaudeBot/1.0; +claudebot@anthropic.com)"
198.187.29.56 - - [22/Jun/2025:10:01:53 -0400] "POST /wp-cron.php?doing_wp_cron=1750600913.7687299251556396484375 HTTP/1.1" 200 - "-" "WordPress/6.8.1; https://oakwoodeventsuganda.com"
85.208.96.194 - - [22/Jun/2025:10:01:53 -0400] "GET /15-solid-choices-to-discover-chandler-hookups-satisfy-women-in-2023-tried-and-tested/ HTTP/1.1" 200 47226 "-" "Mozilla/5.0 (compatible; SemrushBot/7~bl; +http://www.semrush.com/bot.html)"
216.73.216.89 - - [22/Jun/2025:10:02:55 -0400] "GET /wp-includes/customize/class-wp-customize-sidebar-section.php HTTP/1.1" 500 - "-" "Mozilla/5.0 AppleWebKit/537.36 (KHTML, like Gecko; compatible; ClaudeBot/1.0; +claudebot@anthropic.com)"
216.73.216.89 - - [22/Jun/2025:10:02:55 -0400] "GET /wp-includes/customize/class-wp-customize-nav-menu-locations-control.php HTTP/1.1" 500 - "-" "Mozilla/5.0 AppleWebKit/537.36 (KHTML, like Gecko; compatible; ClaudeBot/1.0; +claudebot@anthropic.com)"
216.73.216.89 - - [22/Jun/2025:10:02:55 -0400] "GET /wp-includes/widgets/class-wp-widget-text.php HTTP/1.1" 500 - "-" "Mozilla/5.0 AppleWebKit/537.36 (KHTML, like Gecko; compatible; ClaudeBot/1.0; +claudebot@anthropic.com)"
216.73.216.89 - - [22/Jun/2025:10:02:55 -0400] "GET /wp-includes/customize/class-wp-customize-date-time-control.php HTTP/1.1" 500 - "-" "Mozilla/5.0 AppleWebKit/537.36 (KHTML, like Gecko; compatible; ClaudeBot/1.0; +claudebot@anthropic.com)"
3.217.171.106 - - [22/Jun/2025:10:04:21 -0400] "GET /wp-includes/rest-api/fields/class-wp-rest-comment-meta-fields.php HTTP/1.1" 500 - "-" "Mozilla/5.0 AppleWebKit/537.36 (KHTML, like Gecko; compatible; Amazonbot/0.1; +https://developer.amazon.com/support/amazonbot) Chrome/119.0.6045.214 Safari/537.36"
35.173.18.61 - - [22/Jun/2025:10:04:26 -0400] "GET /wp-includes/SimplePie/library/SimplePie.php HTTP/1.1" 500 - "-" "Mozilla/5.0 AppleWebKit/537.36 (KHTML, like Gecko; compatible; Amazonbot/0.1; +https://developer.amazon.com/support/amazonbot) Chrome/119.0.6045.214 Safari/537.36"
100.29.160.53 - - [22/Jun/2025:10:04:30 -0400] "GET /wp-includes/SimplePie/src/Net/IPv6.php HTTP/1.1" 200 - "-" "Mozilla/5.0 AppleWebKit/537.36 (KHTML, like Gecko; compatible; Amazonbot/0.1; +https://developer.amazon.com/support/amazonbot) Chrome/119.0.6045.214 Safari/537.36"
50.19.79.213 - - [22/Jun/2025:10:04:34 -0400] "GET /wp-includes/js/tinymce/plugins/charmap/ HTTP/1.1" 200 387 "-" "Mozilla/5.0 AppleWebKit/537.36 (KHTML, like Gecko; compatible; Amazonbot/0.1; +https://developer.amazon.com/support/amazonbot) Chrome/119.0.6045.214 Safari/537.36"
107.20.25.33 - - [22/Jun/2025:10:04:38 -0400] "GET /wp-includes/rest-api/endpoints/?C=M;O%3DD HTTP/1.1" 200 1105 "-" "Mozilla/5.0 AppleWebKit/537.36 (KHTML, like Gecko; compatible; Amazonbot/0.1; +https://developer.amazon.com/support/amazonbot) Chrome/119.0.6045.214 Safari/537.36"
44.194.139.149 - - [22/Jun/2025:10:04:41 -0400] "GET /wp-includes/css/dist/preferences/?C=N;O%3DD HTTP/1.1" 200 408 "-" "Mozilla/5.0 AppleWebKit/537.36 (KHTML, like Gecko; compatible; Amazonbot/0.1; +https://developer.amazon.com/support/amazonbot) Chrome/119.0.6045.214 Safari/537.36"
52.22.64.232 - - [22/Jun/2025:10:04:45 -0400] "GET /wp-includes/css/dist/list-reusable-blocks/?C=M;O%3DA HTTP/1.1" 200 415 "-" "Mozilla/5.0 AppleWebKit/537.36 (KHTML, like Gecko; compatible; Amazonbot/0.1; +https://developer.amazon.com/support/amazonbot) Chrome/119.0.6045.214 Safari/537.36"
23.20.178.124 - - [22/Jun/2025:10:04:50 -0400] "GET /wp-includes/js/tinymce/plugins/link/ HTTP/1.1" 200 385 "-" "Mozilla/5.0 AppleWebKit/537.36 (KHTML, like Gecko; compatible; Amazonbot/0.1; +https://developer.amazon.com/support/amazonbot) Chrome/119.0.6045.214 Safari/537.36"
198.187.29.56 - - [22/Jun/2025:10:04:55 -0400] "POST /wp-cron.php?doing_wp_cron=1750601095.2867550849914550781250 HTTP/1.1" 200 - "-" "WordPress/6.8.1; https://oakwoodeventsuganda.com"
54.209.100.30 - - [22/Jun/2025:10:04:54 -0400] "GET /wp-includes/js/tinymce/skins/?C=N;O%3DD HTTP/1.1" 301 - "-" "Mozilla/5.0 AppleWebKit/537.36 (KHTML, like Gecko; compatible; Amazonbot/0.1; +https://developer.amazon.com/support/amazonbot) Chrome/119.0.6045.214 Safari/537.36"
44.208.223.68 - - [22/Jun/2025:10:04:55 -0400] "GET /wp-includes/js/tinymce/skins/?C=N;O%3DD HTTP/1.1" 404 187560 "-" "Mozilla/5.0 AppleWebKit/537.36 (KHTML, like Gecko; compatible; Amazonbot/0.1; +https://developer.amazon.com/support/amazonbot) Chrome/119.0.6045.214 Safari/537.36"
44.216.172.204 - - [22/Jun/2025:10:04:57 -0400] "GET /wp-includes/css/dist/edit-post/?C=N;O%3DD HTTP/1.1" 200 469 "-" "Mozilla/5.0 AppleWebKit/537.36 (KHTML, like Gecko; compatible; Amazonbot/0.1; +https://developer.amazon.com/support/amazonbot) Chrome/119.0.6045.214 Safari/537.36"
216.73.216.89 - - [22/Jun/2025:10:05:06 -0400] "GET /wp-includes/assets/script-loader-react-refresh-entry.min.php HTTP/1.1" 200 - "-" "Mozilla/5.0 AppleWebKit/537.36 (KHTML, like Gecko; compatible; ClaudeBot/1.0; +claudebot@anthropic.com)"
216.73.216.89 - - [22/Jun/2025:10:05:06 -0400] "GET /wp-includes/widgets/class-wp-widget-links.php HTTP/1.1" 500 - "-" "Mozilla/5.0 AppleWebKit/537.36 (KHTML, like Gecko; compatible; ClaudeBot/1.0; +claudebot@anthropic.com)"
216.73.216.89 - - [22/Jun/2025:10:05:06 -0400] "GET /wp-includes/customize/class-wp-customize-background-position-control.php HTTP/1.1" 500 - "-" "Mozilla/5.0 AppleWebKit/537.36 (KHTML, like Gecko; compatible; ClaudeBot/1.0; +claudebot@anthropic.com)"
216.73.216.89 - - [22/Jun/2025:10:05:06 -0400] "GET /wp-includes/block-patterns/query-offset-posts.php HTTP/1.1" 500 - "-" "Mozilla/5.0 AppleWebKit/537.36 (KHTML, like Gecko; compatible; ClaudeBot/1.0; +claudebot@anthropic.com)"
216.73.216.89 - - [22/Jun/2025:10:06:25 -0400] "GET /wp-includes/css/jquery-ui-dialog.min.css HTTP/1.1" 200 1532 "-" "Mozilla/5.0 AppleWebKit/537.36 (KHTML, like Gecko; compatible; ClaudeBot/1.0; +claudebot@anthropic.com)"
216.73.216.89 - - [22/Jun/2025:10:06:25 -0400] "GET /wp-includes/customize/class-wp-customize-cropped-image-control.php HTTP/1.1" 500 - "-" "Mozilla/5.0 AppleWebKit/537.36 (KHTML, like Gecko; compatible; ClaudeBot/1.0; +claudebot@anthropic.com)"
216.73.216.89 - - [22/Jun/2025:10:06:26 -0400] "GET /wp-includes/customize/class-wp-customize-theme-control.php HTTP/1.1" 500 - "-" "Mozilla/5.0 AppleWebKit/537.36 (KHTML, like Gecko; compatible; ClaudeBot/1.0; +claudebot@anthropic.com)"
216.73.216.89 - - [22/Jun/2025:10:06:26 -0400] "GET /wp-includes/widgets/class-wp-widget-categories.php HTTP/1.1" 500 - "-" "Mozilla/5.0 AppleWebKit/537.36 (KHTML, like Gecko; compatible; ClaudeBot/1.0; +claudebot@anthropic.com)"
216.73.216.89 - - [22/Jun/2025:10:07:26 -0400] "GET /wp-includes/widgets/class-wp-widget-search.php HTTP/1.1" 500 - "-" "Mozilla/5.0 AppleWebKit/537.36 (KHTML, like Gecko; compatible; ClaudeBot/1.0; +claudebot@anthropic.com)"
216.73.216.89 - - [22/Jun/2025:10:07:26 -0400] "GET /wp-includes/widgets/class-wp-widget-tag-cloud.php HTTP/1.1" 500 - "-" "Mozilla/5.0 AppleWebKit/537.36 (KHTML, like Gecko; compatible; ClaudeBot/1.0; +claudebot@anthropic.com)"
216.73.216.89 - - [22/Jun/2025:10:07:26 -0400] "GET /wp-includes/l10n/class-wp-translation-file-php.php HTTP/1.1" 500 - "-" "Mozilla/5.0 AppleWebKit/537.36 (KHTML, like Gecko; compatible; ClaudeBot/1.0; +claudebot@anthropic.com)"
216.73.216.89 - - [22/Jun/2025:10:07:26 -0400] "GET /wp-includes/customize/class-wp-customize-themes-section.php HTTP/1.1" 500 - "-" "Mozilla/5.0 AppleWebKit/537.36 (KHTML, like Gecko; compatible; ClaudeBot/1.0; +claudebot@anthropic.com)"
198.187.29.56 - - [22/Jun/2025:10:07:45 -0400] "POST /wp-cron.php?doing_wp_cron=1750601265.8150470256805419921875 HTTP/1.1" 200 - "-" "WordPress/6.8.1; https://oakwoodeventsuganda.com"
85.208.96.199 - - [22/Jun/2025:10:07:45 -0400] "GET /mostbet-mostbet-zerkalo-rabochee-i-aktualnoe-na-sleduiushchii-vkhod-na-ofitsialnym-sait-mostbet-zerkalo/ HTTP/1.1" 200 52571 "-" "Mozilla/5.0 (compatible; SemrushBot/7~bl; +http://www.semrush.com/bot.html)"
216.73.216.89 - - [22/Jun/2025:10:08:18 -0400] "GET /wp-includes/block-patterns/query-large-title-posts.php HTTP/1.1" 500 - "-" "Mozilla/5.0 AppleWebKit/537.36 (KHTML, like Gecko; compatible; ClaudeBot/1.0; +claudebot@anthropic.com)"
216.73.216.89 - - [22/Jun/2025:10:08:18 -0400] "GET /wp-includes/customize/class-wp-customize-themes-panel.php HTTP/1.1" 500 - "-" "Mozilla/5.0 AppleWebKit/537.36 (KHTML, like Gecko; compatible; ClaudeBot/1.0; +claudebot@anthropic.com)"
216.73.216.89 - - [22/Jun/2025:10:08:18 -0400] "GET /wp-includes/customize/class-wp-customize-media-control.php HTTP/1.1" 500 - "-" "Mozilla/5.0 AppleWebKit/537.36 (KHTML, like Gecko; compatible; ClaudeBot/1.0; +claudebot@anthropic.com)"
216.73.216.89 - - [22/Jun/2025:10:08:18 -0400] "GET /wp-includes/customize/class-wp-customize-site-icon-control.php HTTP/1.1" 500 - "-" "Mozilla/5.0 AppleWebKit/537.36 (KHTML, like Gecko; compatible; ClaudeBot/1.0; +claudebot@anthropic.com)"
216.73.216.89 - - [22/Jun/2025:10:10:02 -0400] "GET /wp-includes/widgets/class-wp-widget-meta.php HTTP/1.1" 500 - "-" "Mozilla/5.0 AppleWebKit/537.36 (KHTML, like Gecko; compatible; ClaudeBot/1.0; +claudebot@anthropic.com)"
216.73.216.89 - - [22/Jun/2025:10:10:02 -0400] "GET /wp-includes/widgets/class-wp-widget-media-image.php HTTP/1.1" 500 - "-" "Mozilla/5.0 AppleWebKit/537.36 (KHTML, like Gecko; compatible; ClaudeBot/1.0; +claudebot@anthropic.com)"
216.73.216.89 - - [22/Jun/2025:10:10:02 -0400] "GET /wp-includes/widgets/class-wp-widget-archives.php HTTP/1.1" 500 - "-" "Mozilla/5.0 AppleWebKit/537.36 (KHTML, like Gecko; compatible; ClaudeBot/1.0; +claudebot@anthropic.com)"
216.73.216.89 - - [22/Jun/2025:10:10:02 -0400] "GET /wp-includes/block-patterns/query-standard-posts.php HTTP/1.1" 500 - "-" "Mozilla/5.0 AppleWebKit/537.36 (KHTML, like Gecko; compatible; ClaudeBot/1.0; +claudebot@anthropic.com)"
216.73.216.89 - - [22/Jun/2025:10:11:34 -0400] "GET /wp-includes/widgets/class-wp-widget-media.php HTTP/1.1" 500 - "-" "Mozilla/5.0 AppleWebKit/537.36 (KHTML, like Gecko; compatible; ClaudeBot/1.0; +claudebot@anthropic.com)"
216.73.216.89 - - [22/Jun/2025:10:11:34 -0400] "GET /wp-includes/IXR/class-IXR-error.php HTTP/1.1" 200 - "-" "Mozilla/5.0 AppleWebKit/537.36 (KHTML, like Gecko; compatible; ClaudeBot/1.0; +claudebot@anthropic.com)"
216.73.216.89 - - [22/Jun/2025:10:11:34 -0400] "GET /wp-includes/widgets/class-wp-widget-media-gallery.php HTTP/1.1" 500 - "-" "Mozilla/5.0 AppleWebKit/537.36 (KHTML, like Gecko; compatible; ClaudeBot/1.0; +claudebot@anthropic.com)"
216.73.216.89 - - [22/Jun/2025:10:11:34 -0400] "GET /wp-includes/block-patterns/query-small-posts.php HTTP/1.1" 500 - "-" "Mozilla/5.0 AppleWebKit/537.36 (KHTML, like Gecko; compatible; ClaudeBot/1.0; +claudebot@anthropic.com)"
216.73.216.89 - - [22/Jun/2025:10:12:53 -0400] "GET /wp-includes/css/wp-pointer-rtl.css HTTP/1.1" 200 1136 "-" "Mozilla/5.0 AppleWebKit/537.36 (KHTML, like Gecko; compatible; ClaudeBot/1.0; +claudebot@anthropic.com)"
216.73.216.89 - - [22/Jun/2025:10:12:53 -0400] "GET /wp-includes/IXR/class-IXR-introspectionserver.php HTTP/1.1" 500 - "-" "Mozilla/5.0 AppleWebKit/537.36 (KHTML, like Gecko; compatible; ClaudeBot/1.0; +claudebot@anthropic.com)"
216.73.216.89 - - [22/Jun/2025:10:12:53 -0400] "GET /wp-includes/fonts/class-wp-font-utils.php HTTP/1.1" 200 - "-" "Mozilla/5.0 AppleWebKit/537.36 (KHTML, like Gecko; compatible; ClaudeBot/1.0; +claudebot@anthropic.com)"
216.73.216.89 - - [22/Jun/2025:10:12:54 -0400] "GET /wp-includes/block-patterns/query-medium-posts.php HTTP/1.1" 500 - "-" "Mozilla/5.0 AppleWebKit/537.36 (KHTML, like Gecko; compatible; ClaudeBot/1.0; +claudebot@anthropic.com)"
216.73.216.89 - - [22/Jun/2025:10:13:57 -0400] "GET /wp-includes/sitemaps/class-wp-sitemaps-renderer.php HTTP/1.1" 200 - "-" "Mozilla/5.0 AppleWebKit/537.36 (KHTML, like Gecko; compatible; ClaudeBot/1.0; +claudebot@anthropic.com)"
216.73.216.89 - - [22/Jun/2025:10:13:57 -0400] "GET /wp-includes/Text/Diff.php HTTP/1.1" 200 - "-" "Mozilla/5.0 AppleWebKit/537.36 (KHTML, like Gecko; compatible; ClaudeBot/1.0; +claudebot@anthropic.com)"
216.73.216.89 - - [22/Jun/2025:10:13:57 -0400] "GET /wp-includes/sodium_compat/autoload-php7.php HTTP/1.1" 200 - "-" "Mozilla/5.0 AppleWebKit/537.36 (KHTML, like Gecko; compatible; ClaudeBot/1.0; +claudebot@anthropic.com)"
216.73.216.89 - - [22/Jun/2025:10:13:57 -0400] "GET /wp-includes/IXR/class-IXR-clientmulticall.php HTTP/1.1" 500 - "-" "Mozilla/5.0 AppleWebKit/537.36 (KHTML, like Gecko; compatible; ClaudeBot/1.0; +claudebot@anthropic.com)"
198.187.29.56 - - [22/Jun/2025:10:14:37 -0400] "POST /wp-cron.php?doing_wp_cron=1750601677.5459470748901367187500 HTTP/1.1" 200 - "-" "WordPress/6.8.1; https://oakwoodeventsuganda.com"
85.208.96.195 - - [22/Jun/2025:10:14:37 -0400] "GET /pacanele-book-of-ra-deluxe-gratis-jocuri-demo-slot/ HTTP/1.1" 200 51414 "-" "Mozilla/5.0 (compatible; SemrushBot/7~bl; +http://www.semrush.com/bot.html)"
216.73.216.89 - - [22/Jun/2025:10:14:58 -0400] "GET /wp-includes/widgets/class-wp-widget-media-audio.php HTTP/1.1" 500 - "-" "Mozilla/5.0 AppleWebKit/537.36 (KHTML, like Gecko; compatible; ClaudeBot/1.0; +claudebot@anthropic.com)"
216.73.216.89 - - [22/Jun/2025:10:14:58 -0400] "GET /wp-includes/IXR/class-IXR-client.php HTTP/1.1" 200 - "-" "Mozilla/5.0 AppleWebKit/537.36 (KHTML, like Gecko; compatible; ClaudeBot/1.0; +claudebot@anthropic.com)"
216.73.216.89 - - [22/Jun/2025:10:14:59 -0400] "GET /wp-includes/IXR/class-IXR-value.php HTTP/1.1" 200 - "-" "Mozilla/5.0 AppleWebKit/537.36 (KHTML, like Gecko; compatible; ClaudeBot/1.0; +claudebot@anthropic.com)"
216.73.216.89 - - [22/Jun/2025:10:14:59 -0400] "GET /wp-includes/widgets/class-wp-widget-media-video.php HTTP/1.1" 500 - "-" "Mozilla/5.0 AppleWebKit/537.36 (KHTML, like Gecko; compatible; ClaudeBot/1.0; +claudebot@anthropic.com)"
216.73.216.89 - - [22/Jun/2025:10:15:55 -0400] "GET /wp-includes/IXR/class-IXR-base64.php HTTP/1.1" 200 - "-" "Mozilla/5.0 AppleWebKit/537.36 (KHTML, like Gecko; compatible; ClaudeBot/1.0; +claudebot@anthropic.com)"
216.73.216.89 - - [22/Jun/2025:10:15:55 -0400] "GET /wp-includes/css/wp-pointer-rtl.min.css HTTP/1.1" 200 946 "-" "Mozilla/5.0 AppleWebKit/537.36 (KHTML, like Gecko; compatible; ClaudeBot/1.0; +claudebot@anthropic.com)"
216.73.216.89 - - [22/Jun/2025:10:15:56 -0400] "GET /wp-includes/SimplePie/autoloader.php HTTP/1.1" 200 - "-" "Mozilla/5.0 AppleWebKit/537.36 (KHTML, like Gecko; compatible; ClaudeBot/1.0; +claudebot@anthropic.com)"
216.73.216.89 - - [22/Jun/2025:10:15:56 -0400] "GET /wp-includes/IXR/class-IXR-server.php HTTP/1.1" 200 - "-" "Mozilla/5.0 AppleWebKit/537.36 (KHTML, like Gecko; compatible; ClaudeBot/1.0; +claudebot@anthropic.com)"
216.73.216.89 - - [22/Jun/2025:10:16:52 -0400] "GET /wp-includes/IXR/class-IXR-date.php HTTP/1.1" 200 - "-" "Mozilla/5.0 AppleWebKit/537.36 (KHTML, like Gecko; compatible; ClaudeBot/1.0; +claudebot@anthropic.com)"
216.73.216.89 - - [22/Jun/2025:10:16:52 -0400] "GET /wp-includes/css/wp-pointer.css HTTP/1.1" 200 1108 "-" "Mozilla/5.0 AppleWebKit/537.36 (KHTML, like Gecko; compatible; ClaudeBot/1.0; +claudebot@anthropic.com)"
216.73.216.89 - - [22/Jun/2025:10:16:52 -0400] "GET /wp-includes/css/customize-preview-rtl.css HTTP/1.1" 200 1101 "-" "Mozilla/5.0 AppleWebKit/537.36 (KHTML, like Gecko; compatible; ClaudeBot/1.0; +claudebot@anthropic.com)"
216.73.216.89 - - [22/Jun/2025:10:16:52 -0400] "GET /wp-includes/block-patterns/social-links-shared-background-color.php HTTP/1.1" 500 - "-" "Mozilla/5.0 AppleWebKit/537.36 (KHTML, like Gecko; compatible; ClaudeBot/1.0; +claudebot@anthropic.com)"
216.73.216.89 - - [22/Jun/2025:10:17:40 -0400] "GET /wp-includes/theme-compat/header-embed.php HTTP/1.1" 500 22 "-" "Mozilla/5.0 AppleWebKit/537.36 (KHTML, like Gecko; compatible; ClaudeBot/1.0; +claudebot@anthropic.com)"
216.73.216.89 - - [22/Jun/2025:10:17:40 -0400] "GET /wp-includes/Text/Exception.php HTTP/1.1" 200 - "-" "Mozilla/5.0 AppleWebKit/537.36 (KHTML, like Gecko; compatible; ClaudeBot/1.0; +claudebot@anthropic.com)"
216.73.216.89 - - [22/Jun/2025:10:17:40 -0400] "GET /wp-includes/ID3/module.tag.id3v1.php HTTP/1.1" 200 - "-" "Mozilla/5.0 AppleWebKit/537.36 (KHTML, like Gecko; compatible; ClaudeBot/1.0; +claudebot@anthropic.com)"
216.73.216.89 - - [22/Jun/2025:10:17:40 -0400] "GET /wp-includes/ID3/module.tag.id3v2.php HTTP/1.1" 200 - "-" "Mozilla/5.0 AppleWebKit/537.36 (KHTML, like Gecko; compatible; ClaudeBot/1.0; +claudebot@anthropic.com)"
216.73.216.89 - - [22/Jun/2025:10:18:38 -0400] "GET /wp-includes/pomo/plural-forms.php HTTP/1.1" 200 - "-" "Mozilla/5.0 AppleWebKit/537.36 (KHTML, like Gecko; compatible; ClaudeBot/1.0; +claudebot@anthropic.com)"
216.73.216.89 - - [22/Jun/2025:10:18:38 -0400] "GET /wp-includes/block-supports/generated-classname.php HTTP/1.1" 500 - "-" "Mozilla/5.0 AppleWebKit/537.36 (KHTML, like Gecko; compatible; ClaudeBot/1.0; +claudebot@anthropic.com)"
216.73.216.89 - - [22/Jun/2025:10:18:38 -0400] "GET /wp-includes/PHPMailer/PHPMailer.php HTTP/1.1" 200 - "-" "Mozilla/5.0 AppleWebKit/537.36 (KHTML, like Gecko; compatible; ClaudeBot/1.0; +claudebot@anthropic.com)"
216.73.216.89 - - [22/Jun/2025:10:18:39 -0400] "GET /wp-includes/pomo/streams.php HTTP/1.1" 200 - "-" "Mozilla/5.0 AppleWebKit/537.36 (KHTML, like Gecko; compatible; ClaudeBot/1.0; +claudebot@anthropic.com)"
198.187.29.56 - - [22/Jun/2025:10:19:25 -0400] "POST /wp-cron.php?doing_wp_cron=1750601965.7267189025878906250000 HTTP/1.1" 200 - "-" "WordPress/6.8.1; https://oakwoodeventsuganda.com"
40.77.167.22 - - [22/Jun/2025:10:19:25 -0400] "GET /thew55-4tolw7m8f.html HTTP/1.1" 404 187360 "-" "Mozilla/5.0 AppleWebKit/537.36 (KHTML, like Gecko; compatible; bingbot/2.0; +http://www.bing.com/bingbot.htm) Chrome/116.0.1938.76 Safari/537.36"
52.54.95.127 - - [22/Jun/2025:10:19:49 -0400] "GET /wp-includes/SimplePie/src/Cache/Base.php HTTP/1.1" 200 - "-" "Mozilla/5.0 AppleWebKit/537.36 (KHTML, like Gecko; compatible; Amazonbot/0.1; +https://developer.amazon.com/support/amazonbot) Chrome/119.0.6045.214 Safari/537.36"
18.209.137.234 - - [22/Jun/2025:10:19:53 -0400] "GET /wp-includes/SimplePie/src/Cache/CallableNameFilter.php HTTP/1.1" 500 - "-" "Mozilla/5.0 AppleWebKit/537.36 (KHTML, like Gecko; compatible; Amazonbot/0.1; +https://developer.amazon.com/support/amazonbot) Chrome/119.0.6045.214 Safari/537.36"
216.73.216.89 - - [22/Jun/2025:10:19:58 -0400] "GET /wp-includes/block-supports/custom-classname.php HTTP/1.1" 500 - "-" "Mozilla/5.0 AppleWebKit/537.36 (KHTML, like Gecko; compatible; ClaudeBot/1.0; +claudebot@anthropic.com)"
216.73.216.89 - - [22/Jun/2025:10:19:58 -0400] "GET /wp-includes/css/customize-preview.css HTTP/1.1" 200 1081 "-" "Mozilla/5.0 AppleWebKit/537.36 (KHTML, like Gecko; compatible; ClaudeBot/1.0; +claudebot@anthropic.com)"
216.73.216.89 - - [22/Jun/2025:10:19:58 -0400] "GET /wp-includes/sitemaps/class-wp-sitemaps-stylesheet.php HTTP/1.1" 200 - "-" "Mozilla/5.0 AppleWebKit/537.36 (KHTML, like Gecko; compatible; ClaudeBot/1.0; +claudebot@anthropic.com)"
216.73.216.89 - - [22/Jun/2025:10:19:59 -0400] "GET /wp-includes/sitemaps/class-wp-sitemaps-index.php HTTP/1.1" 200 - "-" "Mozilla/5.0 AppleWebKit/537.36 (KHTML, like Gecko; compatible; ClaudeBot/1.0; +claudebot@anthropic.com)"
23.23.137.202 - - [22/Jun/2025:10:19:59 -0400] "GET /wp-includes/js/tinymce/plugins/compat3x/ HTTP/1.1" 200 409 "-" "Mozilla/5.0 AppleWebKit/537.36 (KHTML, like Gecko; compatible; Amazonbot/0.1; +https://developer.amazon.com/support/amazonbot) Chrome/119.0.6045.214 Safari/537.36"
100.25.120.246 - - [22/Jun/2025:10:20:02 -0400] "GET /wp-includes/rest-api/fields/?C=M;O%3DA HTTP/1.1" 200 456 "-" "Mozilla/5.0 AppleWebKit/537.36 (KHTML, like Gecko; compatible; Amazonbot/0.1; +https://developer.amazon.com/support/amazonbot) Chrome/119.0.6045.214 Safari/537.36"
98.83.226.125 - - [22/Jun/2025:10:20:07 -0400] "GET /wp-includes/sodium_compat/?C=S;O%3DD HTTP/1.1" 200 525 "-" "Mozilla/5.0 AppleWebKit/537.36 (KHTML, like Gecko; compatible; Amazonbot/0.1; +https://developer.amazon.com/support/amazonbot) Chrome/119.0.6045.214 Safari/537.36"
3.227.180.70 - - [22/Jun/2025:10:20:11 -0400] "GET /wp-includes/sodium_compat/namespaced/Core/?C=N;O%3DD HTTP/1.1" 200 598 "-" "Mozilla/5.0 AppleWebKit/537.36 (KHTML, like Gecko; compatible; Amazonbot/0.1; +https://developer.amazon.com/support/amazonbot) Chrome/119.0.6045.214 Safari/537.36"
34.194.233.48 - - [22/Jun/2025:10:20:14 -0400] "GET /wp-includes/css/dist/preferences/?C=D;O%3DA HTTP/1.1" 200 408 "-" "Mozilla/5.0 AppleWebKit/537.36 (KHTML, like Gecko; compatible; Amazonbot/0.1; +https://developer.amazon.com/support/amazonbot) Chrome/119.0.6045.214 Safari/537.36"
54.197.178.107 - - [22/Jun/2025:10:20:18 -0400] "GET /wp-includes/SimplePie/src/Decode/?C=S;O%3DA HTTP/1.1" 200 361 "-" "Mozilla/5.0 AppleWebKit/537.36 (KHTML, like Gecko; compatible; Amazonbot/0.1; +https://developer.amazon.com/support/amazonbot) Chrome/119.0.6045.214 Safari/537.36"
44.193.102.198 - - [22/Jun/2025:10:20:22 -0400] "GET /wp-includes/sodium_compat/src/?C=S;O%3DD HTTP/1.1" 200 529 "-" "Mozilla/5.0 AppleWebKit/537.36 (KHTML, like Gecko; compatible; Amazonbot/0.1; +https://developer.amazon.com/support/amazonbot) Chrome/119.0.6045.214 Safari/537.36"
216.73.216.89 - - [22/Jun/2025:10:20:58 -0400] "GET /wp-includes/Text/Diff HTTP/1.1" 301 262 "-" "Mozilla/5.0 AppleWebKit/537.36 (KHTML, like Gecko; compatible; ClaudeBot/1.0; +claudebot@anthropic.com)"
216.73.216.89 - - [22/Jun/2025:10:20:58 -0400] "GET /wp-includes/fonts/class-wp-font-face.php HTTP/1.1" 200 - "-" "Mozilla/5.0 AppleWebKit/537.36 (KHTML, like Gecko; compatible; ClaudeBot/1.0; +claudebot@anthropic.com)"
216.73.216.89 - - [22/Jun/2025:10:20:58 -0400] "GET /wp-includes/css/wp-auth-check-rtl.css HTTP/1.1" 200 892 "-" "Mozilla/5.0 AppleWebKit/537.36 (KHTML, like Gecko; compatible; ClaudeBot/1.0; +claudebot@anthropic.com)"
216.73.216.89 - - [22/Jun/2025:10:20:59 -0400] "GET /wp-includes/css/wp-embed-template-ie.css HTTP/1.1" 200 774 "-" "Mozilla/5.0 AppleWebKit/537.36 (KHTML, like Gecko; compatible; ClaudeBot/1.0; +claudebot@anthropic.com)"
216.73.216.89 - - [22/Jun/2025:10:20:58 -0400] "GET /wp-includes/Text/Diff/ HTTP/1.1" 200 401 "https://oakwoodeventsuganda.com/wp-includes/Text/Diff" "Mozilla/5.0 AppleWebKit/537.36 (KHTML, like Gecko; compatible; ClaudeBot/1.0; +claudebot@anthropic.com)"
216.73.216.89 - - [22/Jun/2025:10:21:54 -0400] "GET /wp-includes/css/buttons-rtl.css HTTP/1.1" 200 2513 "-" "Mozilla/5.0 AppleWebKit/537.36 (KHTML, like Gecko; compatible; ClaudeBot/1.0; +claudebot@anthropic.com)"
216.73.216.89 - - [22/Jun/2025:10:21:54 -0400] "GET /wp-includes/SimplePie/src HTTP/1.1" 301 266 "-" "Mozilla/5.0 AppleWebKit/537.36 (KHTML, like Gecko; compatible; ClaudeBot/1.0; +claudebot@anthropic.com)"
216.73.216.89 - - [22/Jun/2025:10:21:54 -0400] "GET /wp-includes/sitemaps/class-wp-sitemaps-registry.php HTTP/1.1" 200 - "-" "Mozilla/5.0 AppleWebKit/537.36 (KHTML, like Gecko; compatible; ClaudeBot/1.0; +claudebot@anthropic.com)"
